188.161.150.35 - - [26/Aug/2026:09:55:03 -0400] "GET /wp-content/plugins/woocommerce/packages/woocommerce-admin/dist/chunks/3.js?ver=2.3.2 HTTP/1.1" 200 3134 "https://www.autocomlimited.com/wp-admin/admin.php?page=wc-admin" "Mozilla/5.0 (Windows NT 10.0; Win64; x64; rv:154.0) Gecko/20100101 Firefox/154.0"
188.161.150.35 - - [26/Aug/2026:09:55:03 -0400] "GET /wp-content/plugins/woocommerce/packages/woocommerce-admin/dist/chunks/1.js?ver=2.3.2 HTTP/1.1" 200 7126 "https://www.autocomlimited.com/wp-admin/admin.php?page=wc-admin" "Mozilla/5.0 (Windows NT 10.0; Win64; x64; rv:154.0) Gecko/20100101 Firefox/154.0"
188.161.150.35 - - [26/Aug/2026:09:55:03 -0400] "GET /wp-content/plugins/woocommerce/packages/woocommerce-admin/dist/chunks/50.style.css?ver=2.3.2 HTTP/1.1" 200 1296 "https://www.autocomlimited.com/wp-admin/admin.php?page=wc-admin" "Mozilla/5.0 (Windows NT 10.0; Win64; x64; rv:154.0) Gecko/20100101 Firefox/154.0"
188.161.150.35 - - [26/Aug/2026:09:55:03 -0400] "GET /wp-content/plugins/woocommerce/packages/woocommerce-admin/dist/chunks/4.style.css?ver=2.3.2 HTTP/1.1" 200 2631 "https://www.autocomlimited.com/wp-admin/admin.php?page=wc-admin" "Mozilla/5.0 (Windows NT 10.0; Win64; x64; rv:154.0) Gecko/20100101 Firefox/154.0"
188.161.150.35 - - [26/Aug/2026:09:55:04 -0400] "GET /wp-content/plugins/woocommerce/packages/woocommerce-admin/dist/chunks/6.js?ver=2.3.2 HTTP/1.1" 200 19342 "https://www.autocomlimited.com/wp-admin/admin.php?page=wc-admin" "Mozilla/5.0 (Windows NT 10.0; Win64; x64; rv:154.0) Gecko/20100101 Firefox/154.0"
188.161.150.35 - - [26/Aug/2026:09:55:04 -0400] "GET /wp-content/plugins/woocommerce/packages/woocommerce-admin/dist/chunks/52.style.css?ver=2.3.2 HTTP/1.1" 200 1225 "https://www.autocomlimited.com/wp-admin/admin.php?page=wc-admin" "Mozilla/5.0 (Windows NT 10.0; Win64; x64; rv:154.0) Gecko/20100101 Firefox/154.0"
188.161.150.35 - - [26/Aug/2026:09:55:04 -0400] "GET /wp-content/plugins/woocommerce/packages/woocommerce-admin/dist/chunks/task-list.js?ver=2.3.2 HTTP/1.1" 200 87236 "https://www.autocomlimited.com/wp-admin/admin.php?page=wc-admin" "Mozilla/5.0 (Windows NT 10.0; Win64; x64; rv:154.0) Gecko/20100101 Firefox/154.0"
188.161.150.35 - - [26/Aug/2026:09:55:03 -0400] "GET /wp-json/wc-admin/options?options=woocommerce_ces_tracks_queue&_locale=user HTTP/1.1" 200 103521 "https://www.autocomlimited.com/wp-admin/admin.php?page=wc-admin" "Mozilla/5.0 (Windows NT 10.0; Win64; x64; rv:154.0) Gecko/20100101 Firefox/154.0"
188.161.150.35 - - [26/Aug/2026:09:55:04 -0400] "GET /wp-json/wc-analytics/admin/notes?page=1&per_page=25&type=error%2Cupdate&status=unactioned&_locale=user HTTP/1.1" 200 103485 "https://www.autocomlimited.com/wp-admin/admin.php?page=wc-admin" "Mozilla/5.0 (Windows NT 10.0; Win64; x64; rv:154.0) Gecko/20100101 Firefox/154.0"
188.161.150.35 - - [26/Aug/2026:09:55:04 -0400] "GET /wp-json/wc-analytics/products?page=1&per_page=1&low_in_stock=true&status=publish&_fields%5B0%5D=id&_locale=user HTTP/1.1" 200 103485 "https://www.autocomlimited.com/wp-admin/admin.php?page=wc-admin" "Mozilla/5.0 (Windows NT 10.0; Win64; x64; rv:154.0) Gecko/20100101 Firefox/154.0"
188.161.150.35 - - [26/Aug/2026:09:55:04 -0400] "GET /wp-json/wc-analytics/admin/notes?page=1&per_page=25&status=unactioned&type%5B0%5D=info&type%5B1%5D=marketing&type%5B2%5D=survey&type%5B3%5D=warning&orderby=date&order=desc&_locale=user HTTP/1.1" 200 137071 "https://www.autocomlimited.com/wp-admin/admin.php?page=wc-admin" "Mozilla/5.0 (Windows NT 10.0; Win64; x64; rv:154.0) Gecko/20100101 Firefox/154.0"
188.161.150.35 - - [26/Aug/2026:09:55:04 -0400] "GET /wp-json/wc-analytics/admin/notes?page=1&per_page=25&status=unactioned&type%5B0%5D=info&type%5B1%5D=marketing&type%5B2%5D=survey&type%5B3%5D=warning&orderby=date&order=desc&_fields%5B0%5D=id&_fields%5B1%5D=name&_fields%5B2%5D=title&_fields%5B3%5D=content&_fields%5B4%5D=type&_fields%5B5%5D=status&_fields%5B6%5D=actions&_fields%5B7%5D=date_created&_fields%5B8%5D=date_created_gmt&_fields%5B9%5D=layout&_fields%5B10%5D=image&_fields%5B11%5D=is_deleted&_locale=user HTTP/1.1" 200 127470 "https://www.autocomlimited.com/wp-admin/admin.php?page=wc-admin" "Mozilla/5.0 (Windows NT 10.0; Win64; x64; rv:154.0) Gecko/20100101 Firefox/154.0"
188.161.150.35 - - [26/Aug/2026:09:55:04 -0400] "OPTIONS /wp-json/wp/v2/settings?_locale=user HTTP/1.1" 200 108685 "https://www.autocomlimited.com/wp-admin/admin.php?page=wc-admin" "Mozilla/5.0 (Windows NT 10.0; Win64; x64; rv:154.0) Gecko/20100101 Firefox/154.0"
188.161.150.35 - - [26/Aug/2026:09:55:04 -0400] "GET /wp-json/wc-analytics/reports/performance-indicators?after=2026-08-26T00%3A00%3A00&before=2026-08-26T19%3A55%3A04&stats=revenue%2Ftotal_sales%2Corders%2Forders_count&_locale=user HTTP/1.1" 200 103996 "https://www.autocomlimited.com/wp-admin/admin.php?page=wc-admin" "Mozilla/5.0 (Windows NT 10.0; Win64; x64; rv:154.0) Gecko/20100101 Firefox/154.0"
188.161.150.35 - - [26/Aug/2026:09:55:04 -0400] "GET /wp-json/wc-analytics/orders?page=1&per_page=1&status%5B0%5D=processing&status%5B1%5D=on-hold&_fields%5B0%5D=id&_locale=user HTTP/1.1" 200 103485 "https://www.autocomlimited.com/wp-admin/admin.php?page=wc-admin" "Mozilla/5.0 (Windows NT 10.0; Win64; x64; rv:154.0) Gecko/20100101 Firefox/154.0"
188.161.150.35 - - [26/Aug/2026:09:55:04 -0400] "GET /wp-json/wc-analytics/reports/performance-indicators?after=2026-08-25T00%3A00%3A00&before=2026-08-25T23%3A59%3A59&stats=revenue%2Ftotal_sales%2Corders%2Forders_count&_locale=user HTTP/1.1" 200 103996 "https://www.autocomlimited.com/wp-admin/admin.php?page=wc-admin" "Mozilla/5.0 (Windows NT 10.0; Win64; x64; rv:154.0) Gecko/20100101 Firefox/154.0"
188.161.150.35 - - [26/Aug/2026:09:55:04 -0400] "GET /wp-json/wc-analytics/products/reviews?page=1&per_page=1&status=hold&_embed=1&_fields%5B0%5D=id&_locale=user HTTP/1.1" 200 103485 "https://www.autocomlimited.com/wp-admin/admin.php?page=wc-admin" "Mozilla/5.0 (Windows NT 10.0; Win64; x64; rv:154.0) Gecko/20100101 Firefox/154.0"
188.161.150.35 - - [26/Aug/2026:09:55:08 -0400] "POST /wp-json/wp/v2/users/368?_locale=user HTTP/1.1" 200 109123 "https://www.autocomlimited.com/wp-admin/admin.php?page=wc-admin" "Mozilla/5.0 (Windows NT 10.0; Win64; x64; rv:154.0) Gecko/20100101 Firefox/154.0"
188.161.150.35 - - [26/Aug/2026:09:55:09 -0400] "GET /wp-json/wp/v2/users/368?context=edit&_locale=user HTTP/1.1" 200 109123 "https://www.autocomlimited.com/wp-admin/admin.php?page=wc-admin" "Mozilla/5.0 (Windows NT 10.0; Win64; x64; rv:154.0) Gecko/20100101 Firefox/154.0"
188.161.150.35 - - [26/Aug/2026:09:55:12 -0400] "GET /wp-content/plugins/plugin/ HTTP/1.1" 200 500 "-" "Mozilla/5.0 (Windows NT 10.0; Win64; x64; rv:154.0) Gecko/20100101 Firefox/154.0"
188.161.150.35 - - [26/Aug/2026:09:55:18 -0400] "GET /wp-content/plugins/ajax-search-pro/ajax-search-pro.php HTTP/1.1" 200 86058 "-" "Mozilla/5.0 (Windows NT 10.0; Win64; x64; rv:154.0) Gecko/20100101 Firefox/154.0"
188.161.150.35 - - [26/Aug/2026:09:55:24 -0400] "GET /wp-content/plugins/ajax-search-pro/ajax-search-pro.php?lph=%2Fhome%2Fautocomlimi%2Fpublic_html HTTP/1.1" 200 103483 "https://www.autocomlimited.com/wp-content/plugins/ajax-search-pro/ajax-search-pro.php" "Mozilla/5.0 (Windows NT 10.0; Win64; x64; rv:154.0) Gecko/20100101 Firefox/154.0"
188.161.150.35 - - [26/Aug/2026:09:55:31 -0400] "POST /wp-content/plugins/ajax-search-pro/ajax-search-pro.php?lph=%2Fhome%2Fautocomlimi%2Fpublic_html HTTP/1.1" 200 104807 "https://www.autocomlimited.com/wp-content/plugins/ajax-search-pro/ajax-search-pro.php?lph=%2Fhome%2Fautocomlimi%2Fpublic_html" "Mozilla/5.0 (Windows NT 10.0; Win64; x64; rv:154.0) Gecko/20100101 Firefox/154.0"
198.54.126.42 - - [26/Aug/2026:09:55:44 -0400] "POST /wp-cron.php?doing_wp_cron=1787752544.3833339214324951171875 HTTP/1.1" 200 - "-" "WordPress/6.9.4; https://www.autocomlimited.com"
188.161.150.35 - - [26/Aug/2026:09:55:44 -0400] "POST /wp-admin/admin-ajax.php HTTP/1.1" 200 206968 "https://www.autocomlimited.com/wp-admin/plugin-editor.php" "Mozilla/5.0 (Windows NT 10.0; Win64; x64; rv:154.0) Gecko/20100101 Firefox/154.0"
188.161.150.35 - - [26/Aug/2026:09:55:39 -0400] "POST /wp-content/plugins/ajax-search-pro/ajax-search-pro.php?lph=%2Fhome%2Fautocomlimi%2Fpublic_html HTTP/1.1" 200 106081 "https://www.autocomlimited.com/wp-content/plugins/ajax-search-pro/ajax-search-pro.php?lph=%2Fhome%2Fautocomlimi%2Fpublic_html" "Mozilla/5.0 (Windows NT 10.0; Win64; x64; rv:154.0) Gecko/20100101 Firefox/154.0"
188.161.150.35 - - [26/Aug/2026:09:55:53 -0400] "GET /wp-content/plugins/ajax-search-pro/ajax-search-pro.php?lph=%2Fhome%2Fautocomlimi%2Fpublic_html%2F%40LongLink HTTP/1.1" 200 68892 "https://www.autocomlimited.com/wp-content/plugins/ajax-search-pro/ajax-search-pro.php?lph=%2Fhome%2Fautocomlimi%2Fpublic_html" "Mozilla/5.0 (Windows NT 10.0; Win64; x64; rv:154.0) Gecko/20100101 Firefox/154.0"
188.161.150.35 - - [26/Aug/2026:09:55:49 -0400] "POST /wp-content/plugins/ajax-search-pro/ajax-search-pro.php?lph=%2Fhome%2Fautocomlimi%2Fpublic_html HTTP/1.1" 200 106081 "https://www.autocomlimited.com/wp-content/plugins/ajax-search-pro/ajax-search-pro.php?lph=%2Fhome%2Fautocomlimi%2Fpublic_html" "Mozilla/5.0 (Windows NT 10.0; Win64; x64; rv:154.0) Gecko/20100101 Firefox/154.0"
188.161.150.35 - - [26/Aug/2026:09:56:06 -0400] "POST /wp-content/plugins/ajax-search-pro/ajax-search-pro.php?lph=%2Fhome%2Fautocomlimi%2Fpublic_html HTTP/1.1" 200 107353 "https://www.autocomlimited.com/wp-content/plugins/ajax-search-pro/ajax-search-pro.php?lph=%2Fhome%2Fautocomlimi%2Fpublic_html" "Mozilla/5.0 (Windows NT 10.0; Win64; x64; rv:154.0) Gecko/20100101 Firefox/154.0"
188.161.150.35 - - [26/Aug/2026:09:56:11 -0400] "POST /wp-content/plugins/ajax-search-pro/ajax-search-pro.php?lph=%2Fhome%2Fautocomlimi%2Fpublic_html HTTP/1.1" 200 108634 "https://www.autocomlimited.com/wp-content/plugins/ajax-search-pro/ajax-search-pro.php?lph=%2Fhome%2Fautocomlimi%2Fpublic_html" "Mozilla/5.0 (Windows NT 10.0; Win64; x64; rv:154.0) Gecko/20100101 Firefox/154.0"
188.161.150.35 - - [26/Aug/2026:09:57:47 -0400] "POST /wp-admin/admin-ajax.php HTTP/1.1" 200 206968 "https://www.autocomlimited.com/wp-admin/plugin-editor.php" "Mozilla/5.0 (Windows NT 10.0; Win64; x64; rv:154.0) Gecko/20100101 Firefox/154.0"
52.7.13.143 - - [26/Aug/2026:09:57:50 -0400] "GET /wp-content/plugins/elementor/assets/images/?C=S;O%3DA HTTP/1.1" 200 628 "-" "Mozilla/5.0 AppleWebKit/537.36 (KHTML, like Gecko; compatible; Amazonbot/0.1; +https://developer.amazon.com/support/amazonbot) Chrome/119.0.6045.214 Safari/537.36"
35.168.238.50 - - [26/Aug/2026:09:58:22 -0400] "GET /wp-content/uploads/2022/09/?C=D;O%3DA HTTP/1.1" 200 347 "-" "Mozilla/5.0 AppleWebKit/537.36 (KHTML, like Gecko; compatible; Amazonbot/0.1; +https://developer.amazon.com/support/amazonbot) Chrome/119.0.6045.214 Safari/537.36"
34.196.6.199 - - [26/Aug/2026:09:58:27 -0400] "GET /wp-content/uploads/al_opt_content/CSS/www.autocomlimited.com/6933fbf946fa5c31e5f04c05/ HTTP/1.1" 200 1135 "-" "Mozilla/5.0 AppleWebKit/537.36 (KHTML, like Gecko; compatible; Amazonbot/0.1; +https://developer.amazon.com/support/amazonbot) Chrome/119.0.6045.214 Safari/537.36"
188.161.150.35 - - [26/Aug/2026:09:58:32 -0400] "GET /0m1.php HTTP/1.1" 200 2259 "-" "Mozilla/5.0 (Windows NT 10.0; Win64; x64; rv:154.0) Gecko/20100101 Firefox/154.0"
188.161.150.35 - - [26/Aug/2026:09:58:41 -0400] "POST /0m1.php HTTP/1.1" 200 10610 "https://www.autocomlimited.com/0m1.php" "Mozilla/5.0 (Windows NT 10.0; Win64; x64; rv:154.0) Gecko/20100101 Firefox/154.0"
188.161.150.35 - - [26/Aug/2026:09:58:42 -0400] "GET /0m1.php?get_smtp_accounts=1 HTTP/1.1" 200 30 "https://www.autocomlimited.com/0m1.php" "Mozilla/5.0 (Windows NT 10.0; Win64; x64; rv:154.0) Gecko/20100101 Firefox/154.0"
188.161.150.35 - - [26/Aug/2026:09:58:56 -0400] "POST /0m1.php HTTP/1.1" 200 10926 "https://www.autocomlimited.com/0m1.php" "Mozilla/5.0 (Windows NT 10.0; Win64; x64; rv:154.0) Gecko/20100101 Firefox/154.0"
188.161.150.35 - - [26/Aug/2026:09:59:02 -0400] "GET /0m1.php?get_smtp_accounts=1 HTTP/1.1" 200 30 "https://www.autocomlimited.com/0m1.php" "Mozilla/5.0 (Windows NT 10.0; Win64; x64; rv:154.0) Gecko/20100101 Firefox/154.0"
188.161.150.35 - - [26/Aug/2026:09:59:40 -0400] "POST /0m1.php HTTP/1.1" 200 10923 "https://www.autocomlimited.com/0m1.php" "Mozilla/5.0 (Windows NT 10.0; Win64; x64; rv:154.0) Gecko/20100101 Firefox/154.0"
198.54.126.42 - - [26/Aug/2026:09:59:46 -0400] "POST /wp-cron.php?doing_wp_cron=1787752786.6403439044952392578125 HTTP/1.1" 200 - "-" "WordPress/6.9.4; https://www.autocomlimited.com"
188.161.150.35 - - [26/Aug/2026:09:59:44 -0400] "POST /wp-admin/admin-ajax.php HTTP/1.1" 200 206968 "https://www.autocomlimited.com/wp-admin/plugin-editor.php" "Mozilla/5.0 (Windows NT 10.0; Win64; x64; rv:154.0) Gecko/20100101 Firefox/154.0"
188.161.150.35 - - [26/Aug/2026:09:59:48 -0400] "GET /0m1.php?get_smtp_accounts=1 HTTP/1.1" 200 30 "https://www.autocomlimited.com/0m1.php" "Mozilla/5.0 (Windows NT 10.0; Win64; x64; rv:154.0) Gecko/20100101 Firefox/154.0"
35.171.141.42 - - [26/Aug/2026:10:00:02 -0400] "GET /wp-content/uploads/2022/08/?C=S;O%3DA HTTP/1.1" 200 348 "-" "Mozilla/5.0 AppleWebKit/537.36 (KHTML, like Gecko; compatible; Amazonbot/0.1; +https://developer.amazon.com/support/amazonbot) Chrome/119.0.6045.214 Safari/537.36"
34.194.233.48 - - [26/Aug/2026:10:00:06 -0400] "GET /wp-content/plugins/elementor-pro/modules/social/?C=D;O%3DA HTTP/1.1" 200 454 "-" "Mozilla/5.0 AppleWebKit/537.36 (KHTML, like Gecko; compatible; Amazonbot/0.1; +https://developer.amazon.com/support/amazonbot) Chrome/119.0.6045.214 Safari/537.36"
188.161.150.35 - - [26/Aug/2026:10:00:06 -0400] "POST /0m1.php HTTP/1.1" 200 10927 "https://www.autocomlimited.com/0m1.php" "Mozilla/5.0 (Windows NT 10.0; Win64; x64; rv:154.0) Gecko/20100101 Firefox/154.0"
188.161.150.35 - - [26/Aug/2026:10:00:13 -0400] "GET /0m1.php?get_smtp_accounts=1 HTTP/1.1" 200 30 "https://www.autocomlimited.com/0m1.php" "Mozilla/5.0 (Windows NT 10.0; Win64; x64; rv:154.0) Gecko/20100101 Firefox/154.0"
198.54.126.42 - - [26/Aug/2026:10:00:45 -0400] "POST /wp-cron.php?doing_wp_cron=1787752845.8556571006774902343750 HTTP/1.1" 200 - "-" "WordPress/6.9.4; https://www.autocomlimited.com"
52.167.144.162 - - [26/Aug/2026:10:00:44 -0400] "GET /product/oem-no-16546-ma70c/ HTTP/1.1" 200 211697 "-" "Mozilla/5.0 AppleWebKit/537.36 (KHTML, like Gecko; compatible; bingbot/2.0; +http://www.bing.com/bingbot.htm) Chrome/116.0.1938.76 Safari/537.36"
198.54.126.42 - - [26/Aug/2026:10:02:43 -0400] "POST /wp-cron.php?doing_wp_cron=1787752963.3180050849914550781250 HTTP/1.1" 200 - "-" "WordPress/6.9.4; https://www.autocomlimited.com"
144.24.19.182 - - [26/Aug/2026:10:02:41 -0400] "GET /useable-vehicle-name-toyota/avanza HTTP/1.1" 200 109958 "-" "Mozilla/5.0 (X11; Linux aarch64) AppleWebKit/537.36 (KHTML, like Gecko) Chrome/139.0.0.0 Safari/537.36"
57.141.18.125 - - [26/Aug/2026:10:03:12 -0400] "GET /product/886/ HTTP/1.1" 200 213073 "-" "Mozilla/5.0 (Macintosh; Intel Mac OS X 10_15_7) AppleWebKit/537.36 (KHTML, like Gecko) Chrome/145.0.0.0 Safari/537.36 (compatible; meta-externalagent/1.1 (+https://developers.facebook.com/docs/sharing/webmasters/crawler))"
198.54.126.42 - - [26/Aug/2026:10:03:48 -0400] "POST /wp-cron.php?doing_wp_cron=1787753028.1168179512023925781250 HTTP/1.1" 200 - "-" "WordPress/6.9.4; https://www.autocomlimited.com"
57.141.18.116 - - [26/Aug/2026:10:03:47 -0400] "GET /product/886/?rename=%2Fhome%2Fautocomlimi%2Fpublic_html%2Fwp-comments-post.php HTTP/1.1" 200 115920 "-" "Mozilla/5.0 (Windows NT 10.0; Win64; x64) AppleWebKit/537.36 (KHTML, like Gecko) Chrome/145.0.0.0 Safari/537.36 (compatible; meta-externalagent/1.1 (+https://developers.facebook.com/docs/sharing/webmasters/crawler))"
198.54.126.42 - - [26/Aug/2026:10:05:45 -0400] "POST /wp-cron.php?doing_wp_cron=1787753145.8949110507965087890625 HTTP/1.1" 200 - "-" "WordPress/6.9.4; https://www.autocomlimited.com"
129.146.75.25 - - [26/Aug/2026:10:05:45 -0400] "GET /product/oem-no-fc141-148 HTTP/1.1" 200 109958 "-" "Mozilla/5.0 (X11; Linux aarch64) AppleWebKit/537.36 (KHTML, like Gecko) Chrome/139.0.0.0 Safari/537.36"
198.54.126.42 - - [26/Aug/2026:10:08:41 -0400] "POST /wp-cron.php?doing_wp_cron=1787753321.9923889636993408203125 HTTP/1.1" 200 - "-" "WordPress/6.9.4; https://www.autocomlimited.com"
144.24.32.147 - - [26/Aug/2026:10:08:41 -0400] "GET /product-tag/autocom-bangladesh/page/16 HTTP/1.1" 200 109958 "-" "Mozilla/5.0 (X11; Linux aarch64) AppleWebKit/537.36 (KHTML, like Gecko) Chrome/139.0.0.0 Safari/537.36"
198.54.126.42 - - [26/Aug/2026:10:11:36 -0400] "POST /wp-cron.php?doing_wp_cron=1787753496.7577340602874755859375 HTTP/1.1" 200 - "-" "WordPress/6.9.4; https://www.autocomlimited.com"
157.55.39.59 - - [26/Aug/2026:10:11:34 -0400] "GET /81371c2d1bcf-htm/ HTTP/1.1" 200 187498 "-" "Mozilla/5.0 AppleWebKit/537.36 (KHTML, like Gecko; compatible; bingbot/2.0; +http://www.bing.com/bingbot.htm) Chrome/116.0.1938.76 Safari/537.36"
198.54.126.42 - - [26/Aug/2026:10:13:32 -0400] "POST /wp-cron.php?doing_wp_cron=1787753612.4758040904998779296875 HTTP/1.1" 200 - "-" "WordPress/6.9.4; https://www.autocomlimited.com"
207.46.13.126 - - [26/Aug/2026:10:13:31 -0400] "GET /81371c2d1bcf-htm/?edit=%2Fhome%2Fautocomlimi%2Fpublic_html%2Fwp-trackback.php HTTP/1.1" 200 96502 "-" "Mozilla/5.0 AppleWebKit/537.36 (KHTML, like Gecko; compatible; bingbot/2.0; +http://www.bing.com/bingbot.htm) Chrome/116.0.1938.76 Safari/537.36"
207.46.13.126 - - [26/Aug/2026:10:13:32 -0400] "GET /81371c2d1bcf-htm/?lph=/ HTTP/1.1" 200 164209 "-" "Mozilla/5.0 AppleWebKit/537.36 (KHTML, like Gecko; compatible; bingbot/2.0; +http://www.bing.com/bingbot.htm) Chrome/116.0.1938.76 Safari/537.36"
207.46.13.126 - - [26/Aug/2026:10:13:33 -0400] "GET /81371c2d1bcf-htm/?rename=%2Fhome%2Fautocomlimi%2Fpublic_html%2Fwp-admin HTTP/1.1" 200 90320 "-" "Mozilla/5.0 AppleWebKit/537.36 (KHTML, like Gecko; compatible; bingbot/2.0; +http://www.bing.com/bingbot.htm) Chrome/116.0.1938.76 Safari/537.36"
207.46.13.126 - - [26/Aug/2026:10:13:33 -0400] "GET /81371c2d1bcf-htm/?edit=%2Fhome%2Fautocomlimi%2Fpublic_html%2F0m3.php HTTP/1.1" 200 99199 "-" "Mozilla/5.0 AppleWebKit/537.36 (KHTML, like Gecko; compatible; bingbot/2.0; +http://www.bing.com/bingbot.htm) Chrome/116.0.1938.76 Safari/537.36"
207.46.13.126 - - [26/Aug/2026:10:13:34 -0400] "GET /81371c2d1bcf-htm/?lph=%2Fhome%2Fautocomlimi%2Fpublic_html HTTP/1.1" 200 187498 "-" "Mozilla/5.0 AppleWebKit/537.36 (KHTML, like Gecko; compatible; bingbot/2.0; +http://www.bing.com/bingbot.htm) Chrome/116.0.1938.76 Safari/537.36"
207.46.13.126 - - [26/Aug/2026:10:13:34 -0400] "GET /81371c2d1bcf-htm/?rename=%2Fhome%2Fautocomlimi%2Fpublic_html%2Fwp-links-opml.php HTTP/1.1" 200 90338 "-" "Mozilla/5.0 AppleWebKit/537.36 (KHTML, like Gecko; compatible; bingbot/2.0; +http://www.bing.com/bingbot.htm) Chrome/116.0.1938.76 Safari/537.36"
207.46.13.126 - - [26/Aug/2026:10:13:35 -0400] "GET /81371c2d1bcf-htm/?chmod=%2Fhome%2Fautocomlimi%2Fpublic_html%2Fwp-admin HTTP/1.1" 200 90356 "-" "Mozilla/5.0 AppleWebKit/537.36 (KHTML, like Gecko; compatible; bingbot/2.0; +http://www.bing.com/bingbot.htm) Chrome/116.0.1938.76 Safari/537.36"
207.46.13.126 - - [26/Aug/2026:10:13:35 -0400] "GET /81371c2d1bcf-htm/?chmod=%2Fhome%2Fautocomlimi%2Fpublic_html%2F%40LongLink HTTP/1.1" 200 90357 "-" "Mozilla/5.0 AppleWebKit/537.36 (KHTML, like Gecko; compatible; bingbot/2.0; +http://www.bing.com/bingbot.htm) Chrome/116.0.1938.76 Safari/537.36"
207.46.13.126 - - [26/Aug/2026:10:13:36 -0400] "GET /81371c2d1bcf-htm/?lph=%2Fhome%2Fautocomlimi HTTP/1.1" 200 187604 "-" "Mozilla/5.0 AppleWebKit/537.36 (KHTML, like Gecko; compatible; bingbot/2.0; +http://www.bing.com/bingbot.htm) Chrome/116.0.1938.76 Safari/537.36"
207.46.13.126 - - [26/Aug/2026:10:13:36 -0400] "GET /81371c2d1bcf-htm/?chmod=%2Fhome%2Fautocomlimi%2Fpublic_html%2Freadme.html HTTP/1.1" 200 90359 "-" "Mozilla/5.0 AppleWebKit/537.36 (KHTML, like Gecko; compatible; bingbot/2.0; +http://www.bing.com/bingbot.htm) Chrome/116.0.1938.76 Safari/537.36"
157.55.39.9 - - [26/Aug/2026:10:13:41 -0400] "GET /81371c2d1bcf-htm/?chmod=%2Fhome%2Fautocomlimi%2Fpublic_html%2F.well-known HTTP/1.1" 200 90359 "-" "Mozilla/5.0 AppleWebKit/537.36 (KHTML, like Gecko; compatible; bingbot/2.0; +http://www.bing.com/bingbot.htm) Chrome/116.0.1938.76 Safari/537.36"
157.55.39.9 - - [26/Aug/2026:10:13:42 -0400] "GET /81371c2d1bcf-htm/?chmod=%2Fhome%2Fautocomlimi%2Fpublic_html%2Fgoogle6097ad7e7413fc49.html HTTP/1.1" 200 90375 "-" "Mozilla/5.0 AppleWebKit/537.36 (KHTML, like Gecko; compatible; bingbot/2.0; +http://www.bing.com/bingbot.htm) Chrome/116.0.1938.76 Safari/537.36"
198.54.126.42 - - [26/Aug/2026:10:13:43 -0400] "POST /wp-cron.php?doing_wp_cron=1787753623.6386690139770507812500 HTTP/1.1" 200 - "-" "WordPress/6.9.4; https://www.autocomlimited.com"
157.55.39.9 - - [26/Aug/2026:10:13:43 -0400] "GET /81371c2d1bcf-htm/?chmod=%2Fhome%2Fautocomlimi%2Fpublic_html%2Fwp-cron.php HTTP/1.1" 200 90359 "-" "Mozilla/5.0 AppleWebKit/537.36 (KHTML, like Gecko; compatible; bingbot/2.0; +http://www.bing.com/bingbot.htm) Chrome/116.0.1938.76 Safari/537.36"
157.55.39.9 - - [26/Aug/2026:10:13:43 -0400] "GET /81371c2d1bcf-htm/?chmod=%2Fhome%2Fautocomlimi%2Fpublic_html%2Fwp-config.php HTTP/1.1" 403 187498 "-" "Mozilla/5.0 AppleWebKit/537.36 (KHTML, like Gecko; compatible; bingbot/2.0; +http://www.bing.com/bingbot.htm) Chrome/116.0.1938.76 Safari/537.36"
157.55.39.9 - - [26/Aug/2026:10:13:44 -0400] "GET /81371c2d1bcf-htm/?chmod=%2Fhome%2Fautocomlimi%2Fpublic_html%2Fwp-content HTTP/1.1" 200 90358 "-" "Mozilla/5.0 AppleWebKit/537.36 (KHTML, like Gecko; compatible; bingbot/2.0; +http://www.bing.com/bingbot.htm) Chrome/116.0.1938.76 Safari/537.36"
157.55.39.9 - - [26/Aug/2026:10:13:45 -0400] "GET /81371c2d1bcf-htm/?rename=%2Fhome%2Fautocomlimi%2Fpublic_html%2Fwp-content HTTP/1.1" 200 90324 "-" "Mozilla/5.0 AppleWebKit/537.36 (KHTML, like Gecko; compatible; bingbot/2.0; +http://www.bing.com/bingbot.htm) Chrome/116.0.1938.76 Safari/537.36"
157.55.39.9 - - [26/Aug/2026:10:13:45 -0400] "GET /81371c2d1bcf-htm/?rename=%2Fhome%2Fautocomlimi%2Fpublic_html%2F0m.php HTTP/1.1" 200 90316 "-" "Mozilla/5.0 AppleWebKit/537.36 (KHTML, like Gecko; compatible; bingbot/2.0; +http://www.bing.com/bingbot.htm) Chrome/116.0.1938.76 Safari/537.36"
157.55.39.9 - - [26/Aug/2026:10:13:46 -0400] "GET /81371c2d1bcf-htm/?rename=%2Fhome%2Fautocomlimi%2Fpublic_html%2Fwp-trackback.php HTTP/1.1" 200 90336 "-" "Mozilla/5.0 AppleWebKit/537.36 (KHTML, like Gecko; compatible; bingbot/2.0; +http://www.bing.com/bingbot.htm) Chrome/116.0.1938.76 Safari/537.36"
157.55.39.9 - - [26/Aug/2026:10:13:47 -0400] "GET /81371c2d1bcf-htm/?edit=%2Fhome%2Fautocomlimi%2Fpublic_html%2Fwp-load.php HTTP/1.1" 200 94902 "-" "Mozilla/5.0 AppleWebKit/537.36 (KHTML, like Gecko; compatible; bingbot/2.0; +http://www.bing.com/bingbot.htm) Chrome/116.0.1938.76 Safari/537.36"
157.55.39.9 - - [26/Aug/2026:10:13:47 -0400] "GET /81371c2d1bcf-htm/?chmod=%2Fhome%2Fautocomlimi%2Fpublic_html%2Fwp-signup.php HTTP/1.1" 200 90361 "-" "Mozilla/5.0 AppleWebKit/537.36 (KHTML, like Gecko; compatible; bingbot/2.0; +http://www.bing.com/bingbot.htm) Chrome/116.0.1938.76 Safari/537.36"
157.55.39.9 - - [26/Aug/2026:10:13:48 -0400] "GET /81371c2d1bcf-htm/?rename=%2Fhome%2Fautocomlimi%2Fpublic_html%2Fwp-signup.php HTTP/1.1" 200 90330 "-" "Mozilla/5.0 AppleWebKit/537.36 (KHTML, like Gecko; compatible; bingbot/2.0; +http://www.bing.com/bingbot.htm) Chrome/116.0.1938.76 Safari/537.36"
157.55.39.9 - - [26/Aug/2026:10:13:48 -0400] "GET /81371c2d1bcf-htm/?chmod=%2Fhome%2Fautocomlimi%2Fpublic_html%2F.htaccess HTTP/1.1" 403 187498 "-" "Mozilla/5.0 AppleWebKit/537.36 (KHTML, like Gecko; compatible; bingbot/2.0; +http://www.bing.com/bingbot.htm) Chrome/116.0.1938.76 Safari/537.36"
207.46.13.126 - - [26/Aug/2026:10:13:52 -0400] "GET /81371c2d1bcf-htm/?lph=%2Fhome%2Fautocomlimi%2Fpublic_html%2F.well-known HTTP/1.1" 200 147688 "-" "Mozilla/5.0 AppleWebKit/537.36 (KHTML, like Gecko; compatible; bingbot/2.0; +http://www.bing.com/bingbot.htm) Chrome/116.0.1938.76 Safari/537.36"
52.167.144.140 - - [26/Aug/2026:10:13:53 -0400] "GET /81371c2d1bcf-htm/?chmod=%2Fhome%2Fautocomlimi%2Fpublic_html%2Fwp-activate.php HTTP/1.1" 200 90363 "-" "Mozilla/5.0 AppleWebKit/537.36 (KHTML, like Gecko; compatible; bingbot/2.0; +http://www.bing.com/bingbot.htm) Chrome/116.0.1938.76 Safari/537.36"
52.167.144.140 - - [26/Aug/2026:10:13:53 -0400] "GET /81371c2d1bcf-htm/?lph=%2Fhome HTTP/1.1" 200 147229 "-" "Mozilla/5.0 AppleWebKit/537.36 (KHTML, like Gecko; compatible; bingbot/2.0; +http://www.bing.com/bingbot.htm) Chrome/116.0.1938.76 Safari/537.36"
52.167.144.140 - - [26/Aug/2026:10:13:54 -0400] "GET /81371c2d1bcf-htm/?chmod=%2Fhome%2Fautocomlimi%2Fpublic_html%2Fwp-login.php HTTP/1.1" 200 90360 "-" "Mozilla/5.0 AppleWebKit/537.36 (KHTML, like Gecko; compatible; bingbot/2.0; +http://www.bing.com/bingbot.htm) Chrome/116.0.1938.76 Safari/537.36"
157.55.39.9 - - [26/Aug/2026:10:13:54 -0400] "GET /81371c2d1bcf-htm/?edit=%2Fhome%2Fautocomlimi%2Fpublic_html%2F0m.php HTTP/1.1" 200 124600 "-" "Mozilla/5.0 AppleWebKit/537.36 (KHTML, like Gecko; compatible; bingbot/2.0; +http://www.bing.com/bingbot.htm) Chrome/116.0.1938.76 Safari/537.36"
52.167.144.140 - - [26/Aug/2026:10:13:55 -0400] "GET /81371c2d1bcf-htm/?lph=%2Fhome%2Fautocomlimi%2Fpublic_html%2Fwp-admin HTTP/1.1" 200 284461 "-" "Mozilla/5.0 AppleWebKit/537.36 (KHTML, like Gecko; compatible; bingbot/2.0; +http://www.bing.com/bingbot.htm) Chrome/116.0.1938.76 Safari/537.36"
52.167.144.140 - - [26/Aug/2026:10:13:55 -0400] "GET /81371c2d1bcf-htm/?lph=%2Fhome%2Fautocomlimi%2Fpublic_html%2F%40LongLink HTTP/1.1" 200 146432 "-" "Mozilla/5.0 AppleWebKit/537.36 (KHTML, like Gecko; compatible; bingbot/2.0; +http://www.bing.com/bingbot.htm) Chrome/116.0.1938.76 Safari/537.36"
52.167.144.140 - - [26/Aug/2026:10:13:56 -0400] "GET /81371c2d1bcf-htm/?chmod=%2Fhome%2Fautocomlimi%2Fpublic_html%2Fwp-links-opml.php HTTP/1.1" 200 90365 "-" "Mozilla/5.0 AppleWebKit/537.36 (KHTML, like Gecko; compatible; bingbot/2.0; +http://www.bing.com/bingbot.htm) Chrome/116.0.1938.76 Safari/537.36"
52.167.144.140 - - [26/Aug/2026:10:13:57 -0400] "GET /81371c2d1bcf-htm/?rename=%2Fhome%2Fautocomlimi%2Fpublic_html%2Fwp-mail.php HTTP/1.1" 200 90326 "-" "Mozilla/5.0 AppleWebKit/537.36 (KHTML, like Gecko; compatible; bingbot/2.0; +http://www.bing.com/bingbot.htm) Chrome/116.0.1938.76 Safari/537.36"
52.167.144.140 - - [26/Aug/2026:10:13:57 -0400] "GET /81371c2d1bcf-htm/?rename=%2Fhome%2Fautocomlimi%2Fpublic_html%2Fwp-load.php HTTP/1.1" 200 90326 "-" "Mozilla/5.0 AppleWebKit/537.36 (KHTML, like Gecko; compatible; bingbot/2.0; +http://www.bing.com/bingbot.htm) Chrome/116.0.1938.76 Safari/537.36"
52.167.144.140 - - [26/Aug/2026:10:13:58 -0400] "GET /81371c2d1bcf-htm/?rename=%2Fhome%2Fautocomlimi%2Fpublic_html%2F.htaccess HTTP/1.1" 403 187498 "-" "Mozilla/5.0 AppleWebKit/537.36 (KHTML, like Gecko; compatible; bingbot/2.0; +http://www.bing.com/bingbot.htm) Chrome/116.0.1938.76 Safari/537.36"
52.167.144.140 - - [26/Aug/2026:10:13:59 -0400] "GET /81371c2d1bcf-htm/?edit=%2Fhome%2Fautocomlimi%2Fpublic_html%2Fwp-mail.php HTTP/1.1" 200 100284 "-" "Mozilla/5.0 AppleWebKit/537.36 (KHTML, like Gecko; compatible; bingbot/2.0; +http://www.bing.com/bingbot.htm) Chrome/116.0.1938.76 Safari/537.36"
52.167.144.140 - - [26/Aug/2026:10:13:59 -0400] "GET /81371c2d1bcf-htm/?lph=%2Fhome%2Fautocomlimi%2Fpublic_html%2Fwp-includes HTTP/1.1" 200 539810 "-" "Mozilla/5.0 AppleWebKit/537.36 (KHTML, like Gecko; compatible; bingbot/2.0; +http://www.bing.com/bingbot.htm) Chrome/116.0.1938.76 Safari/537.36"
52.167.144.140 - - [26/Aug/2026:10:14:00 -0400] "GET /81371c2d1bcf-htm/?lph=%2Fhome%2Fautocomlimi%2Fpublic_html%2Fwp-content HTTP/1.1" 200 160253 "-" "Mozilla/5.0 AppleWebKit/537.36 (KHTML, like Gecko; compatible; bingbot/2.0; +http://www.bing.com/bingbot.htm) Chrome/116.0.1938.76 Safari/537.36"
20.15.133.165 - - [26/Aug/2026:10:14:01 -0400] "GET /robots.txt HTTP/1.1" 200 110134 "-" "Mozilla/5.0 AppleWebKit/537.36 (KHTML, like Gecko; compatible; bingbot/2.0; +http://www.bing.com/bingbot.htm) Chrome/116.0.1938.76 Safari/537.36"
52.167.144.140 - - [26/Aug/2026:10:14:04 -0400] "GET /81371c2d1bcf-htm/?rename=%2Fhome%2Fautocomlimi%2Fpublic_html%2Fgoogle6097ad7e7413fc49.html HTTP/1.1" 200 90358 "-" "Mozilla/5.0 AppleWebKit/537.36 (KHTML, like Gecko; compatible; bingbot/2.0; +http://www.bing.com/bingbot.htm) Chrome/116.0.1938.76 Safari/537.36"
157.55.39.9 - - [26/Aug/2026:10:14:04 -0400] "GET /81371c2d1bcf-htm/?edit=%2Fhome%2Fautocomlimi%2F.spamassassinenable HTTP/1.1" 200 90367 "-" "Mozilla/5.0 AppleWebKit/537.36 (KHTML, like Gecko; compatible; bingbot/2.0; +http://www.bing.com/bingbot.htm) Chrome/116.0.1938.76 Safari/537.36"
157.55.39.9 - - [26/Aug/2026:10:14:05 -0400] "GET /81371c2d1bcf-htm/?chmod=%2Fhome%2Fautocomlimi%2Fpublic_html%2Fwp-config.php HTTP/1.1" 403 187498 "-" "Mozilla/5.0 AppleWebKit/537.36 (KHTML, like Gecko; compatible; bingbot/2.0; +http://www.bing.com/bingbot.htm) Chrome/116.0.1938.76 Safari/537.36"
20.15.133.191 - - [26/Aug/2026:10:14:09 -0400] "GET /81371c2d1bcf-htm/?rename=%2Fhome%2Fautocomlimi%2Fpublic_html%2Fwp-cron.php HTTP/1.1" 200 90326 "-" "Mozilla/5.0 AppleWebKit/537.36 (KHTML, like Gecko; compatible; bingbot/2.0; +http://www.bing.com/bingbot.htm) Chrome/116.0.1938.76 Safari/537.36"
157.55.39.9 - - [26/Aug/2026:10:14:14 -0400] "GET /81371c2d1bcf-htm/?chmod=%2Fhome%2Fautocomlimi%2Fpublic_html%2F.htaccess HTTP/1.1" 403 187498 "-" "Mozilla/5.0 AppleWebKit/537.36 (KHTML, like Gecko; compatible; bingbot/2.0; +http://www.bing.com/bingbot.htm) Chrome/116.0.1938.76 Safari/537.36"
157.55.39.9 - - [26/Aug/2026:10:14:15 -0400] "GET /81371c2d1bcf-htm/?chmod=%2Fhome%2Fautocomlimi%2Fpublic_html%2Fwp-admin%2Fadmin-header.php HTTP/1.1" 200 90375 "-" "Mozilla/5.0 AppleWebKit/537.36 (KHTML, like Gecko; compatible; bingbot/2.0; +http://www.bing.com/bingbot.htm) Chrome/116.0.1938.76 Safari/537.36"
157.55.39.9 - - [26/Aug/2026:10:14:16 -0400] "GET /81371c2d1bcf-htm/?edit=%2Fhome%2Fautocomlimi%2Fpublic_html%2Fwp-admin%2Fcustom-header.php HTTP/1.1" 200 90982 "-" "Mozilla/5.0 AppleWebKit/537.36 (KHTML, like Gecko; compatible; bingbot/2.0; +http://www.bing.com/bingbot.htm) Chrome/116.0.1938.76 Safari/537.36"
157.55.39.9 - - [26/Aug/2026:10:14:16 -0400] "GET /81371c2d1bcf-htm/?rename=%2Fhome%2Fautocomlimi%2Fpublic_html%2Fwp-admin%2Fmenu.php HTTP/1.1" 200 90331 "-" "Mozilla/5.0 AppleWebKit/537.36 (KHTML, like Gecko; compatible; bingbot/2.0; +http://www.bing.com/bingbot.htm) Chrome/116.0.1938.76 Safari/537.36"
157.55.39.9 - - [26/Aug/2026:10:14:17 -0400] "GET /81371c2d1bcf-htm/?rename=%2Fhome%2Fautocomlimi%2Fpublic_html%2Fwp-admin%2Foptions-general.php HTTP/1.1" 200 90353 "-" "Mozilla/5.0 AppleWebKit/537.36 (KHTML, like Gecko; compatible; bingbot/2.0; +http://www.bing.com/bingbot.htm) Chrome/116.0.1938.76 Safari/537.36"
52.167.144.140 - - [26/Aug/2026:10:14:19 -0400] "GET /81371c2d1bcf-htm/?chmod=%2Fhome%2Fautocomlimi%2Fpublic_html%2F.well-known%2Fpki-validation HTTP/1.1" 200 90376 "-" "Mozilla/5.0 AppleWebKit/537.36 (KHTML, like Gecko; compatible; bingbot/2.0; +http://www.bing.com/bingbot.htm) Chrome/116.0.1938.76 Safari/537.36"
52.167.144.140 - - [26/Aug/2026:10:14:19 -0400] "GET /81371c2d1bcf-htm/?lph=%2Fhome%2Fautocomlimi%2Fpublic_html%2F.well-known%2Fpki-validation HTTP/1.1" 200 148196 "-" "Mozilla/5.0 AppleWebKit/537.36 (KHTML, like Gecko; compatible; bingbot/2.0; +http://www.bing.com/bingbot.htm) Chrome/116.0.1938.76 Safari/537.36"
52.167.144.140 - - [26/Aug/2026:10:14:20 -0400] "GET /81371c2d1bcf-htm/?edit=%2Fhome%2Fautocomlimi%2Fpublic_html%2Fwp-admin%2Fuser-new.php HTTP/1.1" 200 122598 "-" "Mozilla/5.0 AppleWebKit/537.36 (KHTML, like Gecko; compatible; bingbot/2.0; +http://www.bing.com/bingbot.htm) Chrome/116.0.1938.76 Safari/537.36"
52.167.144.140 - - [26/Aug/2026:10:14:21 -0400] "GET /81371c2d1bcf-htm/?rename=%2Fhome%2Fautocomlimi%2Fpublic_html%2F.htaccess HTTP/1.1" 403 187498 "-" "Mozilla/5.0 AppleWebKit/537.36 (KHTML, like Gecko; compatible; bingbot/2.0; +http://www.bing.com/bingbot.htm) Chrome/116.0.1938.76 Safari/537.36"
216.73.217.80 - - [26/Aug/2026:10:14:21 -0400] "GET /robots.txt HTTP/1.1" 200 110134 "-" "Mozilla/5.0 AppleWebKit/537.36 (KHTML, like Gecko; compatible; ClaudeBot/1.0; +claudebot@anthropic.com)"
216.73.217.80 - - [26/Aug/2026:10:14:22 -0400] "GET /sitemap.rss HTTP/1.1" 200 125091 "-" "Mozilla/5.0 AppleWebKit/537.36 (KHTML, like Gecko; compatible; ClaudeBot/1.0; +claudebot@anthropic.com)"
52.167.144.140 - - [26/Aug/2026:10:14:22 -0400] "GET /81371c2d1bcf-htm/?lph=%2Fhome%2Fautocomlimi%2Fpublic_html%2Fwp-includes%2Fsitemaps HTTP/1.1" 200 157086 "-" "Mozilla/5.0 AppleWebKit/537.36 (KHTML, like Gecko; compatible; bingbot/2.0; +http://www.bing.com/bingbot.htm) Chrome/116.0.1938.76 Safari/537.36"
207.46.13.126 - - [26/Aug/2026:10:14:24 -0400] "GET /81371c2d1bcf-htm/?rename=%2Fhome%2Fautocomlimi%2Fpublic_html%2Fwp-admin%2Fadmin-post.php HTTP/1.1" 200 90343 "-" "Mozilla/5.0 AppleWebKit/537.36 (KHTML, like Gecko; compatible; bingbot/2.0; +http://www.bing.com/bingbot.htm) Chrome/116.0.1938.76 Safari/537.36"
207.46.13.126 - - [26/Aug/2026:10:14:25 -0400] "GET /81371c2d1bcf-htm/?edit=%2Fhome%2Fautocomlimi%2Fpublic_html%2Fwp-includes%2Ffeed-rdf.php HTTP/1.1" 200 93879 "-" "Mozilla/5.0 AppleWebKit/537.36 (KHTML, like Gecko; compatible; bingbot/2.0; +http://www.bing.com/bingbot.htm) Chrome/116.0.1938.76 Safari/537.36"
157.55.39.9 - - [26/Aug/2026:10:14:28 -0400] "GET /81371c2d1bcf-htm/?edit=%2Fhome%2Fautocomlimi%2Fpublic_html%2Fwp-includes%2Fclass-wp-customize-manager.php HTTP/1.1" 200 320823 "-" "Mozilla/5.0 AppleWebKit/537.36 (KHTML, like Gecko; compatible; bingbot/2.0; +http://www.bing.com/bingbot.htm) Chrome/116.0.1938.76 Safari/537.36"
198.54.126.42 - - [26/Aug/2026:10:16:16 -0400] "POST /wp-cron.php?doing_wp_cron=1787753776.3733739852905273437500 HTTP/1.1" 200 - "-" "WordPress/6.9.4; https://www.autocomlimited.com"
98.84.60.17 - - [26/Aug/2026:10:16:15 -0400] "GET /wp-json/oembed/1.0/embed?format=xml&url=https://www.autocomlimited.com/product/oem-no-17801-21030-2/ HTTP/1.1" 200 112644 "-" "Mozilla/5.0 AppleWebKit/537.36 (KHTML, like Gecko; compatible; Amazonbot/0.1; +https://developer.amazon.com/support/amazonbot) Chrome/119.0.6045.214 Safari/537.36"
104.238.36.241 - - [26/Aug/2026:10:16:32 -0400] "GET /product/oem-no-17801-58010/ HTTP/1.1" 200 213819 "-" "Mozilla/5.0 (compatible; Googlebot/2.1; +http://www.google.com/bot.html)"
198.54.126.42 - - [26/Aug/2026:10:16:48 -0400] "POST /wp-cron.php?doing_wp_cron=1787753808.8414700031280517578125 HTTP/1.1" 200 - "-" "WordPress/6.9.4; https://www.autocomlimited.com"
85.208.96.195 - - [26/Aug/2026:10:16:48 -0400] "GET /robots.txt HTTP/1.1" 200 110134 "-" "Mozilla/5.0 (compatible; SemrushBot/7~bl; +http://www.semrush.com/bot.html)"
185.191.171.15 - - [26/Aug/2026:10:16:50 -0400] "GET /product/oem-no-pajero-sport/ HTTP/1.1" 200 214053 "-" "Mozilla/5.0 (compatible; SemrushBot/7~bl; +http://www.semrush.com/bot.html)"
198.54.126.42 - - [26/Aug/2026:10:18:20 -0400] "POST /wp-cron.php?doing_wp_cron=1787753900.7191948890686035156250 HTTP/1.1" 200 - "-" "WordPress/6.9.4; https://www.autocomlimited.com"
129.153.71.156 - - [26/Aug/2026:10:18:20 -0400] "GET /useable-vehicle-for-suzuki/maruti HTTP/1.1" 200 109958 "-" "Mozilla/5.0 (X11; Linux aarch64) AppleWebKit/537.36 (KHTML, like Gecko) Chrome/139.0.0.0 Safari/537.36"
198.54.126.42 - - [26/Aug/2026:10:20:46 -0400] "POST /wp-cron.php?doing_wp_cron=1787754046.4392499923706054687500 HTTP/1.1" 200 - "-" "WordPress/6.9.4; https://www.autocomlimited.com"
4.232.148.111 - - [26/Aug/2026:10:20:44 -0400] "GET / HTTP/1.1" 200 109959 "-" "Mozilla/5.0 (Windows NT 10.0; Win64; x64) AppleWebKit/537.36 (KHTML, like Gecko) Chrome/120.0.0.0 Safari/537.36"
198.54.126.42 - - [26/Aug/2026:10:20:46 -0400] "POST /wp-cron.php?doing_wp_cron=1787754046.8715260028839111328125 HTTP/1.1" 200 - "-" "WordPress/6.9.4; https://www.autocomlimited.com"
4.232.148.111 - - [26/Aug/2026:10:20:45 -0400] "GET /test1.php HTTP/1.1" 200 183773 "-" "Mozilla/5.0 (Windows NT 10.0; Win64; x64) AppleWebKit/537.36 (KHTML, like Gecko) Chrome/120.0.0.0 Safari/537.36"
4.232.148.111 - - [26/Aug/2026:10:20:47 -0400] "GET /wp-content/uploads/min.php HTTP/1.1" 200 183885 "-" "Mozilla/5.0 (Windows NT 10.0; Win64; x64) AppleWebKit/537.36 (KHTML, like Gecko) Chrome/120.0.0.0 Safari/537.36"
4.232.148.111 - - [26/Aug/2026:10:20:47 -0400] "GET /zoom1.php HTTP/1.1" 200 183773 "-" "Mozilla/5.0 (Windows NT 10.0; Win64; x64) AppleWebKit/537.36 (KHTML, like Gecko) Chrome/120.0.0.0 Safari/537.36"
4.232.148.111 - - [26/Aug/2026:10:20:48 -0400] "GET /lock360.php HTTP/1.1" 200 183785 "-" "Mozilla/5.0 (Windows NT 10.0; Win64; x64) AppleWebKit/537.36 (KHTML, like Gecko) Chrome/120.0.0.0 Safari/537.36"
4.232.148.111 - - [26/Aug/2026:10:20:49 -0400] "GET /r.php HTTP/1.1" 200 183749 "-" "Mozilla/5.0 (Windows NT 10.0; Win64; x64) AppleWebKit/537.36 (KHTML, like Gecko) Chrome/120.0.0.0 Safari/537.36"
4.232.148.111 - - [26/Aug/2026:10:20:49 -0400] "GET /sf.php HTTP/1.1" 200 183755 "-" "Mozilla/5.0 (Windows NT 10.0; Win64; x64) AppleWebKit/537.36 (KHTML, like Gecko) Chrome/120.0.0.0 Safari/537.36"
4.232.148.111 - - [26/Aug/2026:10:20:50 -0400] "GET /t.php HTTP/1.1" 200 183749 "-" "Mozilla/5.0 (Windows NT 10.0; Win64; x64) AppleWebKit/537.36 (KHTML, like Gecko) Chrome/120.0.0.0 Safari/537.36"
4.232.148.111 - - [26/Aug/2026:10:20:50 -0400] "GET /7.php HTTP/1.1" 200 183749 "-" "Mozilla/5.0 (Windows NT 10.0; Win64; x64) AppleWebKit/537.36 (KHTML, like Gecko) Chrome/120.0.0.0 Safari/537.36"
4.232.148.111 - - [26/Aug/2026:10:20:51 -0400] "GET /b.php HTTP/1.1" 200 183749 "-" "Mozilla/5.0 (Windows NT 10.0; Win64; x64) AppleWebKit/537.36 (KHTML, like Gecko) Chrome/120.0.0.0 Safari/537.36"
4.232.148.111 - - [26/Aug/2026:10:20:52 -0400] "GET /buy.php HTTP/1.1" 200 183761 "-" "Mozilla/5.0 (Windows NT 10.0; Win64; x64) AppleWebKit/537.36 (KHTML, like Gecko) Chrome/120.0.0.0 Safari/537.36"
4.232.148.111 - - [26/Aug/2026:10:20:52 -0400] "GET /config.php HTTP/1.1" 200 183779 "-" "Mozilla/5.0 (Windows NT 10.0; Win64; x64) AppleWebKit/537.36 (KHTML, like Gecko) Chrome/120.0.0.0 Safari/537.36"
4.232.148.111 - - [26/Aug/2026:10:20:53 -0400] "GET /num.php HTTP/1.1" 200 183761 "-" "Mozilla/5.0 (Windows NT 10.0; Win64; x64) AppleWebKit/537.36 (KHTML, like Gecko) Chrome/120.0.0.0 Safari/537.36"
4.232.148.111 - - [26/Aug/2026:10:20:54 -0400] "GET /areak1.php HTTP/1.1" 200 183779 "-" "Mozilla/5.0 (Windows NT 10.0; Win64; x64) AppleWebKit/537.36 (KHTML, like Gecko) Chrome/120.0.0.0 Safari/537.36"
4.232.148.111 - - [26/Aug/2026:10:20:54 -0400] "GET /vc.php HTTP/1.1" 200 183755 "-" "Mozilla/5.0 (Windows NT 10.0; Win64; x64) AppleWebKit/537.36 (KHTML, like Gecko) Chrome/120.0.0.0 Safari/537.36"
4.232.148.111 - - [26/Aug/2026:10:20:55 -0400] "GET /wp-content/plugins/admin.php HTTP/1.1" 200 183897 "-" "Mozilla/5.0 (Windows NT 10.0; Win64; x64) AppleWebKit/537.36 (KHTML, like Gecko) Chrome/120.0.0.0 Safari/537.36"
4.232.148.111 - - [26/Aug/2026:10:20:56 -0400] "GET /core.php HTTP/1.1" 200 183767 "-" "Mozilla/5.0 (Windows NT 10.0; Win64; x64) AppleWebKit/537.36 (KHTML, like Gecko) Chrome/120.0.0.0 Safari/537.36"
4.232.148.111 - - [26/Aug/2026:10:20:57 -0400] "GET /wp-content/min.php HTTP/1.1" 200 183832 "-" "Mozilla/5.0 (Windows NT 10.0; Win64; x64) AppleWebKit/537.36 (KHTML, like Gecko) Chrome/120.0.0.0 Safari/537.36"
4.232.148.111 - - [26/Aug/2026:10:20:58 -0400] "GET /wp-content/plugins/beteng88/ws83.php HTTP/1.1" 200 183950 "-" "Mozilla/5.0 (Windows NT 10.0; Win64; x64) AppleWebKit/537.36 (KHTML, like Gecko) Chrome/120.0.0.0 Safari/537.36"
4.232.148.111 - - [26/Aug/2026:10:20:58 -0400] "GET /ws37.php HTTP/1.1" 200 183767 "-" "Mozilla/5.0 (Windows NT 10.0; Win64; x64) AppleWebKit/537.36 (KHTML, like Gecko) Chrome/120.0.0.0 Safari/537.36"
4.232.148.111 - - [26/Aug/2026:10:20:59 -0400] "GET /assets/ HTTP/1.1" 200 183755 "-" "Mozilla/5.0 (Windows NT 10.0; Win64; x64) AppleWebKit/537.36 (KHTML, like Gecko) Chrome/120.0.0.0 Safari/537.36"
4.232.148.111 - - [26/Aug/2026:10:21:00 -0400] "GET /new.php HTTP/1.1" 200 183761 "-" "Mozilla/5.0 (Windows NT 10.0; Win64; x64) AppleWebKit/537.36 (KHTML, like Gecko) Chrome/120.0.0.0 Safari/537.36"
4.232.148.111 - - [26/Aug/2026:10:21:01 -0400] "GET /il.php HTTP/1.1" 200 183755 "-" "Mozilla/5.0 (Windows NT 10.0; Win64; x64) AppleWebKit/537.36 (KHTML, like Gecko) Chrome/120.0.0.0 Safari/537.36"
4.232.148.111 - - [26/Aug/2026:10:21:01 -0400] "GET /images/index.php HTTP/1.1" 200 109959 "-" "Mozilla/5.0 (Windows NT 10.0; Win64; x64) AppleWebKit/537.36 (KHTML, like Gecko) Chrome/120.0.0.0 Safari/537.36"
4.232.148.111 - - [26/Aug/2026:10:21:02 -0400] "GET /lite.php HTTP/1.1" 200 183767 "-" "Mozilla/5.0 (Windows NT 10.0; Win64; x64) AppleWebKit/537.36 (KHTML, like Gecko) Chrome/120.0.0.0 Safari/537.36"
4.232.148.111 - - [26/Aug/2026:10:21:02 -0400] "GET /load.php HTTP/1.1" 200 183767 "-" "Mozilla/5.0 (Windows NT 10.0; Win64; x64) AppleWebKit/537.36 (KHTML, like Gecko) Chrome/120.0.0.0 Safari/537.36"
4.232.148.111 - - [26/Aug/2026:10:21:03 -0400] "GET /wp-content/themes/ HTTP/1.1" 200 - "-" "Mozilla/5.0 (Windows NT 10.0; Win64; x64) AppleWebKit/537.36 (KHTML, like Gecko) Chrome/120.0.0.0 Safari/537.36"
4.232.148.111 - - [26/Aug/2026:10:21:03 -0400] "GET /wp-themes.php HTTP/1.1" 200 183797 "-" "Mozilla/5.0 (Windows NT 10.0; Win64; x64) AppleWebKit/537.36 (KHTML, like Gecko) Chrome/120.0.0.0 Safari/537.36"
4.232.148.111 - - [26/Aug/2026:10:21:04 -0400] "GET /xda.php HTTP/1.1" 200 183761 "-" "Mozilla/5.0 (Windows NT 10.0; Win64; x64) AppleWebKit/537.36 (KHTML, like Gecko) Chrome/120.0.0.0 Safari/537.36"
4.232.148.111 - - [26/Aug/2026:10:21:05 -0400] "GET /.trash7206/index.php HTTP/1.1" 200 109959 "-" "Mozilla/5.0 (Windows NT 10.0; Win64; x64) AppleWebKit/537.36 (KHTML, like Gecko) Chrome/120.0.0.0 Safari/537.36"
4.232.148.111 - - [26/Aug/2026:10:21:05 -0400] "GET /doc.php HTTP/1.1" 200 183761 "-" "Mozilla/5.0 (Windows NT 10.0; Win64; x64) AppleWebKit/537.36 (KHTML, like Gecko) Chrome/120.0.0.0 Safari/537.36"
4.232.148.111 - - [26/Aug/2026:10:21:06 -0400] "GET /storage/index.php HTTP/1.1" 200 109959 "-" "Mozilla/5.0 (Windows NT 10.0; Win64; x64) AppleWebKit/537.36 (KHTML, like Gecko) Chrome/120.0.0.0 Safari/537.36"
4.232.148.111 - - [26/Aug/2026:10:21:06 -0400] "GET /wp-content.php HTTP/1.1" 200 183803 "-" "Mozilla/5.0 (Windows NT 10.0; Win64; x64) AppleWebKit/537.36 (KHTML, like Gecko) Chrome/120.0.0.0 Safari/537.36"
4.232.148.111 - - [26/Aug/2026:10:21:07 -0400] "GET /wp-includes/ID3/index.php HTTP/1.1" 200 109959 "-" "Mozilla/5.0 (Windows NT 10.0; Win64; x64) AppleWebKit/537.36 (KHTML, like Gecko) Chrome/120.0.0.0 Safari/537.36"
4.232.148.111 - - [26/Aug/2026:10:21:07 -0400] "GET /wp-includes/block-bindings/ HTTP/1.1" 200 446 "-" "Mozilla/5.0 (Windows NT 10.0; Win64; x64) AppleWebKit/537.36 (KHTML, like Gecko) Chrome/120.0.0.0 Safari/537.36"
4.232.148.111 - - [26/Aug/2026:10:21:08 -0400] "GET /wp-includes/images/ HTTP/1.1" 200 956 "-" "Mozilla/5.0 (Windows NT 10.0; Win64; x64) AppleWebKit/537.36 (KHTML, like Gecko) Chrome/120.0.0.0 Safari/537.36"
4.232.148.111 - - [26/Aug/2026:10:21:08 -0400] "GET /wp-includes/min.php HTTP/1.1" 200 183838 "-" "Mozilla/5.0 (Windows NT 10.0; Win64; x64) AppleWebKit/537.36 (KHTML, like Gecko) Chrome/120.0.0.0 Safari/537.36"
4.232.148.111 - - [26/Aug/2026:10:21:09 -0400] "GET /cache.php HTTP/1.1" 200 183773 "-" "Mozilla/5.0 (Windows NT 10.0; Win64; x64) AppleWebKit/537.36 (KHTML, like Gecko) Chrome/120.0.0.0 Safari/537.36"
4.232.148.111 - - [26/Aug/2026:10:21:10 -0400] "GET /filemanager.php HTTP/1.1" 200 183809 "-" "Mozilla/5.0 (Windows NT 10.0; Win64; x64) AppleWebKit/537.36 (KHTML, like Gecko) Chrome/120.0.0.0 Safari/537.36"
4.232.148.111 - - [26/Aug/2026:10:21:10 -0400] "GET /wp-blog.php HTTP/1.1" 200 183785 "-" "Mozilla/5.0 (Windows NT 10.0; Win64; x64) AppleWebKit/537.36 (KHTML, like Gecko) Chrome/120.0.0.0 Safari/537.36"
4.232.148.111 - - [26/Aug/2026:10:21:11 -0400] "GET /wp-includes/ID3/ HTTP/1.1" 200 688 "-" "Mozilla/5.0 (Windows NT 10.0; Win64; x64) AppleWebKit/537.36 (KHTML, like Gecko) Chrome/120.0.0.0 Safari/537.36"
4.232.148.111 - - [26/Aug/2026:10:21:11 -0400] "GET /cd.php HTTP/1.1" 200 183755 "-" "Mozilla/5.0 (Windows NT 10.0; Win64; x64) AppleWebKit/537.36 (KHTML, like Gecko) Chrome/120.0.0.0 Safari/537.36"
4.232.148.111 - - [26/Aug/2026:10:21:12 -0400] "GET /css.php HTTP/1.1" 200 183761 "-" "Mozilla/5.0 (Windows NT 10.0; Win64; x64) AppleWebKit/537.36 (KHTML, like Gecko) Chrome/120.0.0.0 Safari/537.36"
4.232.148.111 - - [26/Aug/2026:10:21:12 -0400] "GET /lu4.php HTTP/1.1" 200 183761 "-" "Mozilla/5.0 (Windows NT 10.0; Win64; x64) AppleWebKit/537.36 (KHTML, like Gecko) Chrome/120.0.0.0 Safari/537.36"
4.232.148.111 - - [26/Aug/2026:10:21:13 -0400] "GET /wp-content/plugins/index.php HTTP/1.1" 200 - "-" "Mozilla/5.0 (Windows NT 10.0; Win64; x64) AppleWebKit/537.36 (KHTML, like Gecko) Chrome/120.0.0.0 Safari/537.36"
4.232.148.111 - - [26/Aug/2026:10:21:13 -0400] "GET /wp-content/upgrade/index.php HTTP/1.1" 200 109959 "-" "Mozilla/5.0 (Windows NT 10.0; Win64; x64) AppleWebKit/537.36 (KHTML, like Gecko) Chrome/120.0.0.0 Safari/537.36"
4.232.148.111 - - [26/Aug/2026:10:21:14 -0400] "GET /.well-known/gecko-litespeed.php HTTP/1.1" 200 183910 "-" "Mozilla/5.0 (Windows NT 10.0; Win64; x64) AppleWebKit/537.36 (KHTML, like Gecko) Chrome/120.0.0.0 Safari/537.36"
4.232.148.111 - - [26/Aug/2026:10:21:14 -0400] "GET /ant.php HTTP/1.1" 200 183761 "-" "Mozilla/5.0 (Windows NT 10.0; Win64; x64) AppleWebKit/537.36 (KHTML, like Gecko) Chrome/120.0.0.0 Safari/537.36"
4.232.148.111 - - [26/Aug/2026:10:21:15 -0400] "GET /autoload_classmap.php HTTP/1.1" 200 183845 "-" "Mozilla/5.0 (Windows NT 10.0; Win64; x64) AppleWebKit/537.36 (KHTML, like Gecko) Chrome/120.0.0.0 Safari/537.36"
4.232.148.111 - - [26/Aug/2026:10:21:15 -0400] "GET /storage/rip.php HTTP/1.1" 200 183814 "-" "Mozilla/5.0 (Windows NT 10.0; Win64; x64) AppleWebKit/537.36 (KHTML, like Gecko) Chrome/120.0.0.0 Safari/537.36"
4.232.148.111 - - [26/Aug/2026:10:21:16 -0400] "GET /tinyfilemanager.php HTTP/1.1" 200 183833 "-" "Mozilla/5.0 (Windows NT 10.0; Win64; x64) AppleWebKit/537.36 (KHTML, like Gecko) Chrome/120.0.0.0 Safari/537.36"
4.232.148.111 - - [26/Aug/2026:10:21:17 -0400] "GET /wp-includes/bk/ HTTP/1.1" 200 183808 "-" "Mozilla/5.0 (Windows NT 10.0; Win64; x64) AppleWebKit/537.36 (KHTML, like Gecko) Chrome/120.0.0.0 Safari/537.36"
4.232.148.111 - - [26/Aug/2026:10:21:17 -0400] "GET /403.php HTTP/1.1" 200 183761 "-" "Mozilla/5.0 (Windows NT 10.0; Win64; x64) AppleWebKit/537.36 (KHTML, like Gecko) Chrome/120.0.0.0 Safari/537.36"
4.232.148.111 - - [26/Aug/2026:10:21:18 -0400] "GET /av.php HTTP/1.1" 200 183755 "-" "Mozilla/5.0 (Windows NT 10.0; Win64; x64) AppleWebKit/537.36 (KHTML, like Gecko) Chrome/120.0.0.0 Safari/537.36"
4.232.148.111 - - [26/Aug/2026:10:21:19 -0400] "GET /tool.php HTTP/1.1" 200 183767 "-" "Mozilla/5.0 (Windows NT 10.0; Win64; x64) AppleWebKit/537.36 (KHTML, like Gecko) Chrome/120.0.0.0 Safari/537.36"
4.232.148.111 - - [26/Aug/2026:10:21:20 -0400] "GET /wp-content/plugins/core-plugin/include.php HTTP/1.1" 200 183986 "-" "Mozilla/5.0 (Windows NT 10.0; Win64; x64) AppleWebKit/537.36 (KHTML, like Gecko) Chrome/120.0.0.0 Safari/537.36"
4.232.148.111 - - [26/Aug/2026:10:21:21 -0400] "GET /wp-content/themes/pridmag/b.php HTTP/1.1" 200 183920 "-" "Mozilla/5.0 (Windows NT 10.0; Win64; x64) AppleWebKit/537.36 (KHTML, like Gecko) Chrome/120.0.0.0 Safari/537.36"
4.232.148.111 - - [26/Aug/2026:10:21:21 -0400] "GET /wp-includes/ HTTP/1.1" 200 4391 "-" "Mozilla/5.0 (Windows NT 10.0; Win64; x64) AppleWebKit/537.36 (KHTML, like Gecko) Chrome/120.0.0.0 Safari/537.36"
4.232.148.111 - - [26/Aug/2026:10:21:28 -0400] "GET /wp-trackback.php HTTP/1.1" 200 110094 "-" "Mozilla/5.0 (Windows NT 10.0; Win64; x64) AppleWebKit/537.36 (KHTML, like Gecko) Chrome/120.0.0.0 Safari/537.36"
4.232.148.111 - - [26/Aug/2026:10:21:29 -0400] "GET /ws.php HTTP/1.1" 200 183755 "-" "Mozilla/5.0 (Windows NT 10.0; Win64; x64) AppleWebKit/537.36 (KHTML, like Gecko) Chrome/120.0.0.0 Safari/537.36"
4.232.148.111 - - [26/Aug/2026:10:21:29 -0400] "GET /.bod/.ll/ HTTP/1.1" 200 183772 "-" "Mozilla/5.0 (Windows NT 10.0; Win64; x64) AppleWebKit/537.36 (KHTML, like Gecko) Chrome/120.0.0.0 Safari/537.36"
57.141.18.60 - - [26/Aug/2026:10:21:29 -0400] "GET /product/oem-no-425/ HTTP/1.1" 200 212869 "-" "Mozilla/5.0 (Windows NT 10.0; Win64; x64) AppleWebKit/537.36 (KHTML, like Gecko) Chrome/145.0.0.0 Safari/537.36 (compatible; meta-externalagent/1.1 (+https://developers.facebook.com/docs/sharing/webmasters/crawler))"
4.232.148.111 - - [26/Aug/2026:10:21:30 -0400] "GET /0.php HTTP/1.1" 200 183749 "-" "Mozilla/5.0 (Windows NT 10.0; Win64; x64) AppleWebKit/537.36 (KHTML, like Gecko) Chrome/120.0.0.0 Safari/537.36"
57.141.18.50 - - [26/Aug/2026:10:21:31 -0400] "GET /wp-content/uploads/2025/12/AB-425-500x521.png HTTP/1.1" 200 120527 "https://www.autocomlimited.com/product/oem-no-425/" "Mozilla/5.0 (Windows NT 10.0; Win64; x64) AppleWebKit/537.36 (KHTML, like Gecko) Chrome/145.0.0.0 Safari/537.36 (compatible; meta-externalagent/1.1 (+https://developers.facebook.com/docs/sharing/webmasters/crawler))"
57.141.18.48 - - [26/Aug/2026:10:21:31 -0400] "GET /wp-content/plugins/woocommerce/assets/js/frontend/cart-fragments.min.js?ver=5.4.5 HTTP/1.1" 200 1039 "https://www.autocomlimited.com/product/oem-no-425/" "Mozilla/5.0 (Windows NT 10.0; Win64; x64) AppleWebKit/537.36 (KHTML, like Gecko) Chrome/145.0.0.0 Safari/537.36 (compatible; meta-externalagent/1.1 (+https://developers.facebook.com/docs/sharing/webmasters/crawler))"
4.232.148.111 - - [26/Aug/2026:10:21:31 -0400] "GET /1index.php HTTP/1.1" 200 183779 "-" "Mozilla/5.0 (Windows NT 10.0; Win64; x64) AppleWebKit/537.36 (KHTML, like Gecko) Chrome/120.0.0.0 Safari/537.36"
