216.73.217.80 - - [26/Aug/2026:11:26:51 -0400] "GET /sitemap.rss?chmod=%2Fhome%2Fautocomlimi%2Fpublic_html%2Fwp-content%2Fplugins HTTP/1.1" 200 12828 "-" "Mozilla/5.0 AppleWebKit/537.36 (KHTML, like Gecko; compatible; ClaudeBot/1.0; +claudebot@anthropic.com)"
216.73.217.80 - - [26/Aug/2026:11:26:49 -0400] "GET /sitemap.rss?edit=%2Fhome%2Fautocomlimi%2Fpublic_html%2Fwp-includes%2Ffeed-rdf.php HTTP/1.1" 200 16339 "-" "Mozilla/5.0 AppleWebKit/537.36 (KHTML, like Gecko; compatible; ClaudeBot/1.0; +claudebot@anthropic.com)"
216.73.217.80 - - [26/Aug/2026:11:26:50 -0400] "GET /sitemap.rss?chmod=%2Fhome%2Fautocomlimi%2Fpublic_html%2Fwp-includes%2Fblock-supports HTTP/1.1" 200 12836 "-" "Mozilla/5.0 AppleWebKit/537.36 (KHTML, like Gecko; compatible; ClaudeBot/1.0; +claudebot@anthropic.com)"
216.73.217.80 - - [26/Aug/2026:11:26:49 -0400] "GET /sitemap.rss?rename=%2Fhome%2Fautocomlimi%2Fpublic_html%2Fwp-includes%2FIXR HTTP/1.1" 200 12784 "-" "Mozilla/5.0 AppleWebKit/537.36 (KHTML, like Gecko; compatible; ClaudeBot/1.0; +claudebot@anthropic.com)"
216.73.217.80 - - [26/Aug/2026:11:26:48 -0400] "GET /sitemap.rss?chmod=%2Fhome%2Fautocomlimi%2F.cagefs HTTP/1.1" 200 12801 "-" "Mozilla/5.0 AppleWebKit/537.36 (KHTML, like Gecko; compatible; ClaudeBot/1.0; +claudebot@anthropic.com)"
34.231.181.240 - - [26/Aug/2026:11:26:55 -0400] "GET /wp-content/plugins/elementor/modules/ HTTP/1.1" 200 580 "-" "Mozilla/5.0 AppleWebKit/537.36 (KHTML, like Gecko; compatible; Amazonbot/0.1; +https://developer.amazon.com/support/amazonbot) Chrome/119.0.6045.214 Safari/537.36"
207.46.13.155 - - [26/Aug/2026:11:26:58 -0400] "GET /product/oem-no-93719406?rename=%2Fhome%2Fautocomlimi%2Fpublic_html%2F0m1.php HTTP/1.1" 200 12778 "-" "Mozilla/5.0 AppleWebKit/537.36 (KHTML, like Gecko; compatible; bingbot/2.0; +http://www.bing.com/bingbot.htm) Chrome/116.0.1938.76 Safari/537.36"
216.73.217.80 - - [26/Aug/2026:11:26:59 -0400] "GET /sitemap.rss?lph=%2Fhome%2Fautocomlimi%2Fpublic_html%2Fwp-content%2Fplugins HTTP/1.1" 200 102032 "-" "Mozilla/5.0 AppleWebKit/537.36 (KHTML, like Gecko; compatible; ClaudeBot/1.0; +claudebot@anthropic.com)"
216.73.217.80 - - [26/Aug/2026:11:26:59 -0400] "GET /sitemap.rss?rename=%2Fhome%2Fautocomlimi%2Fpublic_html%2Fwp-content%2Fdebug.log HTTP/1.1" 200 12795 "-" "Mozilla/5.0 AppleWebKit/537.36 (KHTML, like Gecko; compatible; ClaudeBot/1.0; +claudebot@anthropic.com)"
216.73.217.80 - - [26/Aug/2026:11:26:59 -0400] "GET /sitemap.rss?rename=%2Fhome%2Fautocomlimi%2Fpublic_html%2Fwp-content%2Fmaintenance.php HTTP/1.1" 200 12807 "-" "Mozilla/5.0 AppleWebKit/537.36 (KHTML, like Gecko; compatible; ClaudeBot/1.0; +claudebot@anthropic.com)"
216.73.217.80 - - [26/Aug/2026:11:26:59 -0400] "GET /sitemap.rss?chmod=%2Fhome%2Fautocomlimi%2Fpublic_html%2Fwp-content%2Fuploads HTTP/1.1" 200 12828 "-" "Mozilla/5.0 AppleWebKit/537.36 (KHTML, like Gecko; compatible; ClaudeBot/1.0; +claudebot@anthropic.com)"
207.46.13.155 - - [26/Aug/2026:11:26:59 -0400] "GET /product/oem-no-93719406?lph=%2Fhome%2Fautocomlimi%2Fpublic_html%2Fwp-content HTTP/1.1" 200 82709 "-" "Mozilla/5.0 AppleWebKit/537.36 (KHTML, like Gecko; compatible; bingbot/2.0; +http://www.bing.com/bingbot.htm) Chrome/116.0.1938.76 Safari/537.36"
207.46.13.155 - - [26/Aug/2026:11:26:59 -0400] "GET /product/oem-no-93719406?lph=%2Fhome%2Fautocomlimi%2Fpublic_html%2F.well-known HTTP/1.1" 200 70144 "-" "Mozilla/5.0 AppleWebKit/537.36 (KHTML, like Gecko; compatible; bingbot/2.0; +http://www.bing.com/bingbot.htm) Chrome/116.0.1938.76 Safari/537.36"
207.46.13.155 - - [26/Aug/2026:11:26:59 -0400] "GET /product/oem-no-93719406?edit=%2Fhome%2Fautocomlimi%2Fpublic_html%2Fwp-cron.php HTTP/1.1" 200 18809 "-" "Mozilla/5.0 AppleWebKit/537.36 (KHTML, like Gecko; compatible; bingbot/2.0; +http://www.bing.com/bingbot.htm) Chrome/116.0.1938.76 Safari/537.36"
207.46.13.155 - - [26/Aug/2026:11:26:59 -0400] "GET /product/oem-no-93719406?rename=%2Fhome%2Fautocomlimi%2Fpublic_html%2Findex.php HTTP/1.1" 200 12782 "-" "Mozilla/5.0 AppleWebKit/537.36 (KHTML, like Gecko; compatible; bingbot/2.0; +http://www.bing.com/bingbot.htm) Chrome/116.0.1938.76 Safari/537.36"
207.46.13.155 - - [26/Aug/2026:11:27:00 -0400] "GET /product/oem-no-93719406?chmod=%2Fhome%2Fautocomlimi%2Fpublic_html%2Freadme.html HTTP/1.1" 200 12819 "-" "Mozilla/5.0 AppleWebKit/537.36 (KHTML, like Gecko; compatible; bingbot/2.0; +http://www.bing.com/bingbot.htm) Chrome/116.0.1938.76 Safari/537.36"
207.46.13.155 - - [26/Aug/2026:11:27:00 -0400] "GET /product/oem-no-93719406?rename=%2Fhome%2Fautocomlimi%2Fpublic_html%2Fwp-activate.php HTTP/1.1" 200 12794 "-" "Mozilla/5.0 AppleWebKit/537.36 (KHTML, like Gecko; compatible; bingbot/2.0; +http://www.bing.com/bingbot.htm) Chrome/116.0.1938.76 Safari/537.36"
35.173.38.202 - - [26/Aug/2026:11:27:02 -0400] "GET /wp-content/plugins/elementor/data/ HTTP/1.1" 200 424 "-" "Mozilla/5.0 AppleWebKit/537.36 (KHTML, like Gecko; compatible; Amazonbot/0.1; +https://developer.amazon.com/support/amazonbot) Chrome/119.0.6045.214 Safari/537.36"
198.54.126.42 - - [26/Aug/2026:11:27:05 -0400] "POST /wp-cron.php?doing_wp_cron=1787758025.2828669548034667968750 HTTP/1.1" 200 - "-" "WordPress/6.9.4; https://www.autocomlimited.com"
207.46.13.83 - - [26/Aug/2026:11:27:05 -0400] "GET /product/oem-no-93719406?rename=%2Fhome%2Fautocomlimi%2Fpublic_html%2Fwp-cron.php HTTP/1.1" 200 12786 "-" "Mozilla/5.0 AppleWebKit/537.36 (KHTML, like Gecko; compatible; bingbot/2.0; +http://www.bing.com/bingbot.htm) Chrome/116.0.1938.76 Safari/537.36"
207.46.13.83 - - [26/Aug/2026:11:27:05 -0400] "GET /product/oem-no-93719406?chmod=%2Fhome%2Fautocomlimi%2Fpublic_html%2F0m33.php HTTP/1.1" 200 12816 "-" "Mozilla/5.0 AppleWebKit/537.36 (KHTML, like Gecko; compatible; bingbot/2.0; +http://www.bing.com/bingbot.htm) Chrome/116.0.1938.76 Safari/537.36"
207.46.13.83 - - [26/Aug/2026:11:27:05 -0400] "GET /product/oem-no-93719406?chmod=%2Fhome%2Fautocomlimi%2Fpublic_html%2F0m3.php HTTP/1.1" 200 12815 "-" "Mozilla/5.0 AppleWebKit/537.36 (KHTML, like Gecko; compatible; bingbot/2.0; +http://www.bing.com/bingbot.htm) Chrome/116.0.1938.76 Safari/537.36"
207.46.13.83 - - [26/Aug/2026:11:27:05 -0400] "GET /product/oem-no-93719406?rename=%2Fhome%2Fautocomlimi%2Fpublic_html%2Fwp-links-opml.php HTTP/1.1" 200 12798 "-" "Mozilla/5.0 AppleWebKit/537.36 (KHTML, like Gecko; compatible; bingbot/2.0; +http://www.bing.com/bingbot.htm) Chrome/116.0.1938.76 Safari/537.36"
207.46.13.83 - - [26/Aug/2026:11:27:06 -0400] "GET /product/oem-no-93719406?chmod=%2Fhome%2Fautocomlimi%2Fpublic_html%2Fgoogle6097ad7e7413fc49.html HTTP/1.1" 200 12835 "-" "Mozilla/5.0 AppleWebKit/537.36 (KHTML, like Gecko; compatible; bingbot/2.0; +http://www.bing.com/bingbot.htm) Chrome/116.0.1938.76 Safari/537.36"
207.46.13.83 - - [26/Aug/2026:11:27:06 -0400] "GET /product/oem-no-93719406?rename=%2Fhome%2Fautocomlimi%2Fpublic_html%2Fwp-includes HTTP/1.1" 200 12786 "-" "Mozilla/5.0 AppleWebKit/537.36 (KHTML, like Gecko; compatible; bingbot/2.0; +http://www.bing.com/bingbot.htm) Chrome/116.0.1938.76 Safari/537.36"
34.227.156.153 - - [26/Aug/2026:11:27:06 -0400] "GET /wp-content/plugins/elementor-pro/modules/blockquote/?C=D;O%3DA HTTP/1.1" 200 447 "-" "Mozilla/5.0 AppleWebKit/537.36 (KHTML, like Gecko; compatible; Amazonbot/0.1; +https://developer.amazon.com/support/amazonbot) Chrome/119.0.6045.214 Safari/537.36"
207.46.13.83 - - [26/Aug/2026:11:27:06 -0400] "GET /product/oem-no-93719406?edit=%2Fhome%2Fautocomlimi%2Fpublic_html%2Fwp-mail.php HTTP/1.1" 200 22744 "-" "Mozilla/5.0 AppleWebKit/537.36 (KHTML, like Gecko; compatible; bingbot/2.0; +http://www.bing.com/bingbot.htm) Chrome/116.0.1938.76 Safari/537.36"
207.46.13.83 - - [26/Aug/2026:11:27:06 -0400] "GET /product/oem-no-93719406?edit=%2Fhome%2Fautocomlimi%2Fpublic_html%2Fwp-config.php HTTP/1.1" 403 109954 "-" "Mozilla/5.0 AppleWebKit/537.36 (KHTML, like Gecko; compatible; bingbot/2.0; +http://www.bing.com/bingbot.htm) Chrome/116.0.1938.76 Safari/537.36"
207.46.13.83 - - [26/Aug/2026:11:27:11 -0400] "GET /product/oem-no-93719406?rename=%2Fhome%2Fautocomlimi%2Fpublic_html%2Fwp-load.php HTTP/1.1" 200 12786 "-" "Mozilla/5.0 AppleWebKit/537.36 (KHTML, like Gecko; compatible; bingbot/2.0; +http://www.bing.com/bingbot.htm) Chrome/116.0.1938.76 Safari/537.36"
40.77.167.17 - - [26/Aug/2026:11:27:13 -0400] "GET /product/oem-no-93719406?chmod=%2Fhome%2Fautocomlimi%2Fpublic_html%2Fcgi-bin HTTP/1.1" 200 12815 "-" "Mozilla/5.0 AppleWebKit/537.36 (KHTML, like Gecko; compatible; bingbot/2.0; +http://www.bing.com/bingbot.htm) Chrome/116.0.1938.76 Safari/537.36"
40.77.167.17 - - [26/Aug/2026:11:27:13 -0400] "GET /product/oem-no-93719406?chmod=%2Fhome%2Fautocomlimi%2Fpublic_html%2F0m1.php HTTP/1.1" 200 12815 "-" "Mozilla/5.0 AppleWebKit/537.36 (KHTML, like Gecko; compatible; bingbot/2.0; +http://www.bing.com/bingbot.htm) Chrome/116.0.1938.76 Safari/537.36"
40.77.167.17 - - [26/Aug/2026:11:27:14 -0400] "GET /product/oem-no-93719406?chmod=%2Fhome%2Fautocomlimi%2Fpublic_html%2F.htaccess HTTP/1.1" 403 109954 "-" "Mozilla/5.0 AppleWebKit/537.36 (KHTML, like Gecko; compatible; bingbot/2.0; +http://www.bing.com/bingbot.htm) Chrome/116.0.1938.76 Safari/537.36"
3.221.156.96 - - [26/Aug/2026:11:27:14 -0400] "GET /wp-content/uploads/2024/07/?C=N;O%3DD HTTP/1.1" 200 348 "-" "Mozilla/5.0 AppleWebKit/537.36 (KHTML, like Gecko; compatible; Amazonbot/0.1; +https://developer.amazon.com/support/amazonbot) Chrome/119.0.6045.214 Safari/537.36"
40.77.167.17 - - [26/Aug/2026:11:27:14 -0400] "GET /product/oem-no-93719406?rename=%2Fhome%2Fautocomlimi%2Fpublic_html%2Fcgi-bin HTTP/1.1" 200 12778 "-" "Mozilla/5.0 AppleWebKit/537.36 (KHTML, like Gecko; compatible; bingbot/2.0; +http://www.bing.com/bingbot.htm) Chrome/116.0.1938.76 Safari/537.36"
40.77.167.17 - - [26/Aug/2026:11:27:14 -0400] "GET /product/oem-no-93719406?edit=%2Fhome%2Fautocomlimi%2Fpublic_html%2Fwp-activate.php HTTP/1.1" 200 21834 "-" "Mozilla/5.0 AppleWebKit/537.36 (KHTML, like Gecko; compatible; bingbot/2.0; +http://www.bing.com/bingbot.htm) Chrome/116.0.1938.76 Safari/537.36"
40.77.167.17 - - [26/Aug/2026:11:27:14 -0400] "GET /product/oem-no-93719406?chmod=%2Fhome%2Fautocomlimi%2Fpublic_html%2Fwp-blog-header.php HTTP/1.1" 200 12826 "-" "Mozilla/5.0 AppleWebKit/537.36 (KHTML, like Gecko; compatible; bingbot/2.0; +http://www.bing.com/bingbot.htm) Chrome/116.0.1938.76 Safari/537.36"
40.77.167.17 - - [26/Aug/2026:11:27:15 -0400] "GET /product/oem-no-93719406?chmod=%2Fhome%2Fautocomlimi%2Fpublic_html%2Fwp-signup.php HTTP/1.1" 200 12821 "-" "Mozilla/5.0 AppleWebKit/537.36 (KHTML, like Gecko; compatible; bingbot/2.0; +http://www.bing.com/bingbot.htm) Chrome/116.0.1938.76 Safari/537.36"
40.77.167.17 - - [26/Aug/2026:11:27:15 -0400] "GET /product/oem-no-93719406?chmod=%2Fhome%2Fautocomlimi%2Fpublic_html%2F0m.php HTTP/1.1" 200 12814 "-" "Mozilla/5.0 AppleWebKit/537.36 (KHTML, like Gecko; compatible; bingbot/2.0; +http://www.bing.com/bingbot.htm) Chrome/116.0.1938.76 Safari/537.36"
216.73.217.80 - - [26/Aug/2026:11:27:19 -0400] "GET /sitemap.rss?rename=%2Fhome%2Fautocomlimi%2Fpublic_html%2Fwp-content%2Fplugins HTTP/1.1" 200 12791 "-" "Mozilla/5.0 AppleWebKit/537.36 (KHTML, like Gecko; compatible; ClaudeBot/1.0; +claudebot@anthropic.com)"
216.73.217.80 - - [26/Aug/2026:11:27:19 -0400] "GET /sitemap.rss?chmod=%2Fhome%2Fautocomlimi%2Fpublic_html%2Fwp-content%2Fmu-plugins HTTP/1.1" 200 12831 "-" "Mozilla/5.0 AppleWebKit/537.36 (KHTML, like Gecko; compatible; ClaudeBot/1.0; +claudebot@anthropic.com)"
216.73.217.80 - - [26/Aug/2026:11:27:19 -0400] "GET /sitemap.rss?lph=%2Fhome%2Fautocomlimi%2Fpublic_html%2Fwp-content%2Fcache HTTP/1.1" 200 70206 "-" "Mozilla/5.0 AppleWebKit/537.36 (KHTML, like Gecko; compatible; ClaudeBot/1.0; +claudebot@anthropic.com)"
40.77.167.17 - - [26/Aug/2026:11:27:21 -0400] "GET /product/oem-no-93719406?edit=%2Fhome%2Fautocomlimi%2Fpublic_html%2F0m33.php HTTP/1.1" 200 162882 "-" "Mozilla/5.0 AppleWebKit/537.36 (KHTML, like Gecko; compatible; bingbot/2.0; +http://www.bing.com/bingbot.htm) Chrome/116.0.1938.76 Safari/537.36"
40.77.167.17 - - [26/Aug/2026:11:27:21 -0400] "GET /product/oem-no-93719406?lph=%2Fhome%2Fautocomlimi%2Fpublic_html%2Fcgi-bin HTTP/1.1" 200 68878 "-" "Mozilla/5.0 AppleWebKit/537.36 (KHTML, like Gecko; compatible; bingbot/2.0; +http://www.bing.com/bingbot.htm) Chrome/116.0.1938.76 Safari/537.36"
52.167.144.199 - - [26/Aug/2026:11:27:27 -0400] "GET /product/oem-no-93719406?rename=%2Fhome%2Fautocomlimi%2Fpublic_html%2Fwp-signup.php HTTP/1.1" 200 12790 "-" "Mozilla/5.0 AppleWebKit/537.36 (KHTML, like Gecko; compatible; bingbot/2.0; +http://www.bing.com/bingbot.htm) Chrome/116.0.1938.76 Safari/537.36"
216.73.217.80 - - [26/Aug/2026:11:27:31 -0400] "GET /sitemap.rss?chmod=%2Fhome%2Fautocomlimi%2Fpublic_html%2Fwp-content%2Fmaintenance HTTP/1.1" 200 12832 "-" "Mozilla/5.0 AppleWebKit/537.36 (KHTML, like Gecko; compatible; ClaudeBot/1.0; +claudebot@anthropic.com)"
216.73.217.80 - - [26/Aug/2026:11:27:31 -0400] "GET /sitemap.rss?rename=%2Fhome%2Fautocomlimi%2Fpublic_html%2Fwp-content%2Findex.php HTTP/1.1" 200 12795 "-" "Mozilla/5.0 AppleWebKit/537.36 (KHTML, like Gecko; compatible; ClaudeBot/1.0; +claudebot@anthropic.com)"
216.73.217.80 - - [26/Aug/2026:11:27:31 -0400] "GET /sitemap.rss?rename=%2Fhome%2Fautocomlimi%2Fpublic_html%2Fwp-content%2Fcache HTTP/1.1" 200 12787 "-" "Mozilla/5.0 AppleWebKit/537.36 (KHTML, like Gecko; compatible; ClaudeBot/1.0; +claudebot@anthropic.com)"
207.46.13.155 - - [26/Aug/2026:11:27:31 -0400] "GET /product/oem-no-93719406?chmod=%2Fhome%2Fautocomlimi%2Fpublic_html%2Fwp-settings.php HTTP/1.1" 200 12823 "-" "Mozilla/5.0 AppleWebKit/537.36 (KHTML, like Gecko; compatible; bingbot/2.0; +http://www.bing.com/bingbot.htm) Chrome/116.0.1938.76 Safari/537.36"
207.46.13.155 - - [26/Aug/2026:11:27:31 -0400] "GET /product/oem-no-93719406?rename=%2Fhome%2Fautocomlimi%2Fpublic_html%2F.well-known HTTP/1.1" 200 12786 "-" "Mozilla/5.0 AppleWebKit/537.36 (KHTML, like Gecko; compatible; bingbot/2.0; +http://www.bing.com/bingbot.htm) Chrome/116.0.1938.76 Safari/537.36"
207.46.13.83 - - [26/Aug/2026:11:27:31 -0400] "GET /product/oem-no-93719406?rename=%2Fhome%2Fautocomlimi%2Fpublic_html%2F%40LongLink HTTP/1.1" 200 12782 "-" "Mozilla/5.0 AppleWebKit/537.36 (KHTML, like Gecko; compatible; bingbot/2.0; +http://www.bing.com/bingbot.htm) Chrome/116.0.1938.76 Safari/537.36"
207.46.13.155 - - [26/Aug/2026:11:27:32 -0400] "GET /product/oem-no-93719406?rename=%2Fhome%2Fautocomlimi%2Fpublic_html%2Fwp-settings.php HTTP/1.1" 200 12794 "-" "Mozilla/5.0 AppleWebKit/537.36 (KHTML, like Gecko; compatible; bingbot/2.0; +http://www.bing.com/bingbot.htm) Chrome/116.0.1938.76 Safari/537.36"
207.46.13.155 - - [26/Aug/2026:11:27:32 -0400] "GET /product/oem-no-93719406?edit=%2Fhome%2Fautocomlimi%2Fpublic_html%2F0m3.php HTTP/1.1" 200 21659 "-" "Mozilla/5.0 AppleWebKit/537.36 (KHTML, like Gecko; compatible; bingbot/2.0; +http://www.bing.com/bingbot.htm) Chrome/116.0.1938.76 Safari/537.36"
17.22.245.34 - - [26/Aug/2026:11:27:36 -0400] "GET /wp-content/plugins/perfect-woocommerce-brands/assets/css/styles-frontend.min.css?ver=1.8.7 HTTP/1.1" 200 1458 "https://www.autocomlimited.com/useable-vehicle-for-hyundai/kia-optima/" "Mozilla/5.0 (Macintosh; Intel Mac OS X 10_15_7) AppleWebKit/605.1.15 (KHTML, like Gecko) Version/17.4 Safari/605.1.15 (Applebot/0.1; +http://www.apple.com/go/applebot)"
17.22.245.34 - - [26/Aug/2026:11:27:37 -0400] "GET /wp-content/plugins/woocommerce/assets/css/woocommerce.css?ver=5.4.5 HTTP/1.1" 200 8907 "https://www.autocomlimited.com/useable-vehicle-for-hyundai/kia-optima/" "Mozilla/5.0 (Macintosh; Intel Mac OS X 10_15_7) AppleWebKit/605.1.15 (KHTML, like Gecko) Version/17.4 Safari/605.1.15 (Applebot/0.1; +http://www.apple.com/go/applebot)"
100.29.63.24 - - [26/Aug/2026:11:27:38 -0400] "GET /wp-content/uploads/al_opt_content/FONT/www.autocomlimited.com/?C=S;O%3DA HTTP/1.1" 200 403 "-" "Mozilla/5.0 AppleWebKit/537.36 (KHTML, like Gecko; compatible; Amazonbot/0.1; +https://developer.amazon.com/support/amazonbot) Chrome/119.0.6045.214 Safari/537.36"
17.22.245.34 - - [26/Aug/2026:11:27:39 -0400] "GET /wp-content/plugins/contact-form-7/includes/css/styles.css?ver=5.4.1 HTTP/1.1" 200 932 "https://www.autocomlimited.com/useable-vehicle-for-hyundai/kia-optima/" "Mozilla/5.0 (Macintosh; Intel Mac OS X 10_15_7) AppleWebKit/605.1.15 (KHTML, like Gecko) Version/17.4 Safari/605.1.15 (Applebot/0.1; +http://www.apple.com/go/applebot)"
17.22.245.34 - - [26/Aug/2026:11:27:40 -0400] "GET /wp-content/plugins/smooth-back-to-top-button/assets/css/smooth-back-to-top-button.css?ver=1.2 HTTP/1.1" 200 307 "https://www.autocomlimited.com/useable-vehicle-for-hyundai/kia-optima/" "Mozilla/5.0 (Macintosh; Intel Mac OS X 10_15_7) AppleWebKit/605.1.15 (KHTML, like Gecko) Version/17.4 Safari/605.1.15 (Applebot/0.1; +http://www.apple.com/go/applebot)"
20.15.133.191 - - [26/Aug/2026:11:27:40 -0400] "GET /product/oem-no-93719406?edit=%2Fhome%2Fautocomlimi%2Fpublic_html%2Fwp-mail.php HTTP/1.1" 200 22744 "-" "Mozilla/5.0 AppleWebKit/537.36 (KHTML, like Gecko; compatible; bingbot/2.0; +http://www.bing.com/bingbot.htm) Chrome/116.0.1938.76 Safari/537.36"
20.15.133.191 - - [26/Aug/2026:11:27:40 -0400] "GET /product/oem-no-93719406?edit=%2Fhome%2Fautocomlimi%2Fpublic_html%2Fwp-links-opml.php HTTP/1.1" 200 15902 "-" "Mozilla/5.0 AppleWebKit/537.36 (KHTML, like Gecko; compatible; bingbot/2.0; +http://www.bing.com/bingbot.htm) Chrome/116.0.1938.76 Safari/537.36"
207.46.13.83 - - [26/Aug/2026:11:27:41 -0400] "GET /product/oem-no-93719406?rename=%2Fhome%2Fautocomlimi%2Fpublic_html%2Fwp-admin HTTP/1.1" 200 12780 "-" "Mozilla/5.0 AppleWebKit/537.36 (KHTML, like Gecko; compatible; bingbot/2.0; +http://www.bing.com/bingbot.htm) Chrome/116.0.1938.76 Safari/537.36"
207.46.13.83 - - [26/Aug/2026:11:27:42 -0400] "GET /product/oem-no-93719406?rename=%2Fhome%2Fautocomlimi%2Fpublic_html%2Flicense.txt HTTP/1.1" 200 12786 "-" "Mozilla/5.0 AppleWebKit/537.36 (KHTML, like Gecko; compatible; bingbot/2.0; +http://www.bing.com/bingbot.htm) Chrome/116.0.1938.76 Safari/537.36"
17.22.245.34 - - [26/Aug/2026:11:27:42 -0400] "GET /wp-content/plugins/woocommerce/assets/css/woocommerce-layout.css?ver=5.4.5 HTTP/1.1" 200 2608 "https://www.autocomlimited.com/useable-vehicle-for-hyundai/kia-optima/" "Mozilla/5.0 (Macintosh; Intel Mac OS X 10_15_7) AppleWebKit/605.1.15 (KHTML, like Gecko) Version/17.4 Safari/605.1.15 (Applebot/0.1; +http://www.apple.com/go/applebot)"
207.46.13.83 - - [26/Aug/2026:11:27:42 -0400] "GET /product/oem-no-93719406?edit=%2Fhome%2Fautocomlimi%2Fpublic_html%2Fwp-config.php HTTP/1.1" 403 109954 "-" "Mozilla/5.0 AppleWebKit/537.36 (KHTML, like Gecko; compatible; bingbot/2.0; +http://www.bing.com/bingbot.htm) Chrome/116.0.1938.76 Safari/537.36"
57.141.18.41 - - [26/Aug/2026:11:27:41 -0400] "GET /product/oem-no-1004-710/?edit=%2Fhome%2Fautocomlimi%2Fpublic_html%2Fwp-trackback.php HTTP/1.1" 200 122342 "-" "Mozilla/5.0 (Windows NT 10.0; Win64; x64) AppleWebKit/537.36 (KHTML, like Gecko) Chrome/145.0.0.0 Safari/537.36 (compatible; meta-externalagent/1.1 (+https://developers.facebook.com/docs/sharing/webmasters/crawler))"
34.196.237.236 - - [26/Aug/2026:11:27:42 -0400] "GET /wp-content/uploads/2024/06/?C=D;O%3DA HTTP/1.1" 200 347 "-" "Mozilla/5.0 AppleWebKit/537.36 (KHTML, like Gecko; compatible; Amazonbot/0.1; +https://developer.amazon.com/support/amazonbot) Chrome/119.0.6045.214 Safari/537.36"
17.22.245.34 - - [26/Aug/2026:11:27:43 -0400] "GET /wp-content/plugins/smooth-back-to-top-button/assets/css/sbttb-fonts.css?ver=1.2 HTTP/1.1" 200 477 "https://www.autocomlimited.com/useable-vehicle-for-hyundai/kia-optima/" "Mozilla/5.0 (Macintosh; Intel Mac OS X 10_15_7) AppleWebKit/605.1.15 (KHTML, like Gecko) Version/17.4 Safari/605.1.15 (Applebot/0.1; +http://www.apple.com/go/applebot)"
17.22.245.34 - - [26/Aug/2026:11:27:45 -0400] "GET /wp-content/themes/hello-elementor/style.min.css?ver=2.3.1 HTTP/1.1" 200 2304 "https://www.autocomlimited.com/useable-vehicle-for-hyundai/kia-optima/" "Mozilla/5.0 (Macintosh; Intel Mac OS X 10_15_7) AppleWebKit/605.1.15 (KHTML, like Gecko) Version/17.4 Safari/605.1.15 (Applebot/0.1; +http://www.apple.com/go/applebot)"
17.22.245.34 - - [26/Aug/2026:11:27:46 -0400] "GET /wp-content/themes/hello-elementor/theme.min.css?ver=2.3.1 HTTP/1.1" 200 1474 "https://www.autocomlimited.com/useable-vehicle-for-hyundai/kia-optima/" "Mozilla/5.0 (Macintosh; Intel Mac OS X 10_15_7) AppleWebKit/605.1.15 (KHTML, like Gecko) Version/17.4 Safari/605.1.15 (Applebot/0.1; +http://www.apple.com/go/applebot)"
198.54.126.42 - - [26/Aug/2026:11:27:47 -0400] "POST /wp-cron.php?doing_wp_cron=1787758067.5313019752502441406250 HTTP/1.1" 200 - "-" "WordPress/6.9.4; https://www.autocomlimited.com"
52.167.144.199 - - [26/Aug/2026:11:27:47 -0400] "GET /product/oem-no-93719406?rename=%2Fhome%2Fautocomlimi%2Fpublic_html%2F0m.php HTTP/1.1" 200 12776 "-" "Mozilla/5.0 AppleWebKit/537.36 (KHTML, like Gecko; compatible; bingbot/2.0; +http://www.bing.com/bingbot.htm) Chrome/116.0.1938.76 Safari/537.36"
52.167.144.199 - - [26/Aug/2026:11:27:47 -0400] "GET /product/oem-no-93719406?chmod=%2Fhome%2Fautocomlimi%2Fpublic_html%2F.htaccess HTTP/1.1" 403 109954 "-" "Mozilla/5.0 AppleWebKit/537.36 (KHTML, like Gecko; compatible; bingbot/2.0; +http://www.bing.com/bingbot.htm) Chrome/116.0.1938.76 Safari/537.36"
17.22.245.34 - - [26/Aug/2026:11:27:48 -0400] "GET /wp-content/plugins/elementor/assets/lib/eicons/css/elementor-icons.min.css?ver=5.11.0 HTTP/1.1" 200 3598 "https://www.autocomlimited.com/useable-vehicle-for-hyundai/kia-optima/" "Mozilla/5.0 (Macintosh; Intel Mac OS X 10_15_7) AppleWebKit/605.1.15 (KHTML, like Gecko) Version/17.4 Safari/605.1.15 (Applebot/0.1; +http://www.apple.com/go/applebot)"
17.22.245.34 - - [26/Aug/2026:11:27:49 -0400] "GET /wp-content/plugins/elementor/assets/lib/animations/animations.min.css?ver=3.2.5 HTTP/1.1" 200 2592 "https://www.autocomlimited.com/useable-vehicle-for-hyundai/kia-optima/" "Mozilla/5.0 (Macintosh; Intel Mac OS X 10_15_7) AppleWebKit/605.1.15 (KHTML, like Gecko) Version/17.4 Safari/605.1.15 (Applebot/0.1; +http://www.apple.com/go/applebot)"
17.22.245.34 - - [26/Aug/2026:11:27:51 -0400] "GET /wp-content/plugins/elementor/assets/css/frontend-legacy.min.css?ver=3.2.5 HTTP/1.1" 200 535 "https://www.autocomlimited.com/useable-vehicle-for-hyundai/kia-optima/" "Mozilla/5.0 (Macintosh; Intel Mac OS X 10_15_7) AppleWebKit/605.1.15 (KHTML, like Gecko) Version/17.4 Safari/605.1.15 (Applebot/0.1; +http://www.apple.com/go/applebot)"
207.46.13.155 - - [26/Aug/2026:11:27:51 -0400] "GET /product/oem-no-93719406?rename=%2Fhome%2Fautocomlimi%2Fpublic_html%2Fwp-content HTTP/1.1" 200 12784 "-" "Mozilla/5.0 AppleWebKit/537.36 (KHTML, like Gecko; compatible; bingbot/2.0; +http://www.bing.com/bingbot.htm) Chrome/116.0.1938.76 Safari/537.36"
17.22.245.34 - - [26/Aug/2026:11:27:52 -0400] "GET /wp-content/plugins/elementor/assets/css/frontend.min.css?ver=3.2.5 HTTP/1.1" 200 16770 "https://www.autocomlimited.com/useable-vehicle-for-hyundai/kia-optima/" "Mozilla/5.0 (Macintosh; Intel Mac OS X 10_15_7) AppleWebKit/605.1.15 (KHTML, like Gecko) Version/17.4 Safari/605.1.15 (Applebot/0.1; +http://www.apple.com/go/applebot)"
17.22.245.34 - - [26/Aug/2026:11:27:54 -0400] "GET /wp-content/uploads/elementor/css/post-13.css?ver=1772255769 HTTP/1.1" 200 496 "https://www.autocomlimited.com/useable-vehicle-for-hyundai/kia-optima/" "Mozilla/5.0 (Macintosh; Intel Mac OS X 10_15_7) AppleWebKit/605.1.15 (KHTML, like Gecko) Version/17.4 Safari/605.1.15 (Applebot/0.1; +http://www.apple.com/go/applebot)"
17.22.245.34 - - [26/Aug/2026:11:27:55 -0400] "GET /wp-content/plugins/elementor-pro/assets/css/frontend.min.css?ver=3.1.0 HTTP/1.1" 200 23114 "https://www.autocomlimited.com/useable-vehicle-for-hyundai/kia-optima/" "Mozilla/5.0 (Macintosh; Intel Mac OS X 10_15_7) AppleWebKit/605.1.15 (KHTML, like Gecko) Version/17.4 Safari/605.1.15 (Applebot/0.1; +http://www.apple.com/go/applebot)"
17.22.245.34 - - [26/Aug/2026:11:27:57 -0400] "GET /wp-content/uploads/elementor/css/global.css?ver=1772257026 HTTP/1.1" 200 3022 "https://www.autocomlimited.com/useable-vehicle-for-hyundai/kia-optima/" "Mozilla/5.0 (Macintosh; Intel Mac OS X 10_15_7) AppleWebKit/605.1.15 (KHTML, like Gecko) Version/17.4 Safari/605.1.15 (Applebot/0.1; +http://www.apple.com/go/applebot)"
216.73.217.80 - - [26/Aug/2026:11:27:57 -0400] "GET /sitemap.rss?rename=%2Fhome%2Fautocomlimi%2Fpublic_html%2Fwp-content%2Fuploads HTTP/1.1" 200 12791 "-" "Mozilla/5.0 AppleWebKit/537.36 (KHTML, like Gecko; compatible; ClaudeBot/1.0; +claudebot@anthropic.com)"
216.73.217.80 - - [26/Aug/2026:11:27:57 -0400] "GET /sitemap.rss?lph=%2Fhome%2Fautocomlimi%2Fpublic_html%2Fwp-content%2Fmu-plugins HTTP/1.1" 200 74910 "-" "Mozilla/5.0 AppleWebKit/537.36 (KHTML, like Gecko; compatible; ClaudeBot/1.0; +claudebot@anthropic.com)"
216.73.217.80 - - [26/Aug/2026:11:27:57 -0400] "GET /sitemap.rss?lph=%2Fhome%2Fautocomlimi%2Fpublic_html%2Fwp-content%2Fuploads HTTP/1.1" 200 107749 "-" "Mozilla/5.0 AppleWebKit/537.36 (KHTML, like Gecko; compatible; ClaudeBot/1.0; +claudebot@anthropic.com)"
17.22.245.34 - - [26/Aug/2026:11:27:58 -0400] "GET /wp-content/uploads/elementor/css/post-21.css?ver=1782190538 HTTP/1.1" 200 1580 "https://www.autocomlimited.com/useable-vehicle-for-hyundai/kia-optima/" "Mozilla/5.0 (Macintosh; Intel Mac OS X 10_15_7) AppleWebKit/605.1.15 (KHTML, like Gecko) Version/17.4 Safari/605.1.15 (Applebot/0.1; +http://www.apple.com/go/applebot)"
17.22.245.34 - - [26/Aug/2026:11:28:00 -0400] "GET /wp-content/uploads/elementor/css/post-45.css?ver=1772255752 HTTP/1.1" 200 1549 "https://www.autocomlimited.com/useable-vehicle-for-hyundai/kia-optima/" "Mozilla/5.0 (Macintosh; Intel Mac OS X 10_15_7) AppleWebKit/605.1.15 (KHTML, like Gecko) Version/17.4 Safari/605.1.15 (Applebot/0.1; +http://www.apple.com/go/applebot)"
17.22.245.34 - - [26/Aug/2026:11:28:01 -0400] "GET /wp-content/uploads/elementor/css/post-248.css?ver=1776488424 HTTP/1.1" 200 556 "https://www.autocomlimited.com/useable-vehicle-for-hyundai/kia-optima/" "Mozilla/5.0 (Macintosh; Intel Mac OS X 10_15_7) AppleWebKit/605.1.15 (KHTML, like Gecko) Version/17.4 Safari/605.1.15 (Applebot/0.1; +http://www.apple.com/go/applebot)"
17.22.245.34 - - [26/Aug/2026:11:28:03 -0400] "GET /wp-content/plugins/elementor/assets/lib/font-awesome/css/fontawesome.min.css?ver=5.15.1 HTTP/1.1" 200 12581 "https://www.autocomlimited.com/useable-vehicle-for-hyundai/kia-optima/" "Mozilla/5.0 (Macintosh; Intel Mac OS X 10_15_7) AppleWebKit/605.1.15 (KHTML, like Gecko) Version/17.4 Safari/605.1.15 (Applebot/0.1; +http://www.apple.com/go/applebot)"
17.22.245.34 - - [26/Aug/2026:11:28:04 -0400] "GET /wp-content/plugins/elementor/assets/lib/font-awesome/css/solid.min.css?ver=5.15.1 HTTP/1.1" 200 310 "https://www.autocomlimited.com/useable-vehicle-for-hyundai/kia-optima/" "Mozilla/5.0 (Macintosh; Intel Mac OS X 10_15_7) AppleWebKit/605.1.15 (KHTML, like Gecko) Version/17.4 Safari/605.1.15 (Applebot/0.1; +http://www.apple.com/go/applebot)"
17.22.245.34 - - [26/Aug/2026:11:28:06 -0400] "GET /wp-content/plugins/visitors-traffic-real-time-statistics-pro/js/front.js?ver=6.9.4 HTTP/1.1" 200 637 "https://www.autocomlimited.com/useable-vehicle-for-hyundai/kia-optima/" "Mozilla/5.0 (Macintosh; Intel Mac OS X 10_15_7) AppleWebKit/605.1.15 (KHTML, like Gecko) Version/17.4 Safari/605.1.15 (Applebot/0.1; +http://www.apple.com/go/applebot)"
216.73.217.80 - - [26/Aug/2026:11:28:06 -0400] "GET /sitemap.rss?rename=%2Fhome%2Fautocomlimi%2Fpublic_html%2Fwp-content%2Fmaintenance HTTP/1.1" 200 12799 "-" "Mozilla/5.0 AppleWebKit/537.36 (KHTML, like Gecko; compatible; ClaudeBot/1.0; +claudebot@anthropic.com)"
216.73.217.80 - - [26/Aug/2026:11:28:06 -0400] "GET /sitemap.rss?lph=%2Fhome%2Fautocomlimi%2Fpublic_html%2Fwp-content%2Fmaintenance HTTP/1.1" 200 71722 "-" "Mozilla/5.0 AppleWebKit/537.36 (KHTML, like Gecko; compatible; ClaudeBot/1.0; +claudebot@anthropic.com)"
216.73.217.80 - - [26/Aug/2026:11:28:06 -0400] "GET /sitemap.rss?chmod=%2Fhome%2Fautocomlimi%2Fpublic_html%2Fwp-content%2Fupgrade-temp-backup HTTP/1.1" 200 12840 "-" "Mozilla/5.0 AppleWebKit/537.36 (KHTML, like Gecko; compatible; ClaudeBot/1.0; +claudebot@anthropic.com)"
17.22.245.34 - - [26/Aug/2026:11:28:07 -0400] "GET /wp-includes/js/jquery/jquery.min.js?ver=3.7.1 HTTP/1.1" 200 30368 "https://www.autocomlimited.com/useable-vehicle-for-hyundai/kia-optima/" "Mozilla/5.0 (Macintosh; Intel Mac OS X 10_15_7) AppleWebKit/605.1.15 (KHTML, like Gecko) Version/17.4 Safari/605.1.15 (Applebot/0.1; +http://www.apple.com/go/applebot)"
216.73.217.80 - - [26/Aug/2026:11:28:07 -0400] "GET /sitemap.rss?lph=%2Fhome%2Fautocomlimi%2Fpublic_html%2Fwp-content%2Fupgrade-temp-backup HTTP/1.1" 200 69044 "-" "Mozilla/5.0 AppleWebKit/537.36 (KHTML, like Gecko; compatible; ClaudeBot/1.0; +claudebot@anthropic.com)"
216.73.217.80 - - [26/Aug/2026:11:28:07 -0400] "GET /sitemap.rss?lph=%2Fhome%2Fautocomlimi%2Fpublic_html%2Fwp-content%2Fupgrade HTTP/1.1" 200 68996 "-" "Mozilla/5.0 AppleWebKit/537.36 (KHTML, like Gecko; compatible; ClaudeBot/1.0; +claudebot@anthropic.com)"
216.73.217.80 - - [26/Aug/2026:11:28:07 -0400] "GET /sitemap.rss?lph=%2Fhome%2Fautocomlimi%2Fpublic_html%2Fwp-content%2Fthemes HTTP/1.1" 200 72961 "-" "Mozilla/5.0 AppleWebKit/537.36 (KHTML, like Gecko; compatible; ClaudeBot/1.0; +claudebot@anthropic.com)"
17.22.245.34 - - [26/Aug/2026:11:28:09 -0400] "GET /wp-includes/js/jquery/jquery-migrate.min.js?ver=3.4.1 HTTP/1.1" 200 4872 "https://www.autocomlimited.com/useable-vehicle-for-hyundai/kia-optima/" "Mozilla/5.0 (Macintosh; Intel Mac OS X 10_15_7) AppleWebKit/605.1.15 (KHTML, like Gecko) Version/17.4 Safari/605.1.15 (Applebot/0.1; +http://www.apple.com/go/applebot)"
17.22.245.34 - - [26/Aug/2026:11:28:10 -0400] "GET /wp-includes/js/dist/vendor/wp-polyfill.min.js?ver=3.15.0 HTTP/1.1" 200 11852 "https://www.autocomlimited.com/useable-vehicle-for-hyundai/kia-optima/" "Mozilla/5.0 (Macintosh; Intel Mac OS X 10_15_7) AppleWebKit/605.1.15 (KHTML, like Gecko) Version/17.4 Safari/605.1.15 (Applebot/0.1; +http://www.apple.com/go/applebot)"
17.22.245.34 - - [26/Aug/2026:11:28:12 -0400] "GET /wp-content/plugins/contact-form-7/includes/js/index.js?ver=5.4.1 HTTP/1.1" 200 4004 "https://www.autocomlimited.com/useable-vehicle-for-hyundai/kia-optima/" "Mozilla/5.0 (Macintosh; Intel Mac OS X 10_15_7) AppleWebKit/605.1.15 (KHTML, like Gecko) Version/17.4 Safari/605.1.15 (Applebot/0.1; +http://www.apple.com/go/applebot)"
17.22.245.34 - - [26/Aug/2026:11:28:13 -0400] "GET /wp-content/plugins/perfect-woocommerce-brands/assets/js/functions-frontend.min.js?ver=1.8.7 HTTP/1.1" 200 974 "https://www.autocomlimited.com/useable-vehicle-for-hyundai/kia-optima/" "Mozilla/5.0 (Macintosh; Intel Mac OS X 10_15_7) AppleWebKit/605.1.15 (KHTML, like Gecko) Version/17.4 Safari/605.1.15 (Applebot/0.1; +http://www.apple.com/go/applebot)"
17.22.245.34 - - [26/Aug/2026:11:28:15 -0400] "GET /wp-content/plugins/smooth-back-to-top-button/assets/js/smooth-back-to-top-button.js?ver=1.2 HTTP/1.1" 200 371 "https://www.autocomlimited.com/useable-vehicle-for-hyundai/kia-optima/" "Mozilla/5.0 (Macintosh; Intel Mac OS X 10_15_7) AppleWebKit/605.1.15 (KHTML, like Gecko) Version/17.4 Safari/605.1.15 (Applebot/0.1; +http://www.apple.com/go/applebot)"
17.22.245.34 - - [26/Aug/2026:11:28:16 -0400] "GET /wp-content/plugins/woocommerce/assets/js/jquery-blockui/jquery.blockUI.min.js?ver=2.70 HTTP/1.1" 200 3491 "https://www.autocomlimited.com/useable-vehicle-for-hyundai/kia-optima/" "Mozilla/5.0 (Macintosh; Intel Mac OS X 10_15_7) AppleWebKit/605.1.15 (KHTML, like Gecko) Version/17.4 Safari/605.1.15 (Applebot/0.1; +http://www.apple.com/go/applebot)"
17.22.245.34 - - [26/Aug/2026:11:28:18 -0400] "GET /wp-content/plugins/woocommerce/assets/js/js-cookie/js.cookie.min.js?ver=2.1.4 HTTP/1.1" 200 982 "https://www.autocomlimited.com/useable-vehicle-for-hyundai/kia-optima/" "Mozilla/5.0 (Macintosh; Intel Mac OS X 10_15_7) AppleWebKit/605.1.15 (KHTML, like Gecko) Version/17.4 Safari/605.1.15 (Applebot/0.1; +http://www.apple.com/go/applebot)"
17.22.245.34 - - [26/Aug/2026:11:28:19 -0400] "GET /wp-content/plugins/woocommerce/assets/js/frontend/woocommerce.min.js?ver=5.4.5 HTTP/1.1" 200 794 "https://www.autocomlimited.com/useable-vehicle-for-hyundai/kia-optima/" "Mozilla/5.0 (Macintosh; Intel Mac OS X 10_15_7) AppleWebKit/605.1.15 (KHTML, like Gecko) Version/17.4 Safari/605.1.15 (Applebot/0.1; +http://www.apple.com/go/applebot)"
17.22.245.34 - - [26/Aug/2026:11:28:20 -0400] "GET /wp-content/plugins/woocommerce/assets/js/frontend/cart-fragments.min.js?ver=5.4.5 HTTP/1.1" 200 1039 "https://www.autocomlimited.com/useable-vehicle-for-hyundai/kia-optima/" "Mozilla/5.0 (Macintosh; Intel Mac OS X 10_15_7) AppleWebKit/605.1.15 (KHTML, like Gecko) Version/17.4 Safari/605.1.15 (Applebot/0.1; +http://www.apple.com/go/applebot)"
17.22.245.34 - - [26/Aug/2026:11:28:22 -0400] "GET /wp-content/plugins/elementor-pro/assets/lib/smartmenus/jquery.smartmenus.min.js?ver=1.0.1 HTTP/1.1" 200 7157 "https://www.autocomlimited.com/useable-vehicle-for-hyundai/kia-optima/" "Mozilla/5.0 (Macintosh; Intel Mac OS X 10_15_7) AppleWebKit/605.1.15 (KHTML, like Gecko) Version/17.4 Safari/605.1.15 (Applebot/0.1; +http://www.apple.com/go/applebot)"
17.22.245.34 - - [26/Aug/2026:11:28:23 -0400] "GET /wp-content/plugins/elementor-pro/assets/js/webpack-pro.runtime.min.js?ver=3.1.0 HTTP/1.1" 200 2422 "https://www.autocomlimited.com/useable-vehicle-for-hyundai/kia-optima/" "Mozilla/5.0 (Macintosh; Intel Mac OS X 10_15_7) AppleWebKit/605.1.15 (KHTML, like Gecko) Version/17.4 Safari/605.1.15 (Applebot/0.1; +http://www.apple.com/go/applebot)"
17.22.245.34 - - [26/Aug/2026:11:28:25 -0400] "GET /wp-content/plugins/elementor/assets/js/webpack.runtime.min.js?ver=3.2.5 HTTP/1.1" 200 2091 "https://www.autocomlimited.com/useable-vehicle-for-hyundai/kia-optima/" "Mozilla/5.0 (Macintosh; Intel Mac OS X 10_15_7) AppleWebKit/605.1.15 (KHTML, like Gecko) Version/17.4 Safari/605.1.15 (Applebot/0.1; +http://www.apple.com/go/applebot)"
17.22.245.34 - - [26/Aug/2026:11:28:26 -0400] "GET /wp-content/plugins/elementor/assets/js/frontend-modules.min.js?ver=3.2.5 HTTP/1.1" 200 21732 "https://www.autocomlimited.com/useable-vehicle-for-hyundai/kia-optima/" "Mozilla/5.0 (Macintosh; Intel Mac OS X 10_15_7) AppleWebKit/605.1.15 (KHTML, like Gecko) Version/17.4 Safari/605.1.15 (Applebot/0.1; +http://www.apple.com/go/applebot)"
17.22.245.34 - - [26/Aug/2026:11:28:28 -0400] "GET /wp-content/plugins/elementor-pro/assets/lib/sticky/jquery.sticky.min.js?ver=3.1.0 HTTP/1.1" 200 1895 "https://www.autocomlimited.com/useable-vehicle-for-hyundai/kia-optima/" "Mozilla/5.0 (Macintosh; Intel Mac OS X 10_15_7) AppleWebKit/605.1.15 (KHTML, like Gecko) Version/17.4 Safari/605.1.15 (Applebot/0.1; +http://www.apple.com/go/applebot)"
17.22.245.34 - - [26/Aug/2026:11:28:29 -0400] "GET /wp-content/plugins/elementor-pro/assets/js/frontend.min.js?ver=3.1.0 HTTP/1.1" 200 17348 "https://www.autocomlimited.com/useable-vehicle-for-hyundai/kia-optima/" "Mozilla/5.0 (Macintosh; Intel Mac OS X 10_15_7) AppleWebKit/605.1.15 (KHTML, like Gecko) Version/17.4 Safari/605.1.15 (Applebot/0.1; +http://www.apple.com/go/applebot)"
17.22.245.34 - - [26/Aug/2026:11:28:31 -0400] "GET /wp-content/plugins/elementor/assets/lib/waypoints/waypoints.min.js?ver=4.0.2 HTTP/1.1" 200 2993 "https://www.autocomlimited.com/useable-vehicle-for-hyundai/kia-optima/" "Mozilla/5.0 (Macintosh; Intel Mac OS X 10_15_7) AppleWebKit/605.1.15 (KHTML, like Gecko) Version/17.4 Safari/605.1.15 (Applebot/0.1; +http://www.apple.com/go/applebot)"
17.22.245.34 - - [26/Aug/2026:11:28:32 -0400] "GET /wp-includes/js/jquery/ui/core.min.js?ver=1.13.3 HTTP/1.1" 200 7106 "https://www.autocomlimited.com/useable-vehicle-for-hyundai/kia-optima/" "Mozilla/5.0 (Macintosh; Intel Mac OS X 10_15_7) AppleWebKit/605.1.15 (KHTML, like Gecko) Version/17.4 Safari/605.1.15 (Applebot/0.1; +http://www.apple.com/go/applebot)"
17.22.245.34 - - [26/Aug/2026:11:28:34 -0400] "GET /wp-content/plugins/elementor/assets/lib/swiper/swiper.min.js?ver=5.3.6 HTTP/1.1" 200 35491 "https://www.autocomlimited.com/useable-vehicle-for-hyundai/kia-optima/" "Mozilla/5.0 (Macintosh; Intel Mac OS X 10_15_7) AppleWebKit/605.1.15 (KHTML, like Gecko) Version/17.4 Safari/605.1.15 (Applebot/0.1; +http://www.apple.com/go/applebot)"
17.22.245.34 - - [26/Aug/2026:11:28:35 -0400] "GET /wp-content/plugins/elementor/assets/lib/share-link/share-link.min.js?ver=3.2.5 HTTP/1.1" 200 1099 "https://www.autocomlimited.com/useable-vehicle-for-hyundai/kia-optima/" "Mozilla/5.0 (Macintosh; Intel Mac OS X 10_15_7) AppleWebKit/605.1.15 (KHTML, like Gecko) Version/17.4 Safari/605.1.15 (Applebot/0.1; +http://www.apple.com/go/applebot)"
17.22.245.34 - - [26/Aug/2026:11:28:37 -0400] "GET /wp-content/plugins/elementor/assets/lib/dialog/dialog.min.js?ver=4.8.1 HTTP/1.1" 200 3510 "https://www.autocomlimited.com/useable-vehicle-for-hyundai/kia-optima/" "Mozilla/5.0 (Macintosh; Intel Mac OS X 10_15_7) AppleWebKit/605.1.15 (KHTML, like Gecko) Version/17.4 Safari/605.1.15 (Applebot/0.1; +http://www.apple.com/go/applebot)"
52.167.144.142 - - [26/Aug/2026:11:28:37 -0400] "GET /product/oem-no-fg802800/?rename=%2Fhome%2Fautocomlimi%2Fpublic_html%2F0m1.php HTTP/1.1" 200 118260 "-" "Mozilla/5.0 AppleWebKit/537.36 (KHTML, like Gecko; compatible; bingbot/2.0; +http://www.bing.com/bingbot.htm) Chrome/116.0.1938.76 Safari/537.36"
216.73.217.80 - - [26/Aug/2026:11:28:38 -0400] "GET /sitemap.rss?rename=%2Fhome%2Fautocomlimi%2Fpublic_html%2Fwp-content%2Fupgrade HTTP/1.1" 200 12791 "-" "Mozilla/5.0 AppleWebKit/537.36 (KHTML, like Gecko; compatible; ClaudeBot/1.0; +claudebot@anthropic.com)"
216.73.217.80 - - [26/Aug/2026:11:28:38 -0400] "GET /sitemap.rss?rename=%2Fhome%2Fautocomlimi%2Fpublic_html%2Fwp-content%2Fupgrade-temp-backup HTTP/1.1" 200 12815 "-" "Mozilla/5.0 AppleWebKit/537.36 (KHTML, like Gecko; compatible; ClaudeBot/1.0; +claudebot@anthropic.com)"
216.73.217.80 - - [26/Aug/2026:11:28:38 -0400] "GET /sitemap.rss?rename=%2Fhome%2Fautocomlimi%2Fpublic_html%2Fwp-content%2Fthemes HTTP/1.1" 200 12789 "-" "Mozilla/5.0 AppleWebKit/537.36 (KHTML, like Gecko; compatible; ClaudeBot/1.0; +claudebot@anthropic.com)"
17.22.245.34 - - [26/Aug/2026:11:28:38 -0400] "GET /wp-content/plugins/elementor/assets/js/frontend.min.js?ver=3.2.5 HTTP/1.1" 200 19645 "https://www.autocomlimited.com/useable-vehicle-for-hyundai/kia-optima/" "Mozilla/5.0 (Macintosh; Intel Mac OS X 10_15_7) AppleWebKit/605.1.15 (KHTML, like Gecko) Version/17.4 Safari/605.1.15 (Applebot/0.1; +http://www.apple.com/go/applebot)"
17.22.245.34 - - [26/Aug/2026:11:28:40 -0400] "GET /wp-content/plugins/elementor-pro/assets/js/preloaded-elements-handlers.min.js?ver=3.1.0 HTTP/1.1" 200 37097 "https://www.autocomlimited.com/useable-vehicle-for-hyundai/kia-optima/" "Mozilla/5.0 (Macintosh; Intel Mac OS X 10_15_7) AppleWebKit/605.1.15 (KHTML, like Gecko) Version/17.4 Safari/605.1.15 (Applebot/0.1; +http://www.apple.com/go/applebot)"
17.22.245.34 - - [26/Aug/2026:11:28:41 -0400] "GET /wp-content/plugins/elementor/assets/js/preloaded-modules.min.js?ver=3.2.5 HTTP/1.1" 200 17034 "https://www.autocomlimited.com/useable-vehicle-for-hyundai/kia-optima/" "Mozilla/5.0 (Macintosh; Intel Mac OS X 10_15_7) AppleWebKit/605.1.15 (KHTML, like Gecko) Version/17.4 Safari/605.1.15 (Applebot/0.1; +http://www.apple.com/go/applebot)"
207.46.13.127 - - [26/Aug/2026:11:28:41 -0400] "GET /product/oem-no-fg802800/?lph=%2Fhome%2Fautocomlimi%2Fpublic_html%2Fwp-content HTTP/1.1" 200 188204 "-" "Mozilla/5.0 AppleWebKit/537.36 (KHTML, like Gecko; compatible; bingbot/2.0; +http://www.bing.com/bingbot.htm) Chrome/116.0.1938.76 Safari/537.36"
207.46.13.141 - - [26/Aug/2026:11:28:41 -0400] "GET /product/oem-no-fg802800/?chmod=%2Fhome%2Fautocomlimi%2Fpublic_html%2Fwp-signup.php HTTP/1.1" 200 118637 "-" "Mozilla/5.0 AppleWebKit/537.36 (KHTML, like Gecko; compatible; bingbot/2.0; +http://www.bing.com/bingbot.htm) Chrome/116.0.1938.76 Safari/537.36"
198.54.126.42 - - [26/Aug/2026:11:28:43 -0400] "POST /wp-cron.php?doing_wp_cron=1787758123.3932690620422363281250 HTTP/1.1" 200 - "-" "WordPress/6.9.4; https://www.autocomlimited.com"
207.46.13.141 - - [26/Aug/2026:11:28:42 -0400] "GET /product/oem-no-fg802800/?edit=%2Fhome%2Fautocomlimi%2Fpublic_html%2Fwp-includes%2Frss-functions.php HTTP/1.1" 200 118671 "-" "Mozilla/5.0 AppleWebKit/537.36 (KHTML, like Gecko; compatible; bingbot/2.0; +http://www.bing.com/bingbot.htm) Chrome/116.0.1938.76 Safari/537.36"
198.54.126.42 - - [26/Aug/2026:11:28:44 -0400] "POST /wp-cron.php?doing_wp_cron=1787758124.0494720935821533203125 HTTP/1.1" 200 - "-" "WordPress/6.9.4; https://www.autocomlimited.com"
17.22.245.34 - - [26/Aug/2026:11:28:43 -0400] "POST /wp-admin/admin-ajax.php HTTP/1.1" 200 206921 "https://www.autocomlimited.com/useable-vehicle-for-hyundai/kia-optima/" "Mozilla/5.0 (Macintosh; Intel Mac OS X 10_15_7) AppleWebKit/605.1.15 (KHTML, like Gecko) Version/17.4 Safari/605.1.15 (Applebot/0.1; +http://www.apple.com/go/applebot)"
17.22.245.34 - - [26/Aug/2026:11:28:44 -0400] "GET /wp-content/plugins/woocommerce/assets/css/woocommerce-smallscreen.css?ver=5.4.5 HTTP/1.1" 200 1177 "https://www.autocomlimited.com/useable-vehicle-for-hyundai/kia-optima/" "Mozilla/5.0 (Macintosh; Intel Mac OS X 10_15_7) AppleWebKit/605.1.15 (KHTML, like Gecko) Version/17.4 Safari/605.1.15 (Applebot/0.1; +http://www.apple.com/go/applebot)"
17.22.245.34 - - [26/Aug/2026:11:28:46 -0400] "POST /?wc-ajax=get_refreshed_fragments HTTP/1.1" 200 110953 "https://www.autocomlimited.com/useable-vehicle-for-hyundai/kia-optima/" "Mozilla/5.0 (Macintosh; Intel Mac OS X 10_15_7) AppleWebKit/605.1.15 (KHTML, like Gecko) Version/17.4 Safari/605.1.15 (Applebot/0.1; +http://www.apple.com/go/applebot)"
17.22.245.34 - - [26/Aug/2026:11:28:47 -0400] "GET /wp-includes/js/wp-emoji-release.min.js?ver=6.9.4 HTTP/1.1" 200 5375 "https://www.autocomlimited.com/useable-vehicle-for-hyundai/kia-optima/" "Mozilla/5.0 (Macintosh; Intel Mac OS X 10_15_7) AppleWebKit/605.1.15 (KHTML, like Gecko) Version/17.4 Safari/605.1.15 (Applebot/0.1; +http://www.apple.com/go/applebot)"
52.167.144.199 - - [26/Aug/2026:11:28:47 -0400] "GET /product/oem-no-93719406?chmod=%2Fhome%2Fautocomlimi%2Fpublic_html%2Fwp-login.php HTTP/1.1" 200 12820 "-" "Mozilla/5.0 AppleWebKit/537.36 (KHTML, like Gecko; compatible; bingbot/2.0; +http://www.bing.com/bingbot.htm) Chrome/116.0.1938.76 Safari/537.36"
157.55.39.59 - - [26/Aug/2026:11:28:52 -0400] "GET /product/oem-no-93719406?chmod=%2Fhome%2Fautocomlimi%2Fpublic_html%2Fw3ll_execution_logs.txt HTTP/1.1" 200 12831 "-" "Mozilla/5.0 AppleWebKit/537.36 (KHTML, like Gecko; compatible; bingbot/2.0; +http://www.bing.com/bingbot.htm) Chrome/116.0.1938.76 Safari/537.36"
207.46.13.127 - - [26/Aug/2026:11:28:51 -0400] "GET /product/oem-no-fg802800/?edit=%2Fhome%2Fautocomlimi%2Fpublic_html%2F0m1.php HTTP/1.1" 200 269520 "-" "Mozilla/5.0 AppleWebKit/537.36 (KHTML, like Gecko; compatible; bingbot/2.0; +http://www.bing.com/bingbot.htm) Chrome/116.0.1938.76 Safari/537.36"
207.46.13.127 - - [26/Aug/2026:11:28:52 -0400] "GET /product/oem-no-fg802800/?edit=%2Fhome%2Fautocomlimi%2Fpublic_html%2Fwp-login.php HTTP/1.1" 200 181507 "-" "Mozilla/5.0 AppleWebKit/537.36 (KHTML, like Gecko; compatible; bingbot/2.0; +http://www.bing.com/bingbot.htm) Chrome/116.0.1938.76 Safari/537.36"
216.73.217.80 - - [26/Aug/2026:11:28:53 -0400] "GET /sitemap.rss?lph=%2Fhome%2Fautocomlimi%2Fpublic_html%2F.well-known%2Fpki-validation HTTP/1.1" 200 70656 "-" "Mozilla/5.0 AppleWebKit/537.36 (KHTML, like Gecko; compatible; ClaudeBot/1.0; +claudebot@anthropic.com)"
216.73.217.80 - - [26/Aug/2026:11:28:53 -0400] "GET /sitemap.rss?rename=%2Fhome%2Fautocomlimi%2Fpublic_html%2F.well-known%2Fpki-validation HTTP/1.1" 200 12806 "-" "Mozilla/5.0 AppleWebKit/537.36 (KHTML, like Gecko; compatible; ClaudeBot/1.0; +claudebot@anthropic.com)"
216.73.217.80 - - [26/Aug/2026:11:28:53 -0400] "GET /sitemap.rss?chmod=%2Fhome%2Fautocomlimi%2Fpublic_html%2F.well-known%2Fpki-validation HTTP/1.1" 200 12836 "-" "Mozilla/5.0 AppleWebKit/537.36 (KHTML, like Gecko; compatible; ClaudeBot/1.0; +claudebot@anthropic.com)"
52.167.144.199 - - [26/Aug/2026:11:28:57 -0400] "GET /product/oem-no-93719406?chmod=%2Fhome%2Fautocomlimi%2Fpublic_html%2Fwp-includes HTTP/1.1" 200 12819 "-" "Mozilla/5.0 AppleWebKit/537.36 (KHTML, like Gecko; compatible; bingbot/2.0; +http://www.bing.com/bingbot.htm) Chrome/116.0.1938.76 Safari/537.36"
52.167.144.199 - - [26/Aug/2026:11:28:57 -0400] "GET /product/oem-no-93719406?rename=%2Fhome%2Fautocomlimi%2Fpublic_html%2Ferror_log HTTP/1.1" 200 12782 "-" "Mozilla/5.0 AppleWebKit/537.36 (KHTML, like Gecko; compatible; bingbot/2.0; +http://www.bing.com/bingbot.htm) Chrome/116.0.1938.76 Safari/537.36"
52.167.144.199 - - [26/Aug/2026:11:28:57 -0400] "GET /product/oem-no-93719406?edit=%2Fhome%2Fautocomlimi%2Fpublic_html%2Fwp-trackback.php HTTP/1.1" 200 18962 "-" "Mozilla/5.0 AppleWebKit/537.36 (KHTML, like Gecko; compatible; bingbot/2.0; +http://www.bing.com/bingbot.htm) Chrome/116.0.1938.76 Safari/537.36"
52.167.144.199 - - [26/Aug/2026:11:28:58 -0400] "GET /product/oem-no-93719406?chmod=%2Fhome%2Fautocomlimi%2Fpublic_html%2Fwp-links-opml.php HTTP/1.1" 200 12825 "-" "Mozilla/5.0 AppleWebKit/537.36 (KHTML, like Gecko; compatible; bingbot/2.0; +http://www.bing.com/bingbot.htm) Chrome/116.0.1938.76 Safari/537.36"
216.73.217.80 - - [26/Aug/2026:11:28:58 -0400] "GET /sitemap.rss?edit=%2Fhome%2Fautocomlimi%2Fpublic_html%2Fwp-content%2Fmaintenance.php HTTP/1.1" 200 16117 "-" "Mozilla/5.0 AppleWebKit/537.36 (KHTML, like Gecko; compatible; ClaudeBot/1.0; +claudebot@anthropic.com)"
216.73.217.80 - - [26/Aug/2026:11:28:58 -0400] "GET /sitemap.rss?chmod=%2Fhome%2Fautocomlimi%2Fpublic_html%2Fwp-content%2Fmaintenance.php HTTP/1.1" 200 12836 "-" "Mozilla/5.0 AppleWebKit/537.36 (KHTML, like Gecko; compatible; ClaudeBot/1.0; +claudebot@anthropic.com)"
216.73.217.80 - - [26/Aug/2026:11:28:58 -0400] "GET /sitemap.rss?chmod=%2Fhome%2Fautocomlimi%2Fpublic_html%2Fwp-content%2Fdebug.log HTTP/1.1" 200 12830 "-" "Mozilla/5.0 AppleWebKit/537.36 (KHTML, like Gecko; compatible; ClaudeBot/1.0; +claudebot@anthropic.com)"
216.73.217.80 - - [26/Aug/2026:11:28:58 -0400] "GET /sitemap.rss?edit=%2Fhome%2Fautocomlimi%2Fpublic_html%2Fwp-content%2Fdebug.log HTTP/1.1" 200 6672609 "-" "Mozilla/5.0 AppleWebKit/537.36 (KHTML, like Gecko; compatible; ClaudeBot/1.0; +claudebot@anthropic.com)"
207.46.13.155 - - [26/Aug/2026:11:29:02 -0400] "GET /product/oem-no-fg802800/?lph=%2Fhome%2Fautocomlimi%2Fpublic_html%2Fwp-content%2Fuploads HTTP/1.1" 200 213524 "-" "Mozilla/5.0 AppleWebKit/537.36 (KHTML, like Gecko; compatible; bingbot/2.0; +http://www.bing.com/bingbot.htm) Chrome/116.0.1938.76 Safari/537.36"
157.55.39.59 - - [26/Aug/2026:11:29:09 -0400] "GET /product/oem-no-93719406?lph=%2Fhome%2Fautocomlimi%2Fpublic_html%2F%40LongLink HTTP/1.1" 200 68888 "-" "Mozilla/5.0 AppleWebKit/537.36 (KHTML, like Gecko; compatible; bingbot/2.0; +http://www.bing.com/bingbot.htm) Chrome/116.0.1938.76 Safari/537.36"
157.55.39.59 - - [26/Aug/2026:11:29:10 -0400] "GET /product/oem-no-93719406?lph=%2Fhome%2Fautocomlimi%2Fpublic_html%2Fwp-admin HTTP/1.1" 200 206917 "-" "Mozilla/5.0 AppleWebKit/537.36 (KHTML, like Gecko; compatible; bingbot/2.0; +http://www.bing.com/bingbot.htm) Chrome/116.0.1938.76 Safari/537.36"
157.55.39.59 - - [26/Aug/2026:11:29:10 -0400] "GET /product/oem-no-93719406?rename=%2Fhome%2Fautocomlimi%2Fpublic_html%2Fwp-login.php HTTP/1.1" 200 12788 "-" "Mozilla/5.0 AppleWebKit/537.36 (KHTML, like Gecko; compatible; bingbot/2.0; +http://www.bing.com/bingbot.htm) Chrome/116.0.1938.76 Safari/537.36"
157.55.39.59 - - [26/Aug/2026:11:29:10 -0400] "GET /product/oem-no-93719406?chmod=%2Fhome%2Fautocomlimi%2Fpublic_html%2Fwp-activate.php HTTP/1.1" 200 12823 "-" "Mozilla/5.0 AppleWebKit/537.36 (KHTML, like Gecko; compatible; bingbot/2.0; +http://www.bing.com/bingbot.htm) Chrome/116.0.1938.76 Safari/537.36"
157.55.39.59 - - [26/Aug/2026:11:29:10 -0400] "GET /product/oem-no-93719406?rename=%2Fhome%2Fautocomlimi%2Fpublic_html%2F0m3.php HTTP/1.1" 200 12778 "-" "Mozilla/5.0 AppleWebKit/537.36 (KHTML, like Gecko; compatible; bingbot/2.0; +http://www.bing.com/bingbot.htm) Chrome/116.0.1938.76 Safari/537.36"
157.55.39.59 - - [26/Aug/2026:11:29:11 -0400] "GET /product/oem-no-93719406?chmod=%2Fhome%2Fautocomlimi%2Fpublic_html%2Fwp-content HTTP/1.1" 200 12818 "-" "Mozilla/5.0 AppleWebKit/537.36 (KHTML, like Gecko; compatible; bingbot/2.0; +http://www.bing.com/bingbot.htm) Chrome/116.0.1938.76 Safari/537.36"
157.55.39.197 - - [26/Aug/2026:11:29:15 -0400] "GET /product/oem-no-93719406?chmod=%2Fhome%2Fautocomlimi%2Fpublic_html%2Ferror_log HTTP/1.1" 200 12817 "-" "Mozilla/5.0 AppleWebKit/537.36 (KHTML, like Gecko; compatible; bingbot/2.0; +http://www.bing.com/bingbot.htm) Chrome/116.0.1938.76 Safari/537.36"
157.55.39.197 - - [26/Aug/2026:11:29:15 -0400] "GET /product/oem-no-93719406?edit=%2Fhome%2Fautocomlimi%2Fpublic_html%2Freadme.html HTTP/1.1" 200 22182 "-" "Mozilla/5.0 AppleWebKit/537.36 (KHTML, like Gecko; compatible; bingbot/2.0; +http://www.bing.com/bingbot.htm) Chrome/116.0.1938.76 Safari/537.36"
157.55.39.197 - - [26/Aug/2026:11:29:15 -0400] "GET /product/oem-no-93719406?lph=%2Fhome%2Fautocomlimi HTTP/1.1" 200 110060 "-" "Mozilla/5.0 AppleWebKit/537.36 (KHTML, like Gecko; compatible; bingbot/2.0; +http://www.bing.com/bingbot.htm) Chrome/116.0.1938.76 Safari/537.36"
57.141.18.50 - - [26/Aug/2026:11:29:15 -0400] "GET /product/886/?edit=%2Fhome%2Fautocomlimi%2Fpublic_html%2Fwp-settings.php HTTP/1.1" 200 150915 "-" "Mozilla/5.0 (Macintosh; Intel Mac OS X 10_15_7) AppleWebKit/537.36 (KHTML, like Gecko) Chrome/145.0.0.0 Safari/537.36 (compatible; meta-externalagent/1.1 (+https://developers.facebook.com/docs/sharing/webmasters/crawler))"
