158.23.184.117 - - [26/Aug/2026:11:09:17 -0400] "GET /wp.php HTTP/1.1" 200 109954 "-" "Mozilla/5.0 (Windows NT 10.0; Win64; x64) AppleWebKit/537.36 (KHTML, like Gecko) Chrome/120.0.0.0 Safari/537.36"
157.55.39.59 - - [26/Aug/2026:11:09:16 -0400] "GET /product/oem-no-24479051/?chmod=%2Fhome%2Fautocomlimi%2Fpublic_html%2Fwp-load.php HTTP/1.1" 200 117490 "-" "Mozilla/5.0 AppleWebKit/537.36 (KHTML, like Gecko; compatible; bingbot/2.0; +http://www.bing.com/bingbot.htm) Chrome/116.0.1938.76 Safari/537.36"
157.55.39.59 - - [26/Aug/2026:11:09:17 -0400] "GET /product/oem-no-24479051/?edit=%2Fhome%2Fautocomlimi%2Fpublic_html%2Fwp-links-opml.php HTTP/1.1" 200 121193 "-" "Mozilla/5.0 AppleWebKit/537.36 (KHTML, like Gecko; compatible; bingbot/2.0; +http://www.bing.com/bingbot.htm) Chrome/116.0.1938.76 Safari/537.36"
157.55.39.59 - - [26/Aug/2026:11:09:18 -0400] "GET /product/oem-no-24479051/?chmod=%2Fhome%2Fautocomlimi%2Fpublic_html%2Fwp-trackback.php HTTP/1.1" 200 117465 "-" "Mozilla/5.0 AppleWebKit/537.36 (KHTML, like Gecko; compatible; bingbot/2.0; +http://www.bing.com/bingbot.htm) Chrome/116.0.1938.76 Safari/537.36"
157.55.39.59 - - [26/Aug/2026:11:09:19 -0400] "GET /product/oem-no-24479051/?rename=%2Fhome%2Fautocomlimi%2Fpublic_html%2Fwp-config.php HTTP/1.1" 403 214690 "-" "Mozilla/5.0 AppleWebKit/537.36 (KHTML, like Gecko; compatible; bingbot/2.0; +http://www.bing.com/bingbot.htm) Chrome/116.0.1938.76 Safari/537.36"
158.23.184.117 - - [26/Aug/2026:11:09:19 -0400] "GET /155.php HTTP/1.1" 200 109954 "-" "Mozilla/5.0 (Windows NT 10.0; Win64; x64) AppleWebKit/537.36 (KHTML, like Gecko) Chrome/120.0.0.0 Safari/537.36"
157.55.39.59 - - [26/Aug/2026:11:09:20 -0400] "GET /product/oem-no-24479051/?rename=%2Fhome%2Fautocomlimi%2Fpublic_html%2Fcp_errordocument.shtml HTTP/1.1" 200 117769 "-" "Mozilla/5.0 AppleWebKit/537.36 (KHTML, like Gecko; compatible; bingbot/2.0; +http://www.bing.com/bingbot.htm) Chrome/116.0.1938.76 Safari/537.36"
157.55.39.59 - - [26/Aug/2026:11:09:20 -0400] "GET /product/oem-no-24479051/?edit=%2Fhome%2Fautocomlimi%2Fpublic_html%2Fwp-cron.php HTTP/1.1" 200 123770 "-" "Mozilla/5.0 AppleWebKit/537.36 (KHTML, like Gecko; compatible; bingbot/2.0; +http://www.bing.com/bingbot.htm) Chrome/116.0.1938.76 Safari/537.36"
158.23.184.117 - - [26/Aug/2026:11:09:21 -0400] "GET /96i.php HTTP/1.1" 200 109954 "-" "Mozilla/5.0 (Windows NT 10.0; Win64; x64) AppleWebKit/537.36 (KHTML, like Gecko) Chrome/120.0.0.0 Safari/537.36"
157.55.39.59 - - [26/Aug/2026:11:09:21 -0400] "GET /product/oem-no-24479051/?rename=%2Fhome%2Fautocomlimi%2Fpublic_html%2F0m33.php HTTP/1.1" 200 117457 "-" "Mozilla/5.0 AppleWebKit/537.36 (KHTML, like Gecko; compatible; bingbot/2.0; +http://www.bing.com/bingbot.htm) Chrome/116.0.1938.76 Safari/537.36"
157.55.39.59 - - [26/Aug/2026:11:09:22 -0400] "GET /product/oem-no-24479051/?rename=%2Fhome%2Fautocomlimi%2Fpublic_html%2Fwp-links-opml.php HTTP/1.1" 200 117488 "-" "Mozilla/5.0 AppleWebKit/537.36 (KHTML, like Gecko; compatible; bingbot/2.0; +http://www.bing.com/bingbot.htm) Chrome/116.0.1938.76 Safari/537.36"
157.55.39.59 - - [26/Aug/2026:11:09:23 -0400] "GET /product/oem-no-24479051/?chmod=%2Fhome%2Fautocomlimi%2Fpublic_html%2F0m1.php HTTP/1.1" 200 117473 "-" "Mozilla/5.0 AppleWebKit/537.36 (KHTML, like Gecko; compatible; bingbot/2.0; +http://www.bing.com/bingbot.htm) Chrome/116.0.1938.76 Safari/537.36"
158.23.184.117 - - [26/Aug/2026:11:09:24 -0400] "GET /as.php HTTP/1.1" 200 109954 "-" "Mozilla/5.0 (Windows NT 10.0; Win64; x64) AppleWebKit/537.36 (KHTML, like Gecko) Chrome/120.0.0.0 Safari/537.36"
157.55.39.59 - - [26/Aug/2026:11:09:24 -0400] "GET /product/oem-no-24479051/?chmod=%2Fhome%2Fautocomlimi%2Fpublic_html%2Fwp-content HTTP/1.1" 200 118049 "-" "Mozilla/5.0 AppleWebKit/537.36 (KHTML, like Gecko; compatible; bingbot/2.0; +http://www.bing.com/bingbot.htm) Chrome/116.0.1938.76 Safari/537.36"
157.55.39.59 - - [26/Aug/2026:11:09:25 -0400] "GET /product/oem-no-24479051/?edit=%2Fhome%2Fautocomlimi%2Fpublic_html%2Fwp-blog-header.php HTTP/1.1" 200 118230 "-" "Mozilla/5.0 AppleWebKit/537.36 (KHTML, like Gecko; compatible; bingbot/2.0; +http://www.bing.com/bingbot.htm) Chrome/116.0.1938.76 Safari/537.36"
157.55.39.59 - - [26/Aug/2026:11:09:26 -0400] "GET /product/oem-no-24479051/?chmod=%2Fhome%2Fautocomlimi%2Fpublic_html%2Fphp.ini HTTP/1.1" 200 117747 "-" "Mozilla/5.0 AppleWebKit/537.36 (KHTML, like Gecko; compatible; bingbot/2.0; +http://www.bing.com/bingbot.htm) Chrome/116.0.1938.76 Safari/537.36"
157.55.39.59 - - [26/Aug/2026:11:09:26 -0400] "GET /product/oem-no-24479051/?rename=%2Fhome%2Fautocomlimi%2Fpublic_html%2Fwp-activate.php HTTP/1.1" 200 117798 "-" "Mozilla/5.0 AppleWebKit/537.36 (KHTML, like Gecko; compatible; bingbot/2.0; +http://www.bing.com/bingbot.htm) Chrome/116.0.1938.76 Safari/537.36"
158.23.184.117 - - [26/Aug/2026:11:09:28 -0400] "GET /min.php HTTP/1.1" 200 109954 "-" "Mozilla/5.0 (Windows NT 10.0; Win64; x64) AppleWebKit/537.36 (KHTML, like Gecko) Chrome/120.0.0.0 Safari/537.36"
157.55.39.59 - - [26/Aug/2026:11:09:27 -0400] "GET /product/oem-no-24479051/?edit=%2Fhome%2Fautocomlimi%2Fpublic_html%2Findex.php HTTP/1.1" 200 118293 "-" "Mozilla/5.0 AppleWebKit/537.36 (KHTML, like Gecko; compatible; bingbot/2.0; +http://www.bing.com/bingbot.htm) Chrome/116.0.1938.76 Safari/537.36"
40.77.167.73 - - [26/Aug/2026:11:09:28 -0400] "GET /product/oem-no-24479051/?edit=%2Fhome%2Fautocomlimi%2Fpublic_html%2Fwp-config.php HTTP/1.1" 403 214674 "-" "Mozilla/5.0 AppleWebKit/537.36 (KHTML, like Gecko; compatible; bingbot/2.0; +http://www.bing.com/bingbot.htm) Chrome/116.0.1938.76 Safari/537.36"
40.77.167.73 - - [26/Aug/2026:11:09:29 -0400] "GET /product/oem-no-24479051/?edit=%2Fhome%2Fautocomlimi%2Fpublic_html%2Fphp.ini HTTP/1.1" 200 118099 "-" "Mozilla/5.0 AppleWebKit/537.36 (KHTML, like Gecko; compatible; bingbot/2.0; +http://www.bing.com/bingbot.htm) Chrome/116.0.1938.76 Safari/537.36"
158.23.184.117 - - [26/Aug/2026:11:09:30 -0400] "GET /.well-known/ HTTP/1.1" 200 372 "-" "Mozilla/5.0 (Windows NT 10.0; Win64; x64) AppleWebKit/537.36 (KHTML, like Gecko) Chrome/120.0.0.0 Safari/537.36"
158.23.184.117 - - [26/Aug/2026:11:09:31 -0400] "GET /php8.php HTTP/1.1" 200 109954 "-" "Mozilla/5.0 (Windows NT 10.0; Win64; x64) AppleWebKit/537.36 (KHTML, like Gecko) Chrome/120.0.0.0 Safari/537.36"
158.23.184.117 - - [26/Aug/2026:11:09:34 -0400] "GET /wp-content/admin.php HTTP/1.1" 200 109954 "-" "Mozilla/5.0 (Windows NT 10.0; Win64; x64) AppleWebKit/537.36 (KHTML, like Gecko) Chrome/120.0.0.0 Safari/537.36"
158.23.184.117 - - [26/Aug/2026:11:09:38 -0400] "GET /222.php HTTP/1.1" 200 109954 "-" "Mozilla/5.0 (Windows NT 10.0; Win64; x64) AppleWebKit/537.36 (KHTML, like Gecko) Chrome/120.0.0.0 Safari/537.36"
157.55.39.59 - - [26/Aug/2026:11:09:37 -0400] "GET /product/oem-no-24479051/?chmod=%2Fhome%2Fautocomlimi%2Fpublic_html%2Fwp-config.php HTTP/1.1" 403 215179 "-" "Mozilla/5.0 AppleWebKit/537.36 (KHTML, like Gecko; compatible; bingbot/2.0; +http://www.bing.com/bingbot.htm) Chrome/116.0.1938.76 Safari/537.36"
157.55.39.59 - - [26/Aug/2026:11:09:38 -0400] "GET /product/oem-no-24479051/?lph=%2Fhome%2Fautocomlimi%2Fpublic_html%2Fcgi-bin HTTP/1.1" 200 174097 "-" "Mozilla/5.0 AppleWebKit/537.36 (KHTML, like Gecko; compatible; bingbot/2.0; +http://www.bing.com/bingbot.htm) Chrome/116.0.1938.76 Safari/537.36"
158.23.184.117 - - [26/Aug/2026:11:09:39 -0400] "GET /wp-content/themes/pridmag/il.php HTTP/1.1" 200 109954 "-" "Mozilla/5.0 (Windows NT 10.0; Win64; x64) AppleWebKit/537.36 (KHTML, like Gecko) Chrome/120.0.0.0 Safari/537.36"
158.23.184.117 - - [26/Aug/2026:11:09:41 -0400] "GET /info.php HTTP/1.1" 200 109954 "-" "Mozilla/5.0 (Windows NT 10.0; Win64; x64) AppleWebKit/537.36 (KHTML, like Gecko) Chrome/120.0.0.0 Safari/537.36"
198.54.126.42 - - [26/Aug/2026:11:09:44 -0400] "POST /wp-cron.php?doing_wp_cron=1787756984.1632239818572998046875 HTTP/1.1" 200 - "-" "WordPress/6.9.4; https://www.autocomlimited.com"
158.23.184.117 - - [26/Aug/2026:11:09:43 -0400] "GET /a.php HTTP/1.1" 200 109954 "-" "Mozilla/5.0 (Windows NT 10.0; Win64; x64) AppleWebKit/537.36 (KHTML, like Gecko) Chrome/120.0.0.0 Safari/537.36"
158.23.184.117 - - [26/Aug/2026:11:09:46 -0400] "GET /chosen.php HTTP/1.1" 200 109954 "-" "Mozilla/5.0 (Windows NT 10.0; Win64; x64) AppleWebKit/537.36 (KHTML, like Gecko) Chrome/120.0.0.0 Safari/537.36"
207.46.13.127 - - [26/Aug/2026:11:09:47 -0400] "GET /product/oem-no-24479051/?rename=%2Fhome%2Fautocomlimi%2Fpublic_html%2Fwp-config.php HTTP/1.1" 403 214865 "-" "Mozilla/5.0 AppleWebKit/537.36 (KHTML, like Gecko; compatible; bingbot/2.0; +http://www.bing.com/bingbot.htm) Chrome/116.0.1938.76 Safari/537.36"
158.23.184.117 - - [26/Aug/2026:11:09:50 -0400] "GET /wp-content/index.php HTTP/1.1" 200 - "-" "Mozilla/5.0 (Windows NT 10.0; Win64; x64) AppleWebKit/537.36 (KHTML, like Gecko) Chrome/120.0.0.0 Safari/537.36"
158.23.184.117 - - [26/Aug/2026:11:09:51 -0400] "GET /vx.php HTTP/1.1" 200 109954 "-" "Mozilla/5.0 (Windows NT 10.0; Win64; x64) AppleWebKit/537.36 (KHTML, like Gecko) Chrome/120.0.0.0 Safari/537.36"
158.23.184.117 - - [26/Aug/2026:11:09:55 -0400] "GET /admin/controller/extension/ HTTP/1.1" 200 109954 "-" "Mozilla/5.0 (Windows NT 10.0; Win64; x64) AppleWebKit/537.36 (KHTML, like Gecko) Chrome/120.0.0.0 Safari/537.36"
158.23.184.117 - - [26/Aug/2026:11:09:58 -0400] "GET /wap.php HTTP/1.1" 200 109954 "-" "Mozilla/5.0 (Windows NT 10.0; Win64; x64) AppleWebKit/537.36 (KHTML, like Gecko) Chrome/120.0.0.0 Safari/537.36"
158.23.184.117 - - [26/Aug/2026:11:10:03 -0400] "GET /bgymj.php HTTP/1.1" 200 109954 "-" "Mozilla/5.0 (Windows NT 10.0; Win64; x64) AppleWebKit/537.36 (KHTML, like Gecko) Chrome/120.0.0.0 Safari/537.36"
158.23.184.117 - - [26/Aug/2026:11:10:05 -0400] "GET /aa.php HTTP/1.1" 200 109954 "-" "Mozilla/5.0 (Windows NT 10.0; Win64; x64) AppleWebKit/537.36 (KHTML, like Gecko) Chrome/120.0.0.0 Safari/537.36"
158.23.184.117 - - [26/Aug/2026:11:10:08 -0400] "GET /wp-mail.php HTTP/1.1" 200 112508 "-" "Mozilla/5.0 (Windows NT 10.0; Win64; x64) AppleWebKit/537.36 (KHTML, like Gecko) Chrome/120.0.0.0 Safari/537.36"
20.15.133.184 - - [26/Aug/2026:11:10:09 -0400] "GET /product/oem-no-24479051/?chmod=%2Fhome%2Fautocomlimi%2Fpublic_html%2F.well-known HTTP/1.1" 200 117484 "-" "Mozilla/5.0 AppleWebKit/537.36 (KHTML, like Gecko; compatible; bingbot/2.0; +http://www.bing.com/bingbot.htm) Chrome/116.0.1938.76 Safari/537.36"
158.23.184.117 - - [26/Aug/2026:11:10:11 -0400] "GET /bolt.php HTTP/1.1" 200 109954 "-" "Mozilla/5.0 (Windows NT 10.0; Win64; x64) AppleWebKit/537.36 (KHTML, like Gecko) Chrome/120.0.0.0 Safari/537.36"
158.23.184.117 - - [26/Aug/2026:11:10:13 -0400] "GET /bthil.php HTTP/1.1" 200 109954 "-" "Mozilla/5.0 (Windows NT 10.0; Win64; x64) AppleWebKit/537.36 (KHTML, like Gecko) Chrome/120.0.0.0 Safari/537.36"
158.23.184.117 - - [26/Aug/2026:11:10:16 -0400] "GET /cgi-bin/ HTTP/1.1" 403 109954 "-" "Mozilla/5.0 (Windows NT 10.0; Win64; x64) AppleWebKit/537.36 (KHTML, like Gecko) Chrome/120.0.0.0 Safari/537.36"
158.23.184.117 - - [26/Aug/2026:11:10:20 -0400] "GET /x.php HTTP/1.1" 200 109954 "-" "Mozilla/5.0 (Windows NT 10.0; Win64; x64) AppleWebKit/537.36 (KHTML, like Gecko) Chrome/120.0.0.0 Safari/537.36"
158.23.184.117 - - [26/Aug/2026:11:10:23 -0400] "GET /index/function.php HTTP/1.1" 200 109954 "-" "Mozilla/5.0 (Windows NT 10.0; Win64; x64) AppleWebKit/537.36 (KHTML, like Gecko) Chrome/120.0.0.0 Safari/537.36"
158.23.184.117 - - [26/Aug/2026:11:10:26 -0400] "GET /aaa.php HTTP/1.1" 200 109954 "-" "Mozilla/5.0 (Windows NT 10.0; Win64; x64) AppleWebKit/537.36 (KHTML, like Gecko) Chrome/120.0.0.0 Safari/537.36"
158.23.184.117 - - [26/Aug/2026:11:10:31 -0400] "GET /abcd.php HTTP/1.1" 200 109954 "-" "Mozilla/5.0 (Windows NT 10.0; Win64; x64) AppleWebKit/537.36 (KHTML, like Gecko) Chrome/120.0.0.0 Safari/537.36"
158.23.184.117 - - [26/Aug/2026:11:10:34 -0400] "GET /wp-good.php HTTP/1.1" 200 109954 "-" "Mozilla/5.0 (Windows NT 10.0; Win64; x64) AppleWebKit/537.36 (KHTML, like Gecko) Chrome/120.0.0.0 Safari/537.36"
158.23.184.117 - - [26/Aug/2026:11:10:37 -0400] "GET /simple.php HTTP/1.1" 200 109954 "-" "Mozilla/5.0 (Windows NT 10.0; Win64; x64) AppleWebKit/537.36 (KHTML, like Gecko) Chrome/120.0.0.0 Safari/537.36"
158.23.184.117 - - [26/Aug/2026:11:10:41 -0400] "GET /edit-tags.php HTTP/1.1" 200 109954 "-" "Mozilla/5.0 (Windows NT 10.0; Win64; x64) AppleWebKit/537.36 (KHTML, like Gecko) Chrome/120.0.0.0 Safari/537.36"
198.54.126.42 - - [26/Aug/2026:11:10:43 -0400] "POST /wp-cron.php?doing_wp_cron=1787757043.7793428897857666015625 HTTP/1.1" 200 - "-" "WordPress/6.9.4; https://www.autocomlimited.com"
158.23.184.117 - - [26/Aug/2026:11:10:43 -0400] "GET /u.php HTTP/1.1" 200 109954 "-" "Mozilla/5.0 (Windows NT 10.0; Win64; x64) AppleWebKit/537.36 (KHTML, like Gecko) Chrome/120.0.0.0 Safari/537.36"
158.23.184.117 - - [26/Aug/2026:11:10:46 -0400] "GET /wp-content/themes/admin.php HTTP/1.1" 200 109954 "-" "Mozilla/5.0 (Windows NT 10.0; Win64; x64) AppleWebKit/537.36 (KHTML, like Gecko) Chrome/120.0.0.0 Safari/537.36"
158.23.184.117 - - [26/Aug/2026:11:10:48 -0400] "GET /h.php HTTP/1.1" 200 109954 "-" "Mozilla/5.0 (Windows NT 10.0; Win64; x64) AppleWebKit/537.36 (KHTML, like Gecko) Chrome/120.0.0.0 Safari/537.36"
158.23.184.117 - - [26/Aug/2026:11:10:52 -0400] "GET /ms-edit.php HTTP/1.1" 200 109954 "-" "Mozilla/5.0 (Windows NT 10.0; Win64; x64) AppleWebKit/537.36 (KHTML, like Gecko) Chrome/120.0.0.0 Safari/537.36"
158.23.184.117 - - [26/Aug/2026:11:10:56 -0400] "GET /a7.php HTTP/1.1" 200 109954 "-" "Mozilla/5.0 (Windows NT 10.0; Win64; x64) AppleWebKit/537.36 (KHTML, like Gecko) Chrome/120.0.0.0 Safari/537.36"
40.77.167.73 - - [26/Aug/2026:11:10:55 -0400] "GET /product/oem-no-24479051/?edit=%2Fhome%2Fautocomlimi%2Fpublic_html%2Fwp-login.php HTTP/1.1" 200 180429 "-" "Mozilla/5.0 AppleWebKit/537.36 (KHTML, like Gecko; compatible; bingbot/2.0; +http://www.bing.com/bingbot.htm) Chrome/116.0.1938.76 Safari/537.36"
158.23.184.117 - - [26/Aug/2026:11:10:59 -0400] "GET /manager.php HTTP/1.1" 200 109954 "-" "Mozilla/5.0 (Windows NT 10.0; Win64; x64) AppleWebKit/537.36 (KHTML, like Gecko) Chrome/120.0.0.0 Safari/537.36"
207.46.13.127 - - [26/Aug/2026:11:11:00 -0400] "GET /product/oem-no-24479051/?chmod=%2Fhome%2Fautocomlimi%2Fpublic_html%2Fwp-links-opml.php HTTP/1.1" 200 117526 "-" "Mozilla/5.0 AppleWebKit/537.36 (KHTML, like Gecko; compatible; bingbot/2.0; +http://www.bing.com/bingbot.htm) Chrome/116.0.1938.76 Safari/537.36"
207.46.13.127 - - [26/Aug/2026:11:11:00 -0400] "GET /product/oem-no-24479051/?rename=%2Fhome%2Fautocomlimi%2Fpublic_html%2Ferror_log HTTP/1.1" 200 117723 "-" "Mozilla/5.0 AppleWebKit/537.36 (KHTML, like Gecko; compatible; bingbot/2.0; +http://www.bing.com/bingbot.htm) Chrome/116.0.1938.76 Safari/537.36"
207.46.13.127 - - [26/Aug/2026:11:11:01 -0400] "GET /product/oem-no-24479051/?lph=%2Fhome%2Fautocomlimi%2Fpublic_html%2F%40LongLink HTTP/1.1" 200 173608 "-" "Mozilla/5.0 AppleWebKit/537.36 (KHTML, like Gecko; compatible; bingbot/2.0; +http://www.bing.com/bingbot.htm) Chrome/116.0.1938.76 Safari/537.36"
158.23.184.117 - - [26/Aug/2026:11:11:02 -0400] "GET /w1.php HTTP/1.1" 200 109954 "-" "Mozilla/5.0 (Windows NT 10.0; Win64; x64) AppleWebKit/537.36 (KHTML, like Gecko) Chrome/120.0.0.0 Safari/537.36"
158.23.184.117 - - [26/Aug/2026:11:11:06 -0400] "GET /wp-includes/fonts/ HTTP/1.1" 200 569 "-" "Mozilla/5.0 (Windows NT 10.0; Win64; x64) AppleWebKit/537.36 (KHTML, like Gecko) Chrome/120.0.0.0 Safari/537.36"
158.23.184.117 - - [26/Aug/2026:11:11:07 -0400] "GET /default.php HTTP/1.1" 200 109954 "-" "Mozilla/5.0 (Windows NT 10.0; Win64; x64) AppleWebKit/537.36 (KHTML, like Gecko) Chrome/120.0.0.0 Safari/537.36"
158.23.184.117 - - [26/Aug/2026:11:11:10 -0400] "GET /i.php HTTP/1.1" 200 109954 "-" "Mozilla/5.0 (Windows NT 10.0; Win64; x64) AppleWebKit/537.36 (KHTML, like Gecko) Chrome/120.0.0.0 Safari/537.36"
207.46.13.7 - - [26/Aug/2026:11:11:10 -0400] "GET /product/oem-no-24479051/?rename=%2Fhome%2Fautocomlimi%2Fpublic_html%2Fwp-load.php HTTP/1.1" 200 117708 "-" "Mozilla/5.0 AppleWebKit/537.36 (KHTML, like Gecko; compatible; bingbot/2.0; +http://www.bing.com/bingbot.htm) Chrome/116.0.1938.76 Safari/537.36"
207.46.13.7 - - [26/Aug/2026:11:11:11 -0400] "GET /product/oem-no-24479051/?chmod=%2Fhome%2Fautocomlimi%2Fpublic_html%2Fwp-mail.php HTTP/1.1" 200 117525 "-" "Mozilla/5.0 AppleWebKit/537.36 (KHTML, like Gecko; compatible; bingbot/2.0; +http://www.bing.com/bingbot.htm) Chrome/116.0.1938.76 Safari/537.36"
207.46.13.7 - - [26/Aug/2026:11:11:12 -0400] "GET /product/oem-no-24479051/?chmod=%2Fhome%2Fautocomlimi%2Fpublic_html%2F0m33.php HTTP/1.1" 200 117442 "-" "Mozilla/5.0 AppleWebKit/537.36 (KHTML, like Gecko; compatible; bingbot/2.0; +http://www.bing.com/bingbot.htm) Chrome/116.0.1938.76 Safari/537.36"
158.23.184.117 - - [26/Aug/2026:11:11:13 -0400] "GET /wp-content/uploads/ HTTP/1.1" 200 799 "-" "Mozilla/5.0 (Windows NT 10.0; Win64; x64) AppleWebKit/537.36 (KHTML, like Gecko) Chrome/120.0.0.0 Safari/537.36"
158.23.184.117 - - [26/Aug/2026:11:11:15 -0400] "GET /wp-includes/Requests/library/index.php HTTP/1.1" 200 109954 "-" "Mozilla/5.0 (Windows NT 10.0; Win64; x64) AppleWebKit/537.36 (KHTML, like Gecko) Chrome/120.0.0.0 Safari/537.36"
40.77.167.73 - - [26/Aug/2026:11:11:16 -0400] "GET /product/oem-no-24479051/?rename=%2Fhome%2Fautocomlimi%2Fpublic_html%2Fwp-login.php HTTP/1.1" 200 117505 "-" "Mozilla/5.0 AppleWebKit/537.36 (KHTML, like Gecko; compatible; bingbot/2.0; +http://www.bing.com/bingbot.htm) Chrome/116.0.1938.76 Safari/537.36"
158.23.184.117 - - [26/Aug/2026:11:11:19 -0400] "GET /wp-content/themes/index.php HTTP/1.1" 200 - "-" "Mozilla/5.0 (Windows NT 10.0; Win64; x64) AppleWebKit/537.36 (KHTML, like Gecko) Chrome/120.0.0.0 Safari/537.36"
158.23.184.117 - - [26/Aug/2026:11:11:19 -0400] "GET /gecko-new.php HTTP/1.1" 200 109954 "-" "Mozilla/5.0 (Windows NT 10.0; Win64; x64) AppleWebKit/537.36 (KHTML, like Gecko) Chrome/120.0.0.0 Safari/537.36"
207.46.13.127 - - [26/Aug/2026:11:11:20 -0400] "GET /product/oem-no-24479051/?rename=%2Fhome%2Fautocomlimi%2Fpublic_html%2Fwp-trackback.php HTTP/1.1" 200 117833 "-" "Mozilla/5.0 AppleWebKit/537.36 (KHTML, like Gecko; compatible; bingbot/2.0; +http://www.bing.com/bingbot.htm) Chrome/116.0.1938.76 Safari/537.36"
158.23.184.117 - - [26/Aug/2026:11:11:22 -0400] "GET /NewFile.php HTTP/1.1" 200 109954 "-" "Mozilla/5.0 (Windows NT 10.0; Win64; x64) AppleWebKit/537.36 (KHTML, like Gecko) Chrome/120.0.0.0 Safari/537.36"
158.23.184.117 - - [26/Aug/2026:11:11:25 -0400] "GET /wp-Blogs.php HTTP/1.1" 200 109954 "-" "Mozilla/5.0 (Windows NT 10.0; Win64; x64) AppleWebKit/537.36 (KHTML, like Gecko) Chrome/120.0.0.0 Safari/537.36"
207.46.13.127 - - [26/Aug/2026:11:11:27 -0400] "GET /product/oem-no-24479051/?rename=%2Fhome%2Fautocomlimi%2Fpublic_html%2F.well-known HTTP/1.1" 200 117741 "-" "Mozilla/5.0 AppleWebKit/537.36 (KHTML, like Gecko; compatible; bingbot/2.0; +http://www.bing.com/bingbot.htm) Chrome/116.0.1938.76 Safari/537.36"
158.23.184.117 - - [26/Aug/2026:11:11:28 -0400] "GET /wp-includes/fonts/index.php HTTP/1.1" 200 109954 "-" "Mozilla/5.0 (Windows NT 10.0; Win64; x64) AppleWebKit/537.36 (KHTML, like Gecko) Chrome/120.0.0.0 Safari/537.36"
207.46.13.127 - - [26/Aug/2026:11:11:28 -0400] "GET /product/oem-no-24479051/?edit=%2Fhome%2Fautocomlimi%2Fpublic_html%2F0m3.php HTTP/1.1" 200 126706 "-" "Mozilla/5.0 AppleWebKit/537.36 (KHTML, like Gecko; compatible; bingbot/2.0; +http://www.bing.com/bingbot.htm) Chrome/116.0.1938.76 Safari/537.36"
207.46.13.127 - - [26/Aug/2026:11:11:29 -0400] "GET /product/oem-no-24479051/?edit=%2Fhome%2Fautocomlimi%2Fpublic_html%2Ferror_log HTTP/1.1" 200 126991 "-" "Mozilla/5.0 AppleWebKit/537.36 (KHTML, like Gecko; compatible; bingbot/2.0; +http://www.bing.com/bingbot.htm) Chrome/116.0.1938.76 Safari/537.36"
207.46.13.127 - - [26/Aug/2026:11:11:29 -0400] "GET /product/oem-no-24479051/?chmod=%2Fhome%2Fautocomlimi%2Fpublic_html%2Fwp-cron.php HTTP/1.1" 200 117570 "-" "Mozilla/5.0 AppleWebKit/537.36 (KHTML, like Gecko; compatible; bingbot/2.0; +http://www.bing.com/bingbot.htm) Chrome/116.0.1938.76 Safari/537.36"
207.46.13.127 - - [26/Aug/2026:11:11:30 -0400] "GET /product/oem-no-24479051/?chmod=%2Fhome%2Fautocomlimi%2Fpublic_html%2Fwp-comments-post.php HTTP/1.1" 200 117827 "-" "Mozilla/5.0 AppleWebKit/537.36 (KHTML, like Gecko; compatible; bingbot/2.0; +http://www.bing.com/bingbot.htm) Chrome/116.0.1938.76 Safari/537.36"
158.23.184.117 - - [26/Aug/2026:11:11:31 -0400] "GET /themes.php HTTP/1.1" 200 109954 "-" "Mozilla/5.0 (Windows NT 10.0; Win64; x64) AppleWebKit/537.36 (KHTML, like Gecko) Chrome/120.0.0.0 Safari/537.36"
207.46.13.7 - - [26/Aug/2026:11:11:31 -0400] "GET /product/oem-no-24479051/?rename=%2Fhome%2Fautocomlimi%2Fpublic_html%2Fwp-signup.php HTTP/1.1" 200 117801 "-" "Mozilla/5.0 AppleWebKit/537.36 (KHTML, like Gecko; compatible; bingbot/2.0; +http://www.bing.com/bingbot.htm) Chrome/116.0.1938.76 Safari/537.36"
158.23.184.117 - - [26/Aug/2026:11:11:34 -0400] "GET /cv.php HTTP/1.1" 200 109954 "-" "Mozilla/5.0 (Windows NT 10.0; Win64; x64) AppleWebKit/537.36 (KHTML, like Gecko) Chrome/120.0.0.0 Safari/537.36"
158.23.184.117 - - [26/Aug/2026:11:11:37 -0400] "GET /wp-content/uploads/index.php HTTP/1.1" 200 109954 "-" "Mozilla/5.0 (Windows NT 10.0; Win64; x64) AppleWebKit/537.36 (KHTML, like Gecko) Chrome/120.0.0.0 Safari/537.36"
40.77.167.73 - - [26/Aug/2026:11:11:37 -0400] "GET /product/oem-no-24479051/?chmod=%2Fhome%2Fautocomlimi%2Fpublic_html%2F0m.php HTTP/1.1" 200 117514 "-" "Mozilla/5.0 AppleWebKit/537.36 (KHTML, like Gecko; compatible; bingbot/2.0; +http://www.bing.com/bingbot.htm) Chrome/116.0.1938.76 Safari/537.36"
158.23.184.117 - - [26/Aug/2026:11:11:40 -0400] "GET /ws83.php HTTP/1.1" 200 109954 "-" "Mozilla/5.0 (Windows NT 10.0; Win64; x64) AppleWebKit/537.36 (KHTML, like Gecko) Chrome/120.0.0.0 Safari/537.36"
198.54.126.42 - - [26/Aug/2026:11:11:44 -0400] "POST /wp-cron.php?doing_wp_cron=1787757104.4293849468231201171875 HTTP/1.1" 200 - "-" "WordPress/6.9.4; https://www.autocomlimited.com"
158.23.184.117 - - [26/Aug/2026:11:11:44 -0400] "GET /atex1.php HTTP/1.1" 200 109954 "-" "Mozilla/5.0 (Windows NT 10.0; Win64; x64) AppleWebKit/537.36 (KHTML, like Gecko) Chrome/120.0.0.0 Safari/537.36"
158.23.184.117 - - [26/Aug/2026:11:11:46 -0400] "GET /class-t.api.php HTTP/1.1" 200 109954 "-" "Mozilla/5.0 (Windows NT 10.0; Win64; x64) AppleWebKit/537.36 (KHTML, like Gecko) Chrome/120.0.0.0 Safari/537.36"
158.23.184.117 - - [26/Aug/2026:11:11:49 -0400] "GET /w.php HTTP/1.1" 200 109954 "-" "Mozilla/5.0 (Windows NT 10.0; Win64; x64) AppleWebKit/537.36 (KHTML, like Gecko) Chrome/120.0.0.0 Safari/537.36"
158.23.184.117 - - [26/Aug/2026:11:11:51 -0400] "GET /archive.php HTTP/1.1" 200 109954 "-" "Mozilla/5.0 (Windows NT 10.0; Win64; x64) AppleWebKit/537.36 (KHTML, like Gecko) Chrome/120.0.0.0 Safari/537.36"
158.23.184.117 - - [26/Aug/2026:11:11:53 -0400] "GET /bless.php HTTP/1.1" 200 109954 "-" "Mozilla/5.0 (Windows NT 10.0; Win64; x64) AppleWebKit/537.36 (KHTML, like Gecko) Chrome/120.0.0.0 Safari/537.36"
158.23.184.117 - - [26/Aug/2026:11:11:56 -0400] "GET /sagax1.php HTTP/1.1" 200 109954 "-" "Mozilla/5.0 (Windows NT 10.0; Win64; x64) AppleWebKit/537.36 (KHTML, like Gecko) Chrome/120.0.0.0 Safari/537.36"
158.23.184.117 - - [26/Aug/2026:11:11:59 -0400] "GET /wpc.php HTTP/1.1" 200 109954 "-" "Mozilla/5.0 (Windows NT 10.0; Win64; x64) AppleWebKit/537.36 (KHTML, like Gecko) Chrome/120.0.0.0 Safari/537.36"
158.23.184.117 - - [26/Aug/2026:11:12:03 -0400] "GET /fone1.php HTTP/1.1" 200 109954 "-" "Mozilla/5.0 (Windows NT 10.0; Win64; x64) AppleWebKit/537.36 (KHTML, like Gecko) Chrome/120.0.0.0 Safari/537.36"
158.23.184.117 - - [26/Aug/2026:11:12:07 -0400] "GET /ncx.php HTTP/1.1" 200 109954 "-" "Mozilla/5.0 (Windows NT 10.0; Win64; x64) AppleWebKit/537.36 (KHTML, like Gecko) Chrome/120.0.0.0 Safari/537.36"
158.23.184.117 - - [26/Aug/2026:11:12:12 -0400] "GET /wso.php HTTP/1.1" 200 109954 "-" "Mozilla/5.0 (Windows NT 10.0; Win64; x64) AppleWebKit/537.36 (KHTML, like Gecko) Chrome/120.0.0.0 Safari/537.36"
158.23.184.117 - - [26/Aug/2026:11:12:15 -0400] "GET /zup.php73 HTTP/1.1" 200 109954 "-" "Mozilla/5.0 (Windows NT 10.0; Win64; x64) AppleWebKit/537.36 (KHTML, like Gecko) Chrome/120.0.0.0 Safari/537.36"
158.23.184.117 - - [26/Aug/2026:11:12:20 -0400] "GET /k.php HTTP/1.1" 200 109954 "-" "Mozilla/5.0 (Windows NT 10.0; Win64; x64) AppleWebKit/537.36 (KHTML, like Gecko) Chrome/120.0.0.0 Safari/537.36"
158.23.184.117 - - [26/Aug/2026:11:12:22 -0400] "GET /wp-blink.php HTTP/1.1" 200 109954 "-" "Mozilla/5.0 (Windows NT 10.0; Win64; x64) AppleWebKit/537.36 (KHTML, like Gecko) Chrome/120.0.0.0 Safari/537.36"
158.23.184.117 - - [26/Aug/2026:11:12:25 -0400] "GET /randkeyword.PhP7 HTTP/1.1" 200 109954 "-" "Mozilla/5.0 (Windows NT 10.0; Win64; x64) AppleWebKit/537.36 (KHTML, like Gecko) Chrome/120.0.0.0 Safari/537.36"
158.23.184.117 - - [26/Aug/2026:11:12:28 -0400] "GET /wp-content/ HTTP/1.1" 200 - "-" "Mozilla/5.0 (Windows NT 10.0; Win64; x64) AppleWebKit/537.36 (KHTML, like Gecko) Chrome/120.0.0.0 Safari/537.36"
158.23.184.117 - - [26/Aug/2026:11:12:28 -0400] "GET /ww5.php HTTP/1.1" 200 109954 "-" "Mozilla/5.0 (Windows NT 10.0; Win64; x64) AppleWebKit/537.36 (KHTML, like Gecko) Chrome/120.0.0.0 Safari/537.36"
158.23.184.117 - - [26/Aug/2026:11:12:30 -0400] "GET /2.php HTTP/1.1" 200 109954 "-" "Mozilla/5.0 (Windows NT 10.0; Win64; x64) AppleWebKit/537.36 (KHTML, like Gecko) Chrome/120.0.0.0 Safari/537.36"
137.155.14.69 - - [26/Aug/2026:11:12:31 -0400] "GET / HTTP/1.1" 200 238529 "https://www.google.com/" "Mozilla/5.0 (Windows NT 10.0; Win64; x64) AppleWebKit/537.36 (KHTML, like Gecko) Chrome/151.0.0.0 Safari/537.36"
158.23.184.117 - - [26/Aug/2026:11:12:33 -0400] "GET /atomlib.php HTTP/1.1" 200 109954 "-" "Mozilla/5.0 (Windows NT 10.0; Win64; x64) AppleWebKit/537.36 (KHTML, like Gecko) Chrome/120.0.0.0 Safari/537.36"
153.52.204.234 - - [26/Aug/2026:11:12:34 -0400] "GET /wp-content/uploads/2021/01/hqdefault.jpg HTTP/1.1" 200 183918 "https://www.autocomlimited.com/wp-content/uploads/elementor/css/post-82.css?ver=1779695504" "Mozilla/5.0 (iPhone; CPU iPhone OS 18_5 like Mac OS X) AppleWebKit/605.1.15 (KHTML, like Gecko) CriOS/147.0.0.0 Mobile/15E148 Safari/604.1"
153.52.204.234 - - [26/Aug/2026:11:12:34 -0400] "POST /?wc-ajax=get_refreshed_fragments HTTP/1.1" 200 110953 "https://www.autocomlimited.com/" "Mozilla/5.0 (iPhone; CPU iPhone OS 18_5 like Mac OS X) AppleWebKit/605.1.15 (KHTML, like Gecko) CriOS/147.0.0.0 Mobile/15E148 Safari/604.1"
198.54.126.42 - - [26/Aug/2026:11:12:37 -0400] "POST /wp-cron.php?doing_wp_cron=1787757157.1173980236053466796875 HTTP/1.1" 200 - "-" "WordPress/6.9.4; https://www.autocomlimited.com"
158.23.184.117 - - [26/Aug/2026:11:12:36 -0400] "GET /rip.php HTTP/1.1" 200 109954 "-" "Mozilla/5.0 (Windows NT 10.0; Win64; x64) AppleWebKit/537.36 (KHTML, like Gecko) Chrome/120.0.0.0 Safari/537.36"
153.52.204.234 - - [26/Aug/2026:11:12:34 -0400] "POST /wp-admin/admin-ajax.php HTTP/1.1" 200 206921 "https://www.autocomlimited.com/" "Mozilla/5.0 (iPhone; CPU iPhone OS 18_5 like Mac OS X) AppleWebKit/605.1.15 (KHTML, like Gecko) CriOS/147.0.0.0 Mobile/15E148 Safari/604.1"
158.23.184.117 - - [26/Aug/2026:11:12:40 -0400] "GET /p.php HTTP/1.1" 200 109954 "-" "Mozilla/5.0 (Windows NT 10.0; Win64; x64) AppleWebKit/537.36 (KHTML, like Gecko) Chrome/120.0.0.0 Safari/537.36"
198.54.126.42 - - [26/Aug/2026:11:12:36 -0400] "POST /wp-admin/admin-ajax.php?action=as_async_request_queue_runner&nonce=20fe85fda7 HTTP/1.1" 200 206921 "-" "WordPress/6.9.4; https://www.autocomlimited.com"
198.54.126.42 - - [26/Aug/2026:11:12:43 -0400] "POST /wp-cron.php?doing_wp_cron=1787757163.1119101047515869140625 HTTP/1.1" 200 - "-" "WordPress/6.9.4; https://www.autocomlimited.com"
158.23.184.117 - - [26/Aug/2026:11:12:42 -0400] "GET /php.php HTTP/1.1" 200 109954 "-" "Mozilla/5.0 (Windows NT 10.0; Win64; x64) AppleWebKit/537.36 (KHTML, like Gecko) Chrome/120.0.0.0 Safari/537.36"
207.46.13.7 - - [26/Aug/2026:11:13:00 -0400] "GET /product/oem-no-fg802800/?phrase=2027 HTTP/1.1" 200 215443 "-" "Mozilla/5.0 AppleWebKit/537.36 (KHTML, like Gecko; compatible; bingbot/2.0; +http://www.bing.com/bingbot.htm) Chrome/116.0.1938.76 Safari/537.36"
161.153.63.158 - - [26/Aug/2026:11:13:03 -0400] "GET /useable-vehicle-name-toyota/prado HTTP/1.1" 200 109958 "-" "Mozilla/5.0 (X11; Linux aarch64) AppleWebKit/537.36 (KHTML, like Gecko) Chrome/139.0.0.0 Safari/537.36"
24.12.63.157 - - [26/Aug/2026:11:13:23 -0400] "GET / HTTP/1.1" 200 238529 "-" "Mozilla/5.0 (Windows NT 10.0; Win64; x64) AppleWebKit/537.36 (KHTML, like Gecko) Chrome/150.0.0.0 Safari/537.36"
24.12.63.157 - - [26/Aug/2026:11:13:24 -0400] "GET /wp-content/plugins/contact-form-7/includes/css/styles.css?ver=5.4.1 HTTP/1.1" 200 932 "https://www.autocomlimited.com/" "Mozilla/5.0 (Windows NT 10.0; Win64; x64) AppleWebKit/537.36 (KHTML, like Gecko) Chrome/150.0.0.0 Safari/537.36"
24.12.63.157 - - [26/Aug/2026:11:13:24 -0400] "GET /wp-content/plugins/elementor/assets/lib/font-awesome/css/brands.min.css?ver=5.15.1 HTTP/1.1" 200 308 "https://www.autocomlimited.com/" "Mozilla/5.0 (Windows NT 10.0; Win64; x64) AppleWebKit/537.36 (KHTML, like Gecko) Chrome/150.0.0.0 Safari/537.36"
24.12.63.157 - - [26/Aug/2026:11:13:24 -0400] "GET /wp-content/uploads/elementor/css/post-45.css?ver=1772255752 HTTP/1.1" 200 1549 "https://www.autocomlimited.com/" "Mozilla/5.0 (Windows NT 10.0; Win64; x64) AppleWebKit/537.36 (KHTML, like Gecko) Chrome/150.0.0.0 Safari/537.36"
24.12.63.157 - - [26/Aug/2026:11:13:24 -0400] "GET /wp-content/plugins/woocommerce/assets/css/woocommerce-layout.css?ver=5.4.5 HTTP/1.1" 200 2608 "https://www.autocomlimited.com/" "Mozilla/5.0 (Windows NT 10.0; Win64; x64) AppleWebKit/537.36 (KHTML, like Gecko) Chrome/150.0.0.0 Safari/537.36"
24.12.63.157 - - [26/Aug/2026:11:13:24 -0400] "GET /wp-content/themes/hello-elementor/theme.min.css?ver=2.3.1 HTTP/1.1" 200 1474 "https://www.autocomlimited.com/" "Mozilla/5.0 (Windows NT 10.0; Win64; x64) AppleWebKit/537.36 (KHTML, like Gecko) Chrome/150.0.0.0 Safari/537.36"
24.12.63.157 - - [26/Aug/2026:11:13:24 -0400] "GET /wp-content/plugins/smooth-back-to-top-button/assets/css/sbttb-fonts.css?ver=1.2 HTTP/1.1" 200 477 "https://www.autocomlimited.com/" "Mozilla/5.0 (Windows NT 10.0; Win64; x64) AppleWebKit/537.36 (KHTML, like Gecko) Chrome/150.0.0.0 Safari/537.36"
24.12.63.157 - - [26/Aug/2026:11:13:24 -0400] "GET /wp-content/plugins/elementor/assets/css/frontend-legacy.min.css?ver=3.2.5 HTTP/1.1" 200 535 "https://www.autocomlimited.com/" "Mozilla/5.0 (Windows NT 10.0; Win64; x64) AppleWebKit/537.36 (KHTML, like Gecko) Chrome/150.0.0.0 Safari/537.36"
24.12.63.157 - - [26/Aug/2026:11:13:24 -0400] "GET /wp-content/plugins/smooth-back-to-top-button/assets/css/smooth-back-to-top-button.css?ver=1.2 HTTP/1.1" 200 307 "https://www.autocomlimited.com/" "Mozilla/5.0 (Windows NT 10.0; Win64; x64) AppleWebKit/537.36 (KHTML, like Gecko) Chrome/150.0.0.0 Safari/537.36"
24.12.63.157 - - [26/Aug/2026:11:13:24 -0400] "GET /wp-content/plugins/perfect-woocommerce-brands/assets/css/styles-frontend.min.css?ver=1.8.7 HTTP/1.1" 200 1458 "https://www.autocomlimited.com/" "Mozilla/5.0 (Windows NT 10.0; Win64; x64) AppleWebKit/537.36 (KHTML, like Gecko) Chrome/150.0.0.0 Safari/537.36"
24.12.63.157 - - [26/Aug/2026:11:13:24 -0400] "GET /wp-content/uploads/elementor/css/post-21.css?ver=1782190538 HTTP/1.1" 200 1580 "https://www.autocomlimited.com/" "Mozilla/5.0 (Windows NT 10.0; Win64; x64) AppleWebKit/537.36 (KHTML, like Gecko) Chrome/150.0.0.0 Safari/537.36"
24.12.63.157 - - [26/Aug/2026:11:13:24 -0400] "GET /wp-content/plugins/woocommerce/assets/css/woocommerce.css?ver=5.4.5 HTTP/1.1" 200 8907 "https://www.autocomlimited.com/" "Mozilla/5.0 (Windows NT 10.0; Win64; x64) AppleWebKit/537.36 (KHTML, like Gecko) Chrome/150.0.0.0 Safari/537.36"
24.12.63.157 - - [26/Aug/2026:11:13:24 -0400] "GET /wp-content/uploads/elementor/css/post-13.css?ver=1772255769 HTTP/1.1" 200 496 "https://www.autocomlimited.com/" "Mozilla/5.0 (Windows NT 10.0; Win64; x64) AppleWebKit/537.36 (KHTML, like Gecko) Chrome/150.0.0.0 Safari/537.36"
24.12.63.157 - - [26/Aug/2026:11:13:24 -0400] "GET /wp-content/plugins/elementor/assets/lib/font-awesome/css/solid.min.css?ver=5.15.1 HTTP/1.1" 200 310 "https://www.autocomlimited.com/" "Mozilla/5.0 (Windows NT 10.0; Win64; x64) AppleWebKit/537.36 (KHTML, like Gecko) Chrome/150.0.0.0 Safari/537.36"
24.12.63.157 - - [26/Aug/2026:11:13:24 -0400] "GET /wp-content/uploads/2025/12/cropped-Autocom-Ltd-Logo.png HTTP/1.1" 200 172419 "https://www.autocomlimited.com/" "Mozilla/5.0 (Windows NT 10.0; Win64; x64) AppleWebKit/537.36 (KHTML, like Gecko) Chrome/150.0.0.0 Safari/537.36"
24.12.63.157 - - [26/Aug/2026:11:13:24 -0400] "GET /wp-content/plugins/elementor/assets/css/frontend.min.css?ver=3.2.5 HTTP/1.1" 200 16770 "https://www.autocomlimited.com/" "Mozilla/5.0 (Windows NT 10.0; Win64; x64) AppleWebKit/537.36 (KHTML, like Gecko) Chrome/150.0.0.0 Safari/537.36"
24.12.63.157 - - [26/Aug/2026:11:13:24 -0400] "GET /wp-content/themes/hello-elementor/style.min.css?ver=2.3.1 HTTP/1.1" 200 2304 "https://www.autocomlimited.com/" "Mozilla/5.0 (Windows NT 10.0; Win64; x64) AppleWebKit/537.36 (KHTML, like Gecko) Chrome/150.0.0.0 Safari/537.36"
24.12.63.157 - - [26/Aug/2026:11:13:24 -0400] "GET /wp-content/uploads/elementor/css/global.css?ver=1772257026 HTTP/1.1" 200 3022 "https://www.autocomlimited.com/" "Mozilla/5.0 (Windows NT 10.0; Win64; x64) AppleWebKit/537.36 (KHTML, like Gecko) Chrome/150.0.0.0 Safari/537.36"
24.12.63.157 - - [26/Aug/2026:11:13:24 -0400] "GET /wp-content/uploads/elementor/css/post-82.css?ver=1779695504 HTTP/1.1" 200 2906 "https://www.autocomlimited.com/" "Mozilla/5.0 (Windows NT 10.0; Win64; x64) AppleWebKit/537.36 (KHTML, like Gecko) Chrome/150.0.0.0 Safari/537.36"
24.12.63.157 - - [26/Aug/2026:11:13:24 -0400] "GET /wp-content/plugins/elementor/assets/lib/eicons/css/elementor-icons.min.css?ver=5.11.0 HTTP/1.1" 200 3598 "https://www.autocomlimited.com/" "Mozilla/5.0 (Windows NT 10.0; Win64; x64) AppleWebKit/537.36 (KHTML, like Gecko) Chrome/150.0.0.0 Safari/537.36"
24.12.63.157 - - [26/Aug/2026:11:13:24 -0400] "GET /wp-includes/js/jquery/jquery-migrate.min.js?ver=3.4.1 HTTP/1.1" 200 4872 "https://www.autocomlimited.com/" "Mozilla/5.0 (Windows NT 10.0; Win64; x64) AppleWebKit/537.36 (KHTML, like Gecko) Chrome/150.0.0.0 Safari/537.36"
24.12.63.157 - - [26/Aug/2026:11:13:24 -0400] "GET /wp-content/plugins/visitors-traffic-real-time-statistics-pro/js/front.js?ver=6.9.4 HTTP/1.1" 200 637 "https://www.autocomlimited.com/" "Mozilla/5.0 (Windows NT 10.0; Win64; x64) AppleWebKit/537.36 (KHTML, like Gecko) Chrome/150.0.0.0 Safari/537.36"
24.12.63.157 - - [26/Aug/2026:11:13:24 -0400] "GET /wp-content/plugins/elementor/assets/lib/font-awesome/css/fontawesome.min.css?ver=5.15.1 HTTP/1.1" 200 12581 "https://www.autocomlimited.com/" "Mozilla/5.0 (Windows NT 10.0; Win64; x64) AppleWebKit/537.36 (KHTML, like Gecko) Chrome/150.0.0.0 Safari/537.36"
24.12.63.157 - - [26/Aug/2026:11:13:24 -0400] "GET /wp-content/plugins/elementor/assets/lib/animations/animations.min.css?ver=3.2.5 HTTP/1.1" 200 2592 "https://www.autocomlimited.com/" "Mozilla/5.0 (Windows NT 10.0; Win64; x64) AppleWebKit/537.36 (KHTML, like Gecko) Chrome/150.0.0.0 Safari/537.36"
24.12.63.157 - - [26/Aug/2026:11:13:24 -0400] "GET /wp-includes/js/jquery/jquery.min.js?ver=3.7.1 HTTP/1.1" 200 30368 "https://www.autocomlimited.com/" "Mozilla/5.0 (Windows NT 10.0; Win64; x64) AppleWebKit/537.36 (KHTML, like Gecko) Chrome/150.0.0.0 Safari/537.36"
24.12.63.157 - - [26/Aug/2026:11:13:24 -0400] "GET /wp-content/plugins/elementor-pro/assets/css/frontend.min.css?ver=3.1.0 HTTP/1.1" 200 23114 "https://www.autocomlimited.com/" "Mozilla/5.0 (Windows NT 10.0; Win64; x64) AppleWebKit/537.36 (KHTML, like Gecko) Chrome/150.0.0.0 Safari/537.36"
24.12.63.157 - - [26/Aug/2026:11:13:25 -0400] "GET /wp-content/uploads/2021/02/BAJAJ.png HTTP/1.1" 200 3361 "https://www.autocomlimited.com/" "Mozilla/5.0 (Windows NT 10.0; Win64; x64) AppleWebKit/537.36 (KHTML, like Gecko) Chrome/150.0.0.0 Safari/537.36"
24.12.63.157 - - [26/Aug/2026:11:13:25 -0400] "GET /wp-content/uploads/2021/02/Ashok-Leyland.png HTTP/1.1" 200 12006 "https://www.autocomlimited.com/" "Mozilla/5.0 (Windows NT 10.0; Win64; x64) AppleWebKit/537.36 (KHTML, like Gecko) Chrome/150.0.0.0 Safari/537.36"
24.12.63.157 - - [26/Aug/2026:11:13:25 -0400] "GET /wp-content/uploads/2025/12/Oil-Fuil.jpg HTTP/1.1" 200 47063 "https://www.autocomlimited.com/" "Mozilla/5.0 (Windows NT 10.0; Win64; x64) AppleWebKit/537.36 (KHTML, like Gecko) Chrome/150.0.0.0 Safari/537.36"
24.12.63.157 - - [26/Aug/2026:11:13:25 -0400] "GET /wp-content/uploads/2026/02/Banna-2-1.jpg HTTP/1.1" 200 268759 "https://www.autocomlimited.com/" "Mozilla/5.0 (Windows NT 10.0; Win64; x64) AppleWebKit/537.36 (KHTML, like Gecko) Chrome/150.0.0.0 Safari/537.36"
24.12.63.157 - - [26/Aug/2026:11:13:25 -0400] "GET /wp-content/uploads/2021/02/BANNER-3.fw_.png HTTP/1.1" 200 1117632 "https://www.autocomlimited.com/" "Mozilla/5.0 (Windows NT 10.0; Win64; x64) AppleWebKit/537.36 (KHTML, like Gecko) Chrome/150.0.0.0 Safari/537.36"
24.12.63.157 - - [26/Aug/2026:11:13:25 -0400] "GET /wp-content/uploads/2021/01/air-e-2.png HTTP/1.1" 200 72601 "https://www.autocomlimited.com/" "Mozilla/5.0 (Windows NT 10.0; Win64; x64) AppleWebKit/537.36 (KHTML, like Gecko) Chrome/150.0.0.0 Safari/537.36"
24.12.63.157 - - [26/Aug/2026:11:13:25 -0400] "GET /wp-content/uploads/2021/02/acl-1.png HTTP/1.1" 200 8103 "https://www.autocomlimited.com/" "Mozilla/5.0 (Windows NT 10.0; Win64; x64) AppleWebKit/537.36 (KHTML, like Gecko) Chrome/150.0.0.0 Safari/537.36"
24.12.63.157 - - [26/Aug/2026:11:13:25 -0400] "GET /wp-content/uploads/2021/02/Toyota.png HTTP/1.1" 200 12812 "https://www.autocomlimited.com/" "Mozilla/5.0 (Windows NT 10.0; Win64; x64) AppleWebKit/537.36 (KHTML, like Gecko) Chrome/150.0.0.0 Safari/537.36"
24.12.63.157 - - [26/Aug/2026:11:13:25 -0400] "GET /wp-content/uploads/2021/02/tata.png HTTP/1.1" 200 3924 "https://www.autocomlimited.com/" "Mozilla/5.0 (Windows NT 10.0; Win64; x64) AppleWebKit/537.36 (KHTML, like Gecko) Chrome/150.0.0.0 Safari/537.36"
24.12.63.157 - - [26/Aug/2026:11:13:25 -0400] "GET /wp-content/uploads/2021/02/Cummins.png HTTP/1.1" 200 3691 "https://www.autocomlimited.com/" "Mozilla/5.0 (Windows NT 10.0; Win64; x64) AppleWebKit/537.36 (KHTML, like Gecko) Chrome/150.0.0.0 Safari/537.36"
24.12.63.157 - - [26/Aug/2026:11:13:25 -0400] "GET /wp-content/uploads/2021/02/Eicher.png HTTP/1.1" 200 4562 "https://www.autocomlimited.com/" "Mozilla/5.0 (Windows NT 10.0; Win64; x64) AppleWebKit/537.36 (KHTML, like Gecko) Chrome/150.0.0.0 Safari/537.36"
24.12.63.157 - - [26/Aug/2026:11:13:25 -0400] "GET /wp-content/uploads/2021/02/FIAT.png HTTP/1.1" 200 10946 "https://www.autocomlimited.com/" "Mozilla/5.0 (Windows NT 10.0; Win64; x64) AppleWebKit/537.36 (KHTML, like Gecko) Chrome/150.0.0.0 Safari/537.36"
24.12.63.157 - - [26/Aug/2026:11:13:25 -0400] "GET /wp-content/uploads/2021/02/volvo.png HTTP/1.1" 200 15397 "https://www.autocomlimited.com/" "Mozilla/5.0 (Windows NT 10.0; Win64; x64) AppleWebKit/537.36 (KHTML, like Gecko) Chrome/150.0.0.0 Safari/537.36"
24.12.63.157 - - [26/Aug/2026:11:13:25 -0400] "GET /wp-content/uploads/2021/02/Isuzu-Trucks.png HTTP/1.1" 200 19152 "https://www.autocomlimited.com/" "Mozilla/5.0 (Windows NT 10.0; Win64; x64) AppleWebKit/537.36 (KHTML, like Gecko) Chrome/150.0.0.0 Safari/537.36"
24.12.63.157 - - [26/Aug/2026:11:13:25 -0400] "GET /wp-content/uploads/2021/02/fleetguard.png HTTP/1.1" 200 2736 "https://www.autocomlimited.com/" "Mozilla/5.0 (Windows NT 10.0; Win64; x64) AppleWebKit/537.36 (KHTML, like Gecko) Chrome/150.0.0.0 Safari/537.36"
24.12.63.157 - - [26/Aug/2026:11:13:25 -0400] "GET /wp-content/uploads/2021/02/JMC.png HTTP/1.1" 200 4124 "https://www.autocomlimited.com/" "Mozilla/5.0 (Windows NT 10.0; Win64; x64) AppleWebKit/537.36 (KHTML, like Gecko) Chrome/150.0.0.0 Safari/537.36"
24.12.63.157 - - [26/Aug/2026:11:13:25 -0400] "GET /wp-content/uploads/2021/02/Hyundai.png HTTP/1.1" 200 14393 "https://www.autocomlimited.com/" "Mozilla/5.0 (Windows NT 10.0; Win64; x64) AppleWebKit/537.36 (KHTML, like Gecko) Chrome/150.0.0.0 Safari/537.36"
24.12.63.157 - - [26/Aug/2026:11:13:25 -0400] "GET /wp-content/uploads/2021/02/FOTON.png HTTP/1.1" 200 8517 "https://www.autocomlimited.com/" "Mozilla/5.0 (Windows NT 10.0; Win64; x64) AppleWebKit/537.36 (KHTML, like Gecko) Chrome/150.0.0.0 Safari/537.36"
24.12.63.157 - - [26/Aug/2026:11:13:25 -0400] "GET /wp-content/uploads/2021/02/Mahindra.png HTTP/1.1" 200 10229 "https://www.autocomlimited.com/" "Mozilla/5.0 (Windows NT 10.0; Win64; x64) AppleWebKit/537.36 (KHTML, like Gecko) Chrome/150.0.0.0 Safari/537.36"
24.12.63.157 - - [26/Aug/2026:11:13:25 -0400] "GET /wp-content/uploads/2021/02/BANNER-2.fw_.png HTTP/1.1" 200 937839 "https://www.autocomlimited.com/" "Mozilla/5.0 (Windows NT 10.0; Win64; x64) AppleWebKit/537.36 (KHTML, like Gecko) Chrome/150.0.0.0 Safari/537.36"
24.12.63.157 - - [26/Aug/2026:11:13:25 -0400] "GET /wp-content/plugins/woocommerce/assets/js/jquery-blockui/jquery.blockUI.min.js?ver=2.70 HTTP/1.1" 200 3491 "https://www.autocomlimited.com/" "Mozilla/5.0 (Windows NT 10.0; Win64; x64) AppleWebKit/537.36 (KHTML, like Gecko) Chrome/150.0.0.0 Safari/537.36"
24.12.63.157 - - [26/Aug/2026:11:13:25 -0400] "GET /wp-content/uploads/2021/02/Honda.png HTTP/1.1" 200 9714 "https://www.autocomlimited.com/" "Mozilla/5.0 (Windows NT 10.0; Win64; x64) AppleWebKit/537.36 (KHTML, like Gecko) Chrome/150.0.0.0 Safari/537.36"
24.12.63.157 - - [26/Aug/2026:11:13:25 -0400] "GET /wp-content/plugins/woocommerce/assets/js/frontend/woocommerce.min.js?ver=5.4.5 HTTP/1.1" 200 794 "https://www.autocomlimited.com/" "Mozilla/5.0 (Windows NT 10.0; Win64; x64) AppleWebKit/537.36 (KHTML, like Gecko) Chrome/150.0.0.0 Safari/537.36"
24.12.63.157 - - [26/Aug/2026:11:13:25 -0400] "GET /wp-content/uploads/2021/02/nissan.png HTTP/1.1" 200 6644 "https://www.autocomlimited.com/" "Mozilla/5.0 (Windows NT 10.0; Win64; x64) AppleWebKit/537.36 (KHTML, like Gecko) Chrome/150.0.0.0 Safari/537.36"
24.12.63.157 - - [26/Aug/2026:11:13:25 -0400] "GET /wp-content/uploads/2021/02/CAT-1.png HTTP/1.1" 200 5298 "https://www.autocomlimited.com/" "Mozilla/5.0 (Windows NT 10.0; Win64; x64) AppleWebKit/537.36 (KHTML, like Gecko) Chrome/150.0.0.0 Safari/537.36"
24.12.63.157 - - [26/Aug/2026:11:13:25 -0400] "GET /wp-content/uploads/2021/02/HITACHI.png HTTP/1.1" 200 9802 "https://www.autocomlimited.com/" "Mozilla/5.0 (Windows NT 10.0; Win64; x64) AppleWebKit/537.36 (KHTML, like Gecko) Chrome/150.0.0.0 Safari/537.36"
24.12.63.157 - - [26/Aug/2026:11:13:25 -0400] "GET /wp-content/uploads/2025/12/CNG-Logo-PNG-Image-1024x738.png HTTP/1.1" 200 30586 "https://www.autocomlimited.com/" "Mozilla/5.0 (Windows NT 10.0; Win64; x64) AppleWebKit/537.36 (KHTML, like Gecko) Chrome/150.0.0.0 Safari/537.36"
24.12.63.157 - - [26/Aug/2026:11:13:25 -0400] "GET /wp-content/plugins/perfect-woocommerce-brands/assets/js/functions-frontend.min.js?ver=1.8.7 HTTP/1.1" 200 974 "https://www.autocomlimited.com/" "Mozilla/5.0 (Windows NT 10.0; Win64; x64) AppleWebKit/537.36 (KHTML, like Gecko) Chrome/150.0.0.0 Safari/537.36"
24.12.63.157 - - [26/Aug/2026:11:13:25 -0400] "GET /wp-content/uploads/2021/02/HINO.png HTTP/1.1" 200 6166 "https://www.autocomlimited.com/" "Mozilla/5.0 (Windows NT 10.0; Win64; x64) AppleWebKit/537.36 (KHTML, like Gecko) Chrome/150.0.0.0 Safari/537.36"
24.12.63.157 - - [26/Aug/2026:11:13:25 -0400] "GET /wp-content/uploads/2025/12/Breeze-Logo-969x1024.png HTTP/1.1" 200 253093 "https://www.autocomlimited.com/" "Mozilla/5.0 (Windows NT 10.0; Win64; x64) AppleWebKit/537.36 (KHTML, like Gecko) Chrome/150.0.0.0 Safari/537.36"
24.12.63.157 - - [26/Aug/2026:11:13:25 -0400] "GET /wp-content/uploads/2021/02/Suzuki-logo.png HTTP/1.1" 200 9417 "https://www.autocomlimited.com/" "Mozilla/5.0 (Windows NT 10.0; Win64; x64) AppleWebKit/537.36 (KHTML, like Gecko) Chrome/150.0.0.0 Safari/537.36"
24.12.63.157 - - [26/Aug/2026:11:13:25 -0400] "GET /wp-content/plugins/contact-form-7/includes/js/index.js?ver=5.4.1 HTTP/1.1" 200 4004 "https://www.autocomlimited.com/" "Mozilla/5.0 (Windows NT 10.0; Win64; x64) AppleWebKit/537.36 (KHTML, like Gecko) Chrome/150.0.0.0 Safari/537.36"
24.12.63.157 - - [26/Aug/2026:11:13:25 -0400] "GET /wp-content/plugins/smooth-back-to-top-button/assets/js/smooth-back-to-top-button.js?ver=1.2 HTTP/1.1" 200 371 "https://www.autocomlimited.com/" "Mozilla/5.0 (Windows NT 10.0; Win64; x64) AppleWebKit/537.36 (KHTML, like Gecko) Chrome/150.0.0.0 Safari/537.36"
24.12.63.157 - - [26/Aug/2026:11:13:25 -0400] "GET /wp-content/plugins/woocommerce/assets/js/frontend/cart-fragments.min.js?ver=5.4.5 HTTP/1.1" 200 1039 "https://www.autocomlimited.com/" "Mozilla/5.0 (Windows NT 10.0; Win64; x64) AppleWebKit/537.36 (KHTML, like Gecko) Chrome/150.0.0.0 Safari/537.36"
24.12.63.157 - - [26/Aug/2026:11:13:25 -0400] "GET /wp-content/plugins/elementor-pro/assets/lib/smartmenus/jquery.smartmenus.min.js?ver=1.0.1 HTTP/1.1" 200 7157 "https://www.autocomlimited.com/" "Mozilla/5.0 (Windows NT 10.0; Win64; x64) AppleWebKit/537.36 (KHTML, like Gecko) Chrome/150.0.0.0 Safari/537.36"
24.12.63.157 - - [26/Aug/2026:11:13:25 -0400] "GET /wp-content/plugins/woocommerce/assets/js/js-cookie/js.cookie.min.js?ver=2.1.4 HTTP/1.1" 200 982 "https://www.autocomlimited.com/" "Mozilla/5.0 (Windows NT 10.0; Win64; x64) AppleWebKit/537.36 (KHTML, like Gecko) Chrome/150.0.0.0 Safari/537.36"
24.12.63.157 - - [26/Aug/2026:11:13:25 -0400] "GET /wp-content/uploads/2021/02/Mitsubishi.png HTTP/1.1" 200 9079 "https://www.autocomlimited.com/" "Mozilla/5.0 (Windows NT 10.0; Win64; x64) AppleWebKit/537.36 (KHTML, like Gecko) Chrome/150.0.0.0 Safari/537.36"
24.12.63.157 - - [26/Aug/2026:11:13:25 -0400] "GET /wp-content/plugins/elementor/assets/lib/share-link/share-link.min.js?ver=3.2.5 HTTP/1.1" 200 1099 "https://www.autocomlimited.com/" "Mozilla/5.0 (Windows NT 10.0; Win64; x64) AppleWebKit/537.36 (KHTML, like Gecko) Chrome/150.0.0.0 Safari/537.36"
24.12.63.157 - - [26/Aug/2026:11:13:25 -0400] "GET /wp-content/plugins/elementor/assets/lib/waypoints/waypoints.min.js?ver=4.0.2 HTTP/1.1" 200 2993 "https://www.autocomlimited.com/" "Mozilla/5.0 (Windows NT 10.0; Win64; x64) AppleWebKit/537.36 (KHTML, like Gecko) Chrome/150.0.0.0 Safari/537.36"
24.12.63.157 - - [26/Aug/2026:11:13:25 -0400] "GET /wp-content/plugins/elementor-pro/assets/js/webpack-pro.runtime.min.js?ver=3.1.0 HTTP/1.1" 200 2422 "https://www.autocomlimited.com/" "Mozilla/5.0 (Windows NT 10.0; Win64; x64) AppleWebKit/537.36 (KHTML, like Gecko) Chrome/150.0.0.0 Safari/537.36"
24.12.63.157 - - [26/Aug/2026:11:13:25 -0400] "GET /wp-content/plugins/elementor-pro/assets/lib/sticky/jquery.sticky.min.js?ver=3.1.0 HTTP/1.1" 200 1895 "https://www.autocomlimited.com/" "Mozilla/5.0 (Windows NT 10.0; Win64; x64) AppleWebKit/537.36 (KHTML, like Gecko) Chrome/150.0.0.0 Safari/537.36"
24.12.63.157 - - [26/Aug/2026:11:13:25 -0400] "GET /wp-includes/js/jquery/ui/core.min.js?ver=1.13.3 HTTP/1.1" 200 7106 "https://www.autocomlimited.com/" "Mozilla/5.0 (Windows NT 10.0; Win64; x64) AppleWebKit/537.36 (KHTML, like Gecko) Chrome/150.0.0.0 Safari/537.36"
24.12.63.157 - - [26/Aug/2026:11:13:25 -0400] "GET /wp-content/uploads/2021/02/MAN.png HTTP/1.1" 200 8966 "https://www.autocomlimited.com/" "Mozilla/5.0 (Windows NT 10.0; Win64; x64) AppleWebKit/537.36 (KHTML, like Gecko) Chrome/150.0.0.0 Safari/537.36"
24.12.63.157 - - [26/Aug/2026:11:13:25 -0400] "GET /wp-content/plugins/elementor/assets/js/preloaded-modules.min.js?ver=3.2.5 HTTP/1.1" 200 17034 "https://www.autocomlimited.com/" "Mozilla/5.0 (Windows NT 10.0; Win64; x64) AppleWebKit/537.36 (KHTML, like Gecko) Chrome/150.0.0.0 Safari/537.36"
24.12.63.157 - - [26/Aug/2026:11:13:25 -0400] "GET /wp-content/plugins/elementor/assets/lib/dialog/dialog.min.js?ver=4.8.1 HTTP/1.1" 200 3510 "https://www.autocomlimited.com/" "Mozilla/5.0 (Windows NT 10.0; Win64; x64) AppleWebKit/537.36 (KHTML, like Gecko) Chrome/150.0.0.0 Safari/537.36"
24.12.63.157 - - [26/Aug/2026:11:13:25 -0400] "GET /wp-content/plugins/elementor-pro/assets/js/preloaded-elements-handlers.min.js?ver=3.1.0 HTTP/1.1" 200 37097 "https://www.autocomlimited.com/" "Mozilla/5.0 (Windows NT 10.0; Win64; x64) AppleWebKit/537.36 (KHTML, like Gecko) Chrome/150.0.0.0 Safari/537.36"
24.12.63.157 - - [26/Aug/2026:11:13:25 -0400] "GET /wp-content/plugins/elementor-pro/assets/js/frontend.min.js?ver=3.1.0 HTTP/1.1" 200 17348 "https://www.autocomlimited.com/" "Mozilla/5.0 (Windows NT 10.0; Win64; x64) AppleWebKit/537.36 (KHTML, like Gecko) Chrome/150.0.0.0 Safari/537.36"
24.12.63.157 - - [26/Aug/2026:11:13:25 -0400] "GET /wp-content/plugins/elementor/assets/lib/swiper/swiper.min.js?ver=5.3.6 HTTP/1.1" 200 35491 "https://www.autocomlimited.com/" "Mozilla/5.0 (Windows NT 10.0; Win64; x64) AppleWebKit/537.36 (KHTML, like Gecko) Chrome/150.0.0.0 Safari/537.36"
24.12.63.157 - - [26/Aug/2026:11:13:25 -0400] "GET /wp-content/plugins/elementor/assets/js/webpack.runtime.min.js?ver=3.2.5 HTTP/1.1" 200 2091 "https://www.autocomlimited.com/" "Mozilla/5.0 (Windows NT 10.0; Win64; x64) AppleWebKit/537.36 (KHTML, like Gecko) Chrome/150.0.0.0 Safari/537.36"
24.12.63.157 - - [26/Aug/2026:11:13:25 -0400] "GET /wp-content/plugins/elementor/assets/js/frontend-modules.min.js?ver=3.2.5 HTTP/1.1" 200 21732 "https://www.autocomlimited.com/" "Mozilla/5.0 (Windows NT 10.0; Win64; x64) AppleWebKit/537.36 (KHTML, like Gecko) Chrome/150.0.0.0 Safari/537.36"
24.12.63.157 - - [26/Aug/2026:11:13:25 -0400] "GET /wp-content/plugins/elementor/assets/js/frontend.min.js?ver=3.2.5 HTTP/1.1" 200 19645 "https://www.autocomlimited.com/" "Mozilla/5.0 (Windows NT 10.0; Win64; x64) AppleWebKit/537.36 (KHTML, like Gecko) Chrome/150.0.0.0 Safari/537.36"
