188.161.150.35 - - [26/Aug/2026:09:52:14 -0400] "GET /wp-includes/js/admin-bar.min.js?ver=6.9.4 HTTP/1.1" 200 1357 "https://www.autocomlimited.com/wp-admin/" "Mozilla/5.0 (Windows NT 10.0; Win64; x64; rv:154.0) Gecko/20100101 Firefox/154.0"
188.161.150.35 - - [26/Aug/2026:09:52:14 -0400] "GET /wp-admin/load-scripts.php?c=0&load%5Bchunk_0%5D=hoverIntent,wp-dom-ready,wp-hooks&ver=6.9.4 HTTP/1.1" 200 2692 "https://www.autocomlimited.com/wp-admin/" "Mozilla/5.0 (Windows NT 10.0; Win64; x64; rv:154.0) Gecko/20100101 Firefox/154.0"
188.161.150.35 - - [26/Aug/2026:09:52:14 -0400] "GET /wp-includes/js/jquery/jquery.query.js?ver=2.2.3 HTTP/1.1" 200 1627 "https://www.autocomlimited.com/wp-admin/" "Mozilla/5.0 (Windows NT 10.0; Win64; x64; rv:154.0) Gecko/20100101 Firefox/154.0"
188.161.150.35 - - [26/Aug/2026:09:52:14 -0400] "GET /wp-includes/js/jquery/ui/mouse.min.js?ver=1.13.3 HTTP/1.1" 200 1098 "https://www.autocomlimited.com/wp-admin/" "Mozilla/5.0 (Windows NT 10.0; Win64; x64; rv:154.0) Gecko/20100101 Firefox/154.0"
188.161.150.35 - - [26/Aug/2026:09:52:14 -0400] "GET /wp-admin/js/postbox.min.js?ver=6.9.4 HTTP/1.1" 200 2236 "https://www.autocomlimited.com/wp-admin/" "Mozilla/5.0 (Windows NT 10.0; Win64; x64; rv:154.0) Gecko/20100101 Firefox/154.0"
188.161.150.35 - - [26/Aug/2026:09:52:14 -0400] "GET /wp-includes/js/quicktags.min.js?ver=6.9.4 HTTP/1.1" 200 3509 "https://www.autocomlimited.com/wp-admin/" "Mozilla/5.0 (Windows NT 10.0; Win64; x64; rv:154.0) Gecko/20100101 Firefox/154.0"
188.161.150.35 - - [26/Aug/2026:09:52:14 -0400] "GET /wp-includes/js/dist/vendor/react-jsx-runtime.min.js?ver=18.3.1 HTTP/1.1" 200 554 "https://www.autocomlimited.com/wp-admin/" "Mozilla/5.0 (Windows NT 10.0; Win64; x64; rv:154.0) Gecko/20100101 Firefox/154.0"
188.161.150.35 - - [26/Aug/2026:09:52:14 -0400] "GET /wp-includes/js/dist/blob.min.js?ver=9113eed771d446f4a556 HTTP/1.1" 200 576 "https://www.autocomlimited.com/wp-admin/" "Mozilla/5.0 (Windows NT 10.0; Win64; x64; rv:154.0) Gecko/20100101 Firefox/154.0"
188.161.150.35 - - [26/Aug/2026:09:52:14 -0400] "GET /wp-includes/js/dist/keyboard-shortcuts.min.js?ver=fbc45a34ce65c5723afa HTTP/1.1" 200 1332 "https://www.autocomlimited.com/wp-admin/" "Mozilla/5.0 (Windows NT 10.0; Win64; x64; rv:154.0) Gecko/20100101 Firefox/154.0"
188.161.150.35 - - [26/Aug/2026:09:52:14 -0400] "GET /wp-includes/js/dist/priority-queue.min.js?ver=2d59d091223ee9a33838 HTTP/1.1" 200 1524 "https://www.autocomlimited.com/wp-admin/" "Mozilla/5.0 (Windows NT 10.0; Win64; x64; rv:154.0) Gecko/20100101 Firefox/154.0"
188.161.150.35 - - [26/Aug/2026:09:52:14 -0400] "GET /wp-includes/js/dist/compose.min.js?ver=7a9b375d8c19cf9d3d9b HTTP/1.1" 200 12764 "https://www.autocomlimited.com/wp-admin/" "Mozilla/5.0 (Windows NT 10.0; Win64; x64; rv:154.0) Gecko/20100101 Firefox/154.0"
188.161.150.35 - - [26/Aug/2026:09:52:14 -0400] "GET /wp-includes/js/dist/private-apis.min.js?ver=4f465748bda624774139 HTTP/1.1" 200 1017 "https://www.autocomlimited.com/wp-admin/" "Mozilla/5.0 (Windows NT 10.0; Win64; x64; rv:154.0) Gecko/20100101 Firefox/154.0"
188.161.150.35 - - [26/Aug/2026:09:52:14 -0400] "GET /wp-includes/js/jquery/ui/resizable.min.js?ver=1.13.3 HTTP/1.1" 200 5354 "https://www.autocomlimited.com/wp-admin/" "Mozilla/5.0 (Windows NT 10.0; Win64; x64; rv:154.0) Gecko/20100101 Firefox/154.0"
188.161.150.35 - - [26/Aug/2026:09:52:14 -0400] "GET /wp-includes/js/dist/rich-text.min.js?ver=5bdbb44f3039529e3645 HTTP/1.1" 200 12315 "https://www.autocomlimited.com/wp-admin/" "Mozilla/5.0 (Windows NT 10.0; Win64; x64; rv:154.0) Gecko/20100101 Firefox/154.0"
188.161.150.35 - - [26/Aug/2026:09:52:14 -0400] "GET /wp-includes/js/dist/html-entities.min.js?ver=e8b78b18a162491d5e5f HTTP/1.1" 200 447 "https://www.autocomlimited.com/wp-admin/" "Mozilla/5.0 (Windows NT 10.0; Win64; x64; rv:154.0) Gecko/20100101 Firefox/154.0"
188.161.150.35 - - [26/Aug/2026:09:52:14 -0400] "GET /wp-includes/js/dist/keycodes.min.js?ver=34c8fb5e7a594a1c8037 HTTP/1.1" 200 1354 "https://www.autocomlimited.com/wp-admin/" "Mozilla/5.0 (Windows NT 10.0; Win64; x64; rv:154.0) Gecko/20100101 Firefox/154.0"
188.161.150.35 - - [26/Aug/2026:09:52:14 -0400] "GET /wp-includes/js/wp-sanitize.min.js?ver=6.9.4 HTTP/1.1" 200 285 "https://www.autocomlimited.com/wp-admin/" "Mozilla/5.0 (Windows NT 10.0; Win64; x64; rv:154.0) Gecko/20100101 Firefox/154.0"
188.161.150.35 - - [26/Aug/2026:09:52:14 -0400] "GET /wp-includes/js/dist/data.min.js?ver=f940198280891b0b6318 HTTP/1.1" 200 8837 "https://www.autocomlimited.com/wp-admin/" "Mozilla/5.0 (Windows NT 10.0; Win64; x64; rv:154.0) Gecko/20100101 Firefox/154.0"
188.161.150.35 - - [26/Aug/2026:09:52:14 -0400] "GET /wp-includes/js/dist/token-list.min.js?ver=cfdf635a436c3953a965 HTTP/1.1" 200 588 "https://www.autocomlimited.com/wp-admin/" "Mozilla/5.0 (Windows NT 10.0; Win64; x64; rv:154.0) Gecko/20100101 Firefox/154.0"
188.161.150.35 - - [26/Aug/2026:09:52:14 -0400] "GET /wp-includes/js/dist/preferences-persistence.min.js?ver=e954d3a4426d311f7d1a HTTP/1.1" 200 2018 "https://www.autocomlimited.com/wp-admin/" "Mozilla/5.0 (Windows NT 10.0; Win64; x64; rv:154.0) Gecko/20100101 Firefox/154.0"
188.161.150.35 - - [26/Aug/2026:09:52:14 -0400] "GET /wp-includes/js/dist/deprecated.min.js?ver=e1f84915c5e8ae38964c HTTP/1.1" 200 446 "https://www.autocomlimited.com/wp-admin/" "Mozilla/5.0 (Windows NT 10.0; Win64; x64; rv:154.0) Gecko/20100101 Firefox/154.0"
188.161.150.35 - - [26/Aug/2026:09:52:14 -0400] "GET /wp-includes/js/jquery/ui/draggable.min.js?ver=1.13.3 HTTP/1.1" 200 4875 "https://www.autocomlimited.com/wp-admin/" "Mozilla/5.0 (Windows NT 10.0; Win64; x64; rv:154.0) Gecko/20100101 Firefox/154.0"
188.161.150.35 - - [26/Aug/2026:09:52:14 -0400] "GET /wp-admin/js/updates.min.js?ver=6.9.4 HTTP/1.1" 200 10433 "https://www.autocomlimited.com/wp-admin/" "Mozilla/5.0 (Windows NT 10.0; Win64; x64; rv:154.0) Gecko/20100101 Firefox/154.0"
188.161.150.35 - - [26/Aug/2026:09:52:14 -0400] "GET /wp-admin/js/plugin-install.min.js?ver=6.9.4 HTTP/1.1" 200 1021 "https://www.autocomlimited.com/wp-admin/" "Mozilla/5.0 (Windows NT 10.0; Win64; x64; rv:154.0) Gecko/20100101 Firefox/154.0"
188.161.150.35 - - [26/Aug/2026:09:52:14 -0400] "GET /wp-content/plugins/all-in-one-seo-pack/dist/Lite/assets/js/app.js?ver=4.1.1.2 HTTP/1.1" 200 1183 "https://www.autocomlimited.com/wp-admin/" "Mozilla/5.0 (Windows NT 10.0; Win64; x64; rv:154.0) Gecko/20100101 Firefox/154.0"
188.161.150.35 - - [26/Aug/2026:09:52:14 -0400] "GET /wp-includes/js/dist/router.min.js?ver=2dfc4b954318a03e6a76 HTTP/1.1" 200 5563 "https://www.autocomlimited.com/wp-admin/" "Mozilla/5.0 (Windows NT 10.0; Win64; x64; rv:154.0) Gecko/20100101 Firefox/154.0"
188.161.150.35 - - [26/Aug/2026:09:52:14 -0400] "GET /wp-includes/js/dist/core-commands.min.js?ver=effe2d88d7f0c50a8ce9 HTTP/1.1" 200 3519 "https://www.autocomlimited.com/wp-admin/" "Mozilla/5.0 (Windows NT 10.0; Win64; x64; rv:154.0) Gecko/20100101 Firefox/154.0"
188.161.150.35 - - [26/Aug/2026:09:52:14 -0400] "GET /wp-includes/js/dist/block-serialization-default-parser.min.js?ver=14d44daebf663d05d330 HTTP/1.1" 200 1119 "https://www.autocomlimited.com/wp-admin/" "Mozilla/5.0 (Windows NT 10.0; Win64; x64; rv:154.0) Gecko/20100101 Firefox/154.0"
188.161.150.35 - - [26/Aug/2026:09:52:14 -0400] "GET /wp-includes/js/dist/redux-routine.min.js?ver=8bb92d45458b29590f53 HTTP/1.1" 200 2809 "https://www.autocomlimited.com/wp-admin/" "Mozilla/5.0 (Windows NT 10.0; Win64; x64; rv:154.0) Gecko/20100101 Firefox/154.0"
188.161.150.35 - - [26/Aug/2026:09:52:14 -0400] "GET /wp-includes/js/dist/preferences.min.js?ver=2ca086aed510c242a1ed HTTP/1.1" 200 2868 "https://www.autocomlimited.com/wp-admin/" "Mozilla/5.0 (Windows NT 10.0; Win64; x64; rv:154.0) Gecko/20100101 Firefox/154.0"
188.161.150.35 - - [26/Aug/2026:09:52:14 -0400] "GET /wp-includes/js/dist/primitives.min.js?ver=0b5dcc337aa7cbf75570 HTTP/1.1" 200 833 "https://www.autocomlimited.com/wp-admin/" "Mozilla/5.0 (Windows NT 10.0; Win64; x64; rv:154.0) Gecko/20100101 Firefox/154.0"
188.161.150.35 - - [26/Aug/2026:09:52:14 -0400] "GET /wp-includes/js/dist/commands.min.js?ver=cac8f4817ab7cea0ac49 HTTP/1.1" 200 16467 "https://www.autocomlimited.com/wp-admin/" "Mozilla/5.0 (Windows NT 10.0; Win64; x64; rv:154.0) Gecko/20100101 Firefox/154.0"
188.161.150.35 - - [26/Aug/2026:09:52:14 -0400] "GET /wp-includes/js/dist/autop.min.js?ver=9fb50649848277dd318d HTTP/1.1" 200 2109 "https://www.autocomlimited.com/wp-admin/" "Mozilla/5.0 (Windows NT 10.0; Win64; x64; rv:154.0) Gecko/20100101 Firefox/154.0"
188.161.150.35 - - [26/Aug/2026:09:52:14 -0400] "GET /wp-includes/js/dist/api-fetch.min.js?ver=3a4d9af2b423048b0dee HTTP/1.1" 200 2436 "https://www.autocomlimited.com/wp-admin/" "Mozilla/5.0 (Windows NT 10.0; Win64; x64; rv:154.0) Gecko/20100101 Firefox/154.0"
188.161.150.35 - - [26/Aug/2026:09:52:14 -0400] "GET /wp-includes/js/wp-lists.min.js?ver=6.9.4 HTTP/1.1" 200 2534 "https://www.autocomlimited.com/wp-admin/" "Mozilla/5.0 (Windows NT 10.0; Win64; x64; rv:154.0) Gecko/20100101 Firefox/154.0"
188.161.150.35 - - [26/Aug/2026:09:52:14 -0400] "GET /wp-includes/js/dist/core-data.min.js?ver=15baadfe6e1374188072 HTTP/1.1" 200 21305 "https://www.autocomlimited.com/wp-admin/" "Mozilla/5.0 (Windows NT 10.0; Win64; x64; rv:154.0) Gecko/20100101 Firefox/154.0"
188.161.150.35 - - [26/Aug/2026:09:52:14 -0400] "GET /wp-includes/js/dist/warning.min.js?ver=d69bc18c456d01c11d5a HTTP/1.1" 200 240 "https://www.autocomlimited.com/wp-admin/" "Mozilla/5.0 (Windows NT 10.0; Win64; x64; rv:154.0) Gecko/20100101 Firefox/154.0"
188.161.150.35 - - [26/Aug/2026:09:52:14 -0400] "GET /wp-includes/js/dist/vendor/moment.min.js?ver=2.30.1 HTTP/1.1" 200 18754 "https://www.autocomlimited.com/wp-admin/" "Mozilla/5.0 (Windows NT 10.0; Win64; x64; rv:154.0) Gecko/20100101 Firefox/154.0"
188.161.150.35 - - [26/Aug/2026:09:52:14 -0400] "GET /wp-includes/js/jquery/ui/controlgroup.min.js?ver=1.13.3 HTTP/1.1" 200 1606 "https://www.autocomlimited.com/wp-admin/" "Mozilla/5.0 (Windows NT 10.0; Win64; x64; rv:154.0) Gecko/20100101 Firefox/154.0"
188.161.150.35 - - [26/Aug/2026:09:52:14 -0400] "GET /wp-includes/js/jquery/ui/button.min.js?ver=1.13.3 HTTP/1.1" 200 1979 "https://www.autocomlimited.com/wp-admin/" "Mozilla/5.0 (Windows NT 10.0; Win64; x64; rv:154.0) Gecko/20100101 Firefox/154.0"
188.161.150.35 - - [26/Aug/2026:09:52:14 -0400] "GET /wp-admin/js/site-health.min.js?ver=6.9.4 HTTP/1.1" 200 2196 "https://www.autocomlimited.com/wp-admin/" "Mozilla/5.0 (Windows NT 10.0; Win64; x64; rv:154.0) Gecko/20100101 Firefox/154.0"
188.161.150.35 - - [26/Aug/2026:09:52:14 -0400] "GET /wp-includes/js/jquery/ui/sortable.min.js?ver=1.13.3 HTTP/1.1" 200 6586 "https://www.autocomlimited.com/wp-admin/" "Mozilla/5.0 (Windows NT 10.0; Win64; x64; rv:154.0) Gecko/20100101 Firefox/154.0"
188.161.150.35 - - [26/Aug/2026:09:52:14 -0400] "GET /wp-includes/js/dist/url.min.js?ver=9e178c9516d1222dc834 HTTP/1.1" 200 3856 "https://www.autocomlimited.com/wp-admin/" "Mozilla/5.0 (Windows NT 10.0; Win64; x64; rv:154.0) Gecko/20100101 Firefox/154.0"
188.161.150.35 - - [26/Aug/2026:09:52:14 -0400] "GET /wp-includes/js/dist/notices.min.js?ver=f62fbf15dcc23301922f HTTP/1.1" 200 946 "https://www.autocomlimited.com/wp-admin/" "Mozilla/5.0 (Windows NT 10.0; Win64; x64; rv:154.0) Gecko/20100101 Firefox/154.0"
188.161.150.35 - - [26/Aug/2026:09:52:14 -0400] "GET /wp-includes/js/jquery/jquery.color.min.js?ver=3.0.0 HTTP/1.1" 200 2724 "https://www.autocomlimited.com/wp-admin/" "Mozilla/5.0 (Windows NT 10.0; Win64; x64; rv:154.0) Gecko/20100101 Firefox/154.0"
188.161.150.35 - - [26/Aug/2026:09:52:14 -0400] "GET /wp-includes/js/wp-ajax-response.min.js?ver=6.9.4 HTTP/1.1" 200 1134 "https://www.autocomlimited.com/wp-admin/" "Mozilla/5.0 (Windows NT 10.0; Win64; x64; rv:154.0) Gecko/20100101 Firefox/154.0"
188.161.150.35 - - [26/Aug/2026:09:52:14 -0400] "GET /wp-includes/js/jquery/ui/checkboxradio.min.js?ver=1.13.3 HTTP/1.1" 200 1422 "https://www.autocomlimited.com/wp-admin/" "Mozilla/5.0 (Windows NT 10.0; Win64; x64; rv:154.0) Gecko/20100101 Firefox/154.0"
188.161.150.35 - - [26/Aug/2026:09:52:14 -0400] "GET /wp-includes/js/dist/shortcode.min.js?ver=0b3174183b858f2df320 HTTP/1.1" 200 1387 "https://www.autocomlimited.com/wp-admin/" "Mozilla/5.0 (Windows NT 10.0; Win64; x64; rv:154.0) Gecko/20100101 Firefox/154.0"
188.161.150.35 - - [26/Aug/2026:09:52:14 -0400] "GET /wp-includes/js/dist/components.min.js?ver=0d72a218dfea8f6f442f HTTP/1.1" 200 253005 "https://www.autocomlimited.com/wp-admin/" "Mozilla/5.0 (Windows NT 10.0; Win64; x64; rv:154.0) Gecko/20100101 Firefox/154.0"
188.161.150.35 - - [26/Aug/2026:09:52:14 -0400] "GET /wp-admin/js/edit-comments.min.js?ver=6.9.4 HTTP/1.1" 200 5171 "https://www.autocomlimited.com/wp-admin/" "Mozilla/5.0 (Windows NT 10.0; Win64; x64; rv:154.0) Gecko/20100101 Firefox/154.0"
188.161.150.35 - - [26/Aug/2026:09:52:14 -0400] "GET /wp-includes/js/dist/blocks.min.js?ver=57eca4d23daac7159d88 HTTP/1.1" 200 54715 "https://www.autocomlimited.com/wp-admin/" "Mozilla/5.0 (Windows NT 10.0; Win64; x64; rv:154.0) Gecko/20100101 Firefox/154.0"
188.161.150.35 - - [26/Aug/2026:09:52:14 -0400] "GET /wp-includes/js/jquery/ui/dialog.min.js?ver=1.13.3 HTTP/1.1" 200 3832 "https://www.autocomlimited.com/wp-admin/" "Mozilla/5.0 (Windows NT 10.0; Win64; x64; rv:154.0) Gecko/20100101 Firefox/154.0"
188.161.150.35 - - [26/Aug/2026:09:52:14 -0400] "GET /wp-includes/js/api-request.min.js?ver=6.9.4 HTTP/1.1" 200 590 "https://www.autocomlimited.com/wp-admin/" "Mozilla/5.0 (Windows NT 10.0; Win64; x64; rv:154.0) Gecko/20100101 Firefox/154.0"
188.161.150.35 - - [26/Aug/2026:09:52:14 -0400] "GET /wp-includes/js/dist/block-editor.min.js?ver=addf558a422e2ee57920 HTTP/1.1" 200 269902 "https://www.autocomlimited.com/wp-admin/" "Mozilla/5.0 (Windows NT 10.0; Win64; x64; rv:154.0) Gecko/20100101 Firefox/154.0"
188.161.150.35 - - [26/Aug/2026:09:52:14 -0400] "GET /wp-includes/js/thickbox/thickbox.js?ver=3.1-20121105 HTTP/1.1" 200 4032 "https://www.autocomlimited.com/wp-admin/" "Mozilla/5.0 (Windows NT 10.0; Win64; x64; rv:154.0) Gecko/20100101 Firefox/154.0"
188.161.150.35 - - [26/Aug/2026:09:52:14 -0400] "GET /wp-admin/js/dashboard.min.js?ver=6.9.4 HTTP/1.1" 200 3088 "https://www.autocomlimited.com/wp-admin/" "Mozilla/5.0 (Windows NT 10.0; Win64; x64; rv:154.0) Gecko/20100101 Firefox/154.0"
188.161.150.35 - - [26/Aug/2026:09:52:14 -0400] "GET /wp-includes/js/heartbeat.min.js?ver=6.9.4 HTTP/1.1" 200 2041 "https://www.autocomlimited.com/wp-admin/" "Mozilla/5.0 (Windows NT 10.0; Win64; x64; rv:154.0) Gecko/20100101 Firefox/154.0"
188.161.150.35 - - [26/Aug/2026:09:52:14 -0400] "GET /wp-includes/js/dist/style-engine.min.js?ver=7c6fcedc37dadafb8a81 HTTP/1.1" 200 2080 "https://www.autocomlimited.com/wp-admin/" "Mozilla/5.0 (Windows NT 10.0; Win64; x64; rv:154.0) Gecko/20100101 Firefox/154.0"
188.161.150.35 - - [26/Aug/2026:09:52:14 -0400] "GET /wp-includes/js/dist/dom.min.js?ver=26edef3be6483da3de2e HTTP/1.1" 200 4738 "https://www.autocomlimited.com/wp-admin/" "Mozilla/5.0 (Windows NT 10.0; Win64; x64; rv:154.0) Gecko/20100101 Firefox/154.0"
188.161.150.35 - - [26/Aug/2026:09:52:14 -0400] "GET /wp-includes/js/shortcode.min.js?ver=6.9.4 HTTP/1.1" 200 1145 "https://www.autocomlimited.com/wp-admin/" "Mozilla/5.0 (Windows NT 10.0; Win64; x64; rv:154.0) Gecko/20100101 Firefox/154.0"
188.161.150.35 - - [26/Aug/2026:09:52:14 -0400] "GET /wp-includes/js/dist/is-shallow-equal.min.js?ver=e0f9f1d78d83f5196979 HTTP/1.1" 200 520 "https://www.autocomlimited.com/wp-admin/" "Mozilla/5.0 (Windows NT 10.0; Win64; x64; rv:154.0) Gecko/20100101 Firefox/154.0"
188.161.150.35 - - [26/Aug/2026:09:52:14 -0400] "GET /wp-content/plugins/all-in-one-seo-pack/dist/Lite/assets/js/chunk-vendors.js?ver=4.1.1.2 HTTP/1.1" 200 489717 "https://www.autocomlimited.com/wp-admin/" "Mozilla/5.0 (Windows NT 10.0; Win64; x64; rv:154.0) Gecko/20100101 Firefox/154.0"
188.161.150.35 - - [26/Aug/2026:09:52:14 -0400] "GET /wp-admin/js/svg-painter.js?ver=6.9.4 HTTP/1.1" 200 1218 "https://www.autocomlimited.com/wp-admin/" "Mozilla/5.0 (Windows NT 10.0; Win64; x64; rv:154.0) Gecko/20100101 Firefox/154.0"
188.161.150.35 - - [26/Aug/2026:09:52:14 -0400] "GET /wp-includes/js/dist/escape-html.min.js?ver=6561a406d2d232a6fbd2 HTTP/1.1" 200 532 "https://www.autocomlimited.com/wp-admin/" "Mozilla/5.0 (Windows NT 10.0; Win64; x64; rv:154.0) Gecko/20100101 Firefox/154.0"
188.161.150.35 - - [26/Aug/2026:09:52:14 -0400] "GET /wp-includes/js/dist/element.min.js?ver=6a582b0c827fa25df3dd HTTP/1.1" 200 4993 "https://www.autocomlimited.com/wp-admin/" "Mozilla/5.0 (Windows NT 10.0; Win64; x64; rv:154.0) Gecko/20100101 Firefox/154.0"
188.161.150.35 - - [26/Aug/2026:09:52:14 -0400] "GET /wp-includes/js/dist/date.min.js?ver=795a56839718d3ff7eae HTTP/1.1" 200 43450 "https://www.autocomlimited.com/wp-admin/" "Mozilla/5.0 (Windows NT 10.0; Win64; x64; rv:154.0) Gecko/20100101 Firefox/154.0"
188.161.150.35 - - [26/Aug/2026:09:52:14 -0400] "GET /wp-admin/js/media-upload.min.js?ver=6.9.4 HTTP/1.1" 200 613 "https://www.autocomlimited.com/wp-admin/" "Mozilla/5.0 (Windows NT 10.0; Win64; x64; rv:154.0) Gecko/20100101 Firefox/154.0"
188.161.150.35 - - [26/Aug/2026:09:52:14 -0400] "GET /wp-includes/js/dist/vendor/react.min.js?ver=18.3.1.1 HTTP/1.1" 200 4165 "https://www.autocomlimited.com/wp-admin/" "Mozilla/5.0 (Windows NT 10.0; Win64; x64; rv:154.0) Gecko/20100101 Firefox/154.0"
188.161.150.35 - - [26/Aug/2026:09:52:14 -0400] "GET /wp-includes/js/wp-auth-check.min.js?ver=6.9.4 HTTP/1.1" 200 773 "https://www.autocomlimited.com/wp-admin/" "Mozilla/5.0 (Windows NT 10.0; Win64; x64; rv:154.0) Gecko/20100101 Firefox/154.0"
188.161.150.35 - - [26/Aug/2026:09:52:14 -0400] "GET /wp-includes/js/dist/vendor/react-dom.min.js?ver=18.3.1.1 HTTP/1.1" 200 41888 "https://www.autocomlimited.com/wp-admin/" "Mozilla/5.0 (Windows NT 10.0; Win64; x64; rv:154.0) Gecko/20100101 Firefox/154.0"
188.161.150.35 - - [26/Aug/2026:09:52:14 -0400] "GET /wp-content/plugins/perfect-woocommerce-brands/assets/js/functions-admin.min.js?ver=1.8.7 HTTP/1.1" 200 2264 "https://www.autocomlimited.com/wp-admin/" "Mozilla/5.0 (Windows NT 10.0; Win64; x64; rv:154.0) Gecko/20100101 Firefox/154.0"
188.161.150.35 - - [26/Aug/2026:09:52:14 -0400] "GET /wp-includes/js/mediaelement/mediaelement-migrate.min.js?ver=6.9.4 HTTP/1.1" 200 540 "https://www.autocomlimited.com/wp-admin/" "Mozilla/5.0 (Windows NT 10.0; Win64; x64; rv:154.0) Gecko/20100101 Firefox/154.0"
188.161.150.35 - - [26/Aug/2026:09:52:14 -0400] "GET /wp-admin/js/iris.min.js?ver=1.1.1 HTTP/1.1" 200 8079 "https://www.autocomlimited.com/wp-admin/" "Mozilla/5.0 (Windows NT 10.0; Win64; x64; rv:154.0) Gecko/20100101 Firefox/154.0"
188.161.150.35 - - [26/Aug/2026:09:52:14 -0400] "GET /wp-includes/js/plupload/wp-plupload.min.js?ver=6.9.4 HTTP/1.1" 200 2338 "https://www.autocomlimited.com/wp-admin/" "Mozilla/5.0 (Windows NT 10.0; Win64; x64; rv:154.0) Gecko/20100101 Firefox/154.0"
188.161.150.35 - - [26/Aug/2026:09:52:14 -0400] "GET /wp-includes/js/media-audiovideo.min.js?ver=6.9.4 HTTP/1.1" 200 3363 "https://www.autocomlimited.com/wp-admin/" "Mozilla/5.0 (Windows NT 10.0; Win64; x64; rv:154.0) Gecko/20100101 Firefox/154.0"
188.161.150.35 - - [26/Aug/2026:09:52:14 -0400] "GET /wp-includes/js/backbone.min.js?ver=1.6.0 HTTP/1.1" 200 8021 "https://www.autocomlimited.com/wp-admin/" "Mozilla/5.0 (Windows NT 10.0; Win64; x64; rv:154.0) Gecko/20100101 Firefox/154.0"
188.161.150.35 - - [26/Aug/2026:09:52:14 -0400] "GET /wp-includes/js/mce-view.min.js?ver=6.9.4 HTTP/1.1" 200 3730 "https://www.autocomlimited.com/wp-admin/" "Mozilla/5.0 (Windows NT 10.0; Win64; x64; rv:154.0) Gecko/20100101 Firefox/154.0"
188.161.150.35 - - [26/Aug/2026:09:52:14 -0400] "GET /wp-includes/js/media-editor.min.js?ver=6.9.4 HTTP/1.1" 200 3603 "https://www.autocomlimited.com/wp-admin/" "Mozilla/5.0 (Windows NT 10.0; Win64; x64; rv:154.0) Gecko/20100101 Firefox/154.0"
188.161.150.35 - - [26/Aug/2026:09:52:14 -0400] "GET /wp-includes/js/mediaelement/wp-mediaelement.min.js?ver=6.9.4 HTTP/1.1" 200 538 "https://www.autocomlimited.com/wp-admin/" "Mozilla/5.0 (Windows NT 10.0; Win64; x64; rv:154.0) Gecko/20100101 Firefox/154.0"
188.161.150.35 - - [26/Aug/2026:09:52:14 -0400] "GET /wp-includes/js/wp-backbone.min.js?ver=6.9.4 HTTP/1.1" 200 1175 "https://www.autocomlimited.com/wp-admin/" "Mozilla/5.0 (Windows NT 10.0; Win64; x64; rv:154.0) Gecko/20100101 Firefox/154.0"
188.161.150.35 - - [26/Aug/2026:09:52:14 -0400] "GET /wp-content/plugins/elementor/assets/lib/backbone/backbone.radio.min.js?ver=1.0.4 HTTP/1.1" 200 1568 "https://www.autocomlimited.com/wp-admin/" "Mozilla/5.0 (Windows NT 10.0; Win64; x64; rv:154.0) Gecko/20100101 Firefox/154.0"
188.161.150.35 - - [26/Aug/2026:09:52:14 -0400] "GET /wp-includes/js/media-views.min.js?ver=6.9.4 HTTP/1.1" 200 26607 "https://www.autocomlimited.com/wp-admin/" "Mozilla/5.0 (Windows NT 10.0; Win64; x64; rv:154.0) Gecko/20100101 Firefox/154.0"
188.161.150.35 - - [26/Aug/2026:09:52:14 -0400] "GET /wp-admin/js/color-picker.min.js?ver=6.9.4 HTTP/1.1" 200 1205 "https://www.autocomlimited.com/wp-admin/" "Mozilla/5.0 (Windows NT 10.0; Win64; x64; rv:154.0) Gecko/20100101 Firefox/154.0"
188.161.150.35 - - [26/Aug/2026:09:52:14 -0400] "GET /wp-content/plugins/elementor/assets/lib/backbone/backbone.marionette.min.js?ver=2.4.5.e1 HTTP/1.1" 200 11502 "https://www.autocomlimited.com/wp-admin/" "Mozilla/5.0 (Windows NT 10.0; Win64; x64; rv:154.0) Gecko/20100101 Firefox/154.0"
188.161.150.35 - - [26/Aug/2026:09:52:14 -0400] "GET /wp-includes/js/media-models.min.js?ver=6.9.4 HTTP/1.1" 200 4088 "https://www.autocomlimited.com/wp-admin/" "Mozilla/5.0 (Windows NT 10.0; Win64; x64; rv:154.0) Gecko/20100101 Firefox/154.0"
188.161.150.35 - - [26/Aug/2026:09:52:14 -0400] "GET /wp-admin/js/image-edit.min.js?ver=6.9.4 HTTP/1.1" 200 4766 "https://www.autocomlimited.com/wp-admin/" "Mozilla/5.0 (Windows NT 10.0; Win64; x64; rv:154.0) Gecko/20100101 Firefox/154.0"
188.161.150.35 - - [26/Aug/2026:09:52:14 -0400] "GET /wp-includes/js/mediaelement/mediaelement-and-player.min.js?ver=4.2.17 HTTP/1.1" 200 38789 "https://www.autocomlimited.com/wp-admin/" "Mozilla/5.0 (Windows NT 10.0; Win64; x64; rv:154.0) Gecko/20100101 Firefox/154.0"
188.161.150.35 - - [26/Aug/2026:09:52:14 -0400] "GET /wp-includes/js/jquery/jquery.ui.touch-punch.js?ver=0.2.2 HTTP/1.1" 200 585 "https://www.autocomlimited.com/wp-admin/" "Mozilla/5.0 (Windows NT 10.0; Win64; x64; rv:154.0) Gecko/20100101 Firefox/154.0"
188.161.150.35 - - [26/Aug/2026:09:52:14 -0400] "GET /wp-includes/js/imgareaselect/jquery.imgareaselect.min.js?ver=6.9.4 HTTP/1.1" 200 3718 "https://www.autocomlimited.com/wp-admin/" "Mozilla/5.0 (Windows NT 10.0; Win64; x64; rv:154.0) Gecko/20100101 Firefox/154.0"
188.161.150.35 - - [26/Aug/2026:09:52:14 -0400] "GET /wp-includes/js/jquery/ui/slider.min.js?ver=1.13.3 HTTP/1.1" 200 3138 "https://www.autocomlimited.com/wp-admin/" "Mozilla/5.0 (Windows NT 10.0; Win64; x64; rv:154.0) Gecko/20100101 Firefox/154.0"
188.161.150.35 - - [26/Aug/2026:09:52:14 -0400] "GET /wp-content/plugins/all-in-one-seo-pack/dist/Lite/assets/js/chunk-common.js?ver=4.1.1.2 HTTP/1.1" 200 647812 "https://www.autocomlimited.com/wp-admin/" "Mozilla/5.0 (Windows NT 10.0; Win64; x64; rv:154.0) Gecko/20100101 Firefox/154.0"
188.161.150.35 - - [26/Aug/2026:09:52:14 -0400] "GET /wp-content/plugins/elementor/assets/js/common-modules.min.js?ver=3.2.5 HTTP/1.1" 200 31654 "https://www.autocomlimited.com/wp-admin/" "Mozilla/5.0 (Windows NT 10.0; Win64; x64; rv:154.0) Gecko/20100101 Firefox/154.0"
188.161.150.35 - - [26/Aug/2026:09:52:14 -0400] "GET /wp-content/plugins/elementor/assets/js/common.min.js?ver=3.2.5 HTTP/1.1" 200 46343 "https://www.autocomlimited.com/wp-admin/" "Mozilla/5.0 (Windows NT 10.0; Win64; x64; rv:154.0) Gecko/20100101 Firefox/154.0"
188.161.150.35 - - [26/Aug/2026:09:52:14 -0400] "GET /wp-content/plugins/elementor/assets/js/app-loader.min.js?ver=3.2.5 HTTP/1.1" 200 26965 "https://www.autocomlimited.com/wp-admin/" "Mozilla/5.0 (Windows NT 10.0; Win64; x64; rv:154.0) Gecko/20100101 Firefox/154.0"
188.161.150.35 - - [26/Aug/2026:09:52:14 -0400] "GET /wp-content/plugins/elementor-pro/assets/js/admin.min.js?ver=3.1.0 HTTP/1.1" 200 22455 "https://www.autocomlimited.com/wp-admin/" "Mozilla/5.0 (Windows NT 10.0; Win64; x64; rv:154.0) Gecko/20100101 Firefox/154.0"
188.161.150.35 - - [26/Aug/2026:09:52:15 -0400] "GET /wp-content/plugins/elementor/assets/js/admin.min.js?ver=3.2.5 HTTP/1.1" 200 18586 "https://www.autocomlimited.com/wp-admin/" "Mozilla/5.0 (Windows NT 10.0; Win64; x64; rv:154.0) Gecko/20100101 Firefox/154.0"
188.161.150.35 - - [26/Aug/2026:09:52:15 -0400] "GET /wp-content/plugins/woocommerce-direct-checkout/assets/backend/qlwcdc-admin.min.js?ver=3.6.2 HTTP/1.1" 200 726 "https://www.autocomlimited.com/wp-admin/" "Mozilla/5.0 (Windows NT 10.0; Win64; x64; rv:154.0) Gecko/20100101 Firefox/154.0"
188.161.150.35 - - [26/Aug/2026:09:52:15 -0400] "GET /wp-content/plugins/woocommerce-direct-checkout/jetpack_vendor/automattic/jetpack-assets/build/jetpack-script-data.js?minify=false&ver=d93b770c3a1796c5e279 HTTP/1.1" 200 882 "https://www.autocomlimited.com/wp-admin/" "Mozilla/5.0 (Windows NT 10.0; Win64; x64; rv:154.0) Gecko/20100101 Firefox/154.0"
188.161.150.35 - - [26/Aug/2026:09:52:15 -0400] "GET /wp-content/plugins/woocommerce/assets/js/admin/wc-status-widget.min.js?ver=5.4.5 HTTP/1.1" 200 220 "https://www.autocomlimited.com/wp-admin/" "Mozilla/5.0 (Windows NT 10.0; Win64; x64; rv:154.0) Gecko/20100101 Firefox/154.0"
188.161.150.35 - - [26/Aug/2026:09:52:15 -0400] "GET /wp-content/plugins/code-snippets/dist/77309b6c62059751c2c4.svg HTTP/1.1" 200 417 "https://www.autocomlimited.com/wp-content/plugins/code-snippets/dist/menu.css?ver=3.9.6" "Mozilla/5.0 (Windows NT 10.0; Win64; x64; rv:154.0) Gecko/20100101 Firefox/154.0"
188.161.150.35 - - [26/Aug/2026:09:52:15 -0400] "GET /wp-content/plugins/elementor/assets/lib/eicons/fonts/eicons.woff2?5.11.0 HTTP/1.1" 200 85840 "https://www.autocomlimited.com/wp-content/plugins/elementor/assets/lib/eicons/css/elementor-icons.min.css?ver=5.11.0" "Mozilla/5.0 (Windows NT 10.0; Win64; x64; rv:154.0) Gecko/20100101 Firefox/154.0"
188.161.150.35 - - [26/Aug/2026:09:52:16 -0400] "GET /wp-content/plugins/clearfy/assets/img/webcraftic-plugin-icon.png HTTP/1.1" 200 2018 "https://www.autocomlimited.com/wp-content/plugins/clearfy/assets/css/admin-bar.css?ver=1.9.3" "Mozilla/5.0 (Windows NT 10.0; Win64; x64; rv:154.0) Gecko/20100101 Firefox/154.0"
188.161.150.35 - - [26/Aug/2026:09:52:16 -0400] "GET /wp-content/plugins/clearfy/components/disable-admin-notices/admin/assets/img/hide-icon.svg HTTP/1.1" 200 822 "https://www.autocomlimited.com/wp-content/plugins/clearfy/components/disable-admin-notices/admin/assets/css/general.css?ver=1.9.3" "Mozilla/5.0 (Windows NT 10.0; Win64; x64; rv:154.0) Gecko/20100101 Firefox/154.0"
188.161.150.35 - - [26/Aug/2026:09:52:16 -0400] "GET /wp-content/plugins/woocommerce/assets/fonts/WooCommerce.woff HTTP/1.1" 200 14176 "https://www.autocomlimited.com/wp-content/plugins/woocommerce/assets/css/dashboard.css?ver=5.4.5" "Mozilla/5.0 (Windows NT 10.0; Win64; x64; rv:154.0) Gecko/20100101 Firefox/154.0"
198.54.126.42 - - [26/Aug/2026:09:52:19 -0400] "POST /wp-cron.php?doing_wp_cron=1787752339.6834430694580078125000 HTTP/1.1" 200 - "-" "WordPress/6.9.4; https://www.autocomlimited.com"
188.161.150.35 - - [26/Aug/2026:09:52:19 -0400] "GET /wp-json/wp/v2/users/me?context=edit&_locale=user HTTP/1.1" 200 5627 "https://www.autocomlimited.com/wp-admin/" "Mozilla/5.0 (Windows NT 10.0; Win64; x64; rv:154.0) Gecko/20100101 Firefox/154.0"
188.161.150.35 - - [26/Aug/2026:09:52:27 -0400] "POST /wp-admin/admin-ajax.php HTTP/1.1" 200 102 "https://www.autocomlimited.com/wp-admin/" "Mozilla/5.0 (Windows NT 10.0; Win64; x64; rv:154.0) Gecko/20100101 Firefox/154.0"
188.161.150.35 - - [26/Aug/2026:09:52:28 -0400] "GET /wp-includes/js/thickbox/loadingAnimation.gif HTTP/1.1" 200 15238 "https://www.autocomlimited.com/wp-admin/" "Mozilla/5.0 (Windows NT 10.0; Win64; x64; rv:154.0) Gecko/20100101 Firefox/154.0"
188.161.150.35 - - [26/Aug/2026:09:52:33 -0400] "GET /wp-admin/admin-ajax.php?action=dashboard-widgets&widget=dashboard_primary&pagenow=dashboard HTTP/1.1" 200 530 "https://www.autocomlimited.com/wp-admin/" "Mozilla/5.0 (Windows NT 10.0; Win64; x64; rv:154.0) Gecko/20100101 Firefox/154.0"
198.54.126.42 - - [26/Aug/2026:09:52:43 -0400] "POST /wp-cron.php?doing_wp_cron=1787752363.5806939601898193359375 HTTP/1.1" 200 - "-" "WordPress/6.9.4; https://www.autocomlimited.com"
188.161.150.35 - - [26/Aug/2026:09:52:42 -0400] "GET /wp-admin/plugins.php HTTP/1.1" 200 59262 "https://www.autocomlimited.com/wp-admin/" "Mozilla/5.0 (Windows NT 10.0; Win64; x64; rv:154.0) Gecko/20100101 Firefox/154.0"
188.161.150.35 - - [26/Aug/2026:09:52:44 -0400] "GET /wp-content/plugins/clearfy/components/updates-manager/admin/assets/js/plugins.js?ver=1.9.3 HTTP/1.1" 200 565 "https://www.autocomlimited.com/wp-admin/plugins.php" "Mozilla/5.0 (Windows NT 10.0; Win64; x64; rv:154.0) Gecko/20100101 Firefox/154.0"
188.161.150.35 - - [26/Aug/2026:09:52:44 -0400] "GET /wp-content/plugins/clearfy/components/updates-manager/admin/assets/css/plugins.css?ver=1.9.3 HTTP/1.1" 200 449 "https://www.autocomlimited.com/wp-admin/plugins.php" "Mozilla/5.0 (Windows NT 10.0; Win64; x64; rv:154.0) Gecko/20100101 Firefox/154.0"
188.161.150.35 - - [26/Aug/2026:09:52:44 -0400] "GET /wp-content/plugins/all-in-one-seo-pack/dist/Lite/assets/js/plugins.js?ver=4.1.1.2 HTTP/1.1" 200 4352 "https://www.autocomlimited.com/wp-admin/plugins.php" "Mozilla/5.0 (Windows NT 10.0; Win64; x64; rv:154.0) Gecko/20100101 Firefox/154.0"
188.161.150.35 - - [26/Aug/2026:09:52:44 -0400] "GET /wp-admin/load-scripts.php?c=0&load%5Bchunk_0%5D=jquery-core,jquery-migrate,utils,moxiejs,plupload&ver=6.9.4 HTTP/1.1" 200 66849 "https://www.autocomlimited.com/wp-admin/plugins.php" "Mozilla/5.0 (Windows NT 10.0; Win64; x64; rv:154.0) Gecko/20100101 Firefox/154.0"
188.161.150.35 - - [26/Aug/2026:09:52:44 -0400] "GET /wp-admin/load-styles.php?c=0&dir=ltr&load%5Bchunk_0%5D=dashicons,admin-bar,wp-jquery-ui-dialog,common,forms,admin-menu,dashboard,list-tables,edit,revisions,media,themes,about,nav-menu&load%5Bchunk_1%5D=s,wp-pointer,widgets,site-icon,l10n,buttons,wp-auth-check,wp-components,wp-commands,wp-color-picker,media-views&ver=6.9.4 HTTP/1.1" 200 128792 "https://www.autocomlimited.com/wp-admin/plugins.php" "Mozilla/5.0 (Windows NT 10.0; Win64; x64; rv:154.0) Gecko/20100101 Firefox/154.0"
188.161.150.35 - - [26/Aug/2026:09:52:45 -0400] "GET /wp-content/plugins/woocommerce-direct-checkout/vendor/franmastromarino/wp-plugin-feedback/build/js/index.js?ver=1.0.0 HTTP/1.1" 200 4917 "https://www.autocomlimited.com/wp-admin/plugins.php" "Mozilla/5.0 (Windows NT 10.0; Win64; x64; rv:154.0) Gecko/20100101 Firefox/154.0"
188.161.150.35 - - [26/Aug/2026:09:52:45 -0400] "GET /wp-content/plugins/elementor/assets/js/admin-feedback.min.js?ver=3.2.5 HTTP/1.1" 200 3156 "https://www.autocomlimited.com/wp-admin/plugins.php" "Mozilla/5.0 (Windows NT 10.0; Win64; x64; rv:154.0) Gecko/20100101 Firefox/154.0"
188.161.150.35 - - [26/Aug/2026:09:52:46 -0400] "GET /wp-admin/images/spinner-2x.gif HTTP/1.1" 200 7536 "https://www.autocomlimited.com/wp-admin/load-styles.php?c=0&dir=ltr&load%5Bchunk_0%5D=dashicons,admin-bar,wp-jquery-ui-dialog,common,forms,admin-menu,dashboard,list-tables,edit,revisions,media,themes,about,nav-menu&load%5Bchunk_1%5D=s,wp-pointer,widgets,site-icon,l10n,buttons,wp-auth-check,wp-components,wp-commands,wp-color-picker,media-views&ver=6.9.4" "Mozilla/5.0 (Windows NT 10.0; Win64; x64; rv:154.0) Gecko/20100101 Firefox/154.0"
188.161.150.35 - - [26/Aug/2026:09:52:46 -0400] "GET /wp-json/wp/v2/users/me?context=edit&_locale=user HTTP/1.1" 200 5627 "https://www.autocomlimited.com/wp-admin/plugins.php" "Mozilla/5.0 (Windows NT 10.0; Win64; x64; rv:154.0) Gecko/20100101 Firefox/154.0"
188.161.150.35 - - [26/Aug/2026:09:52:59 -0400] "GET /wp-admin/plugin-install.php HTTP/1.1" 200 52842 "https://www.autocomlimited.com/wp-admin/plugins.php" "Mozilla/5.0 (Windows NT 10.0; Win64; x64; rv:154.0) Gecko/20100101 Firefox/154.0"
198.54.126.42 - - [26/Aug/2026:09:53:02 -0400] "POST /wp-cron.php?doing_wp_cron=1787752382.9561390876770019531250 HTTP/1.1" 200 - "-" "WordPress/6.9.4; https://www.autocomlimited.com"
188.161.150.35 - - [26/Aug/2026:09:53:02 -0400] "GET /wp-json/wp/v2/users/me?context=edit&_locale=user HTTP/1.1" 200 5627 "https://www.autocomlimited.com/wp-admin/plugin-install.php" "Mozilla/5.0 (Windows NT 10.0; Win64; x64; rv:154.0) Gecko/20100101 Firefox/154.0"
188.161.150.35 - - [26/Aug/2026:09:53:03 -0400] "POST /wp-admin/admin-ajax.php HTTP/1.1" 200 47 "https://www.autocomlimited.com/wp-admin/plugin-install.php" "Mozilla/5.0 (Windows NT 10.0; Win64; x64; rv:154.0) Gecko/20100101 Firefox/154.0"
188.161.150.35 - - [26/Aug/2026:09:53:10 -0400] "POST /wp-admin/update.php?action=upload-plugin HTTP/1.1" 200 45180 "https://www.autocomlimited.com/wp-admin/plugin-install.php" "Mozilla/5.0 (Windows NT 10.0; Win64; x64; rv:154.0) Gecko/20100101 Firefox/154.0"
188.161.150.35 - - [26/Aug/2026:09:53:17 -0400] "GET /wp-admin/load-styles.php?c=0&dir=ltr&load%5Bchunk_0%5D=dashicons,admin-bar,wp-jquery-ui-dialog,common,forms,admin-menu,dashboard,list-tables,edit,revisions,media,themes,about,nav-menu&load%5Bchunk_1%5D=s,wp-pointer,widgets,site-icon,l10n,buttons,wp-components,wp-commands,wp-color-picker,media-views&ver=6.9.4 HTTP/1.1" 200 128411 "https://www.autocomlimited.com/wp-admin/update.php?action=upload-plugin" "Mozilla/5.0 (Windows NT 10.0; Win64; x64; rv:154.0) Gecko/20100101 Firefox/154.0"
198.54.126.42 - - [26/Aug/2026:09:53:19 -0400] "POST /wp-cron.php?doing_wp_cron=1787752399.4211421012878417968750 HTTP/1.1" 200 - "-" "WordPress/6.9.4; https://www.autocomlimited.com"
188.161.150.35 - - [26/Aug/2026:09:53:19 -0400] "GET /wp-json/wp/v2/users/me?context=edit&_locale=user HTTP/1.1" 200 5627 "https://www.autocomlimited.com/wp-admin/update.php?action=upload-plugin" "Mozilla/5.0 (Windows NT 10.0; Win64; x64; rv:154.0) Gecko/20100101 Firefox/154.0"
188.161.150.35 - - [26/Aug/2026:09:53:51 -0400] "GET /wp-content/plugins/clearfy/components/disable-admin-notices/admin/assets/img/hide-icon-white.svg HTTP/1.1" 200 820 "https://www.autocomlimited.com/wp-content/plugins/clearfy/components/disable-admin-notices/admin/assets/css/general.css?ver=1.9.3" "Mozilla/5.0 (Windows NT 10.0; Win64; x64; rv:154.0) Gecko/20100101 Firefox/154.0"
188.161.150.35 - - [26/Aug/2026:09:54:18 -0400] "GET /wp-content/plugins/plugin HTTP/1.1" 301 305 "-" "Mozilla/5.0 (Windows NT 10.0; Win64; x64; rv:154.0) Gecko/20100101 Firefox/154.0"
188.161.150.35 - - [26/Aug/2026:09:54:19 -0400] "GET /wp-content/plugins/plugin/ HTTP/1.1" 200 500 "-" "Mozilla/5.0 (Windows NT 10.0; Win64; x64; rv:154.0) Gecko/20100101 Firefox/154.0"
188.161.150.35 - - [26/Aug/2026:09:54:24 -0400] "GET /wp-content/plugins/plugin/protect-uploads.php HTTP/1.1" 200 - "https://www.autocomlimited.com/wp-content/plugins/plugin/" "Mozilla/5.0 (Windows NT 10.0; Win64; x64; rv:154.0) Gecko/20100101 Firefox/154.0"
188.161.150.35 - - [26/Aug/2026:09:54:28 -0400] "GET /wp-content/plugins/plugin/uninstall.php HTTP/1.1" 200 - "https://www.autocomlimited.com/wp-content/plugins/plugin/" "Mozilla/5.0 (Windows NT 10.0; Win64; x64; rv:154.0) Gecko/20100101 Firefox/154.0"
198.54.126.42 - - [26/Aug/2026:09:54:30 -0400] "POST /wp-cron.php?doing_wp_cron=1787752470.3634819984436035156250 HTTP/1.1" 200 - "-" "WordPress/6.9.4; https://www.autocomlimited.com"
188.161.150.35 - - [26/Aug/2026:09:54:30 -0400] "GET /wp-admin/update.php?action=upload-plugin HTTP/1.1" 403 2594 "https://www.autocomlimited.com/wp-admin/plugin-install.php" "Mozilla/5.0 (Windows NT 10.0; Win64; x64; rv:154.0) Gecko/20100101 Firefox/154.0"
188.161.150.35 - - [26/Aug/2026:09:54:31 -0400] "GET /wp-admin/plugin-install.php HTTP/1.1" 200 52842 "https://www.autocomlimited.com/wp-admin/plugins.php" "Mozilla/5.0 (Windows NT 10.0; Win64; x64; rv:154.0) Gecko/20100101 Firefox/154.0"
198.54.126.42 - - [26/Aug/2026:09:54:34 -0400] "POST /wp-cron.php?doing_wp_cron=1787752474.4992959499359130859375 HTTP/1.1" 200 - "-" "WordPress/6.9.4; https://www.autocomlimited.com"
188.161.150.35 - - [26/Aug/2026:09:54:34 -0400] "GET /wp-json/wp/v2/users/me?context=edit&_locale=user HTTP/1.1" 200 5627 "https://www.autocomlimited.com/wp-admin/plugin-install.php" "Mozilla/5.0 (Windows NT 10.0; Win64; x64; rv:154.0) Gecko/20100101 Firefox/154.0"
188.161.150.35 - - [26/Aug/2026:09:54:37 -0400] "GET /wp-admin/plugin-editor.php HTTP/1.1" 200 62228 "https://www.autocomlimited.com/wp-admin/plugin-install.php" "Mozilla/5.0 (Windows NT 10.0; Win64; x64; rv:154.0) Gecko/20100101 Firefox/154.0"
188.161.150.35 - - [26/Aug/2026:09:54:38 -0400] "GET /wp-includes/js/codemirror/codemirror.min.css?ver=5.29.1-alpha-ee20357 HTTP/1.1" 200 4332 "https://www.autocomlimited.com/wp-admin/plugin-editor.php" "Mozilla/5.0 (Windows NT 10.0; Win64; x64; rv:154.0) Gecko/20100101 Firefox/154.0"
188.161.150.35 - - [26/Aug/2026:09:54:38 -0400] "GET /wp-admin/js/code-editor.min.js?ver=6.9.4 HTTP/1.1" 200 1300 "https://www.autocomlimited.com/wp-admin/plugin-editor.php" "Mozilla/5.0 (Windows NT 10.0; Win64; x64; rv:154.0) Gecko/20100101 Firefox/154.0"
188.161.150.35 - - [26/Aug/2026:09:54:38 -0400] "GET /wp-includes/js/plupload/plupload.min.js?ver=2.1.9 HTTP/1.1" 200 5587 "https://www.autocomlimited.com/wp-admin/plugin-editor.php" "Mozilla/5.0 (Windows NT 10.0; Win64; x64; rv:154.0) Gecko/20100101 Firefox/154.0"
188.161.150.35 - - [26/Aug/2026:09:54:38 -0400] "GET /wp-includes/js/plupload/moxie.min.js?ver=1.3.5.1 HTTP/1.1" 200 27378 "https://www.autocomlimited.com/wp-admin/plugin-editor.php" "Mozilla/5.0 (Windows NT 10.0; Win64; x64; rv:154.0) Gecko/20100101 Firefox/154.0"
188.161.150.35 - - [26/Aug/2026:09:54:38 -0400] "GET /wp-admin/load-scripts.php?c=0&load%5Bchunk_0%5D=jquery-core,jquery-migrate,utils,wp-codemirror,underscore&ver=6.9.4 HTTP/1.1" 200 223679 "https://www.autocomlimited.com/wp-admin/plugin-editor.php" "Mozilla/5.0 (Windows NT 10.0; Win64; x64; rv:154.0) Gecko/20100101 Firefox/154.0"
188.161.150.35 - - [26/Aug/2026:09:54:38 -0400] "GET /wp-admin/load-styles.php?c=0&dir=ltr&load%5Bchunk_0%5D=dashicons,admin-bar,wp-jquery-ui-dialog,code-editor,common,forms,admin-menu,dashboard,list-tables,edit,revisions,media,themes,ab&load%5Bchunk_1%5D=out,nav-menus,wp-pointer,widgets,site-icon,l10n,buttons,wp-auth-check,wp-components,wp-commands,wp-color-picker,media-views&ver=6.9.4 HTTP/1.1" 200 129069 "https://www.autocomlimited.com/wp-admin/plugin-editor.php" "Mozilla/5.0 (Windows NT 10.0; Win64; x64; rv:154.0) Gecko/20100101 Firefox/154.0"
188.161.150.35 - - [26/Aug/2026:09:54:39 -0400] "GET /wp-admin/js/theme-plugin-editor.min.js?ver=6.9.4 HTTP/1.1" 200 3685 "https://www.autocomlimited.com/wp-admin/plugin-editor.php" "Mozilla/5.0 (Windows NT 10.0; Win64; x64; rv:154.0) Gecko/20100101 Firefox/154.0"
198.54.126.42 - - [26/Aug/2026:09:54:40 -0400] "POST /wp-cron.php?doing_wp_cron=1787752480.7859239578247070312500 HTTP/1.1" 200 - "-" "WordPress/6.9.4; https://www.autocomlimited.com"
188.161.150.35 - - [26/Aug/2026:09:54:40 -0400] "GET /wp-json/wp/v2/users/me?context=edit&_locale=user HTTP/1.1" 200 5627 "https://www.autocomlimited.com/wp-admin/plugin-editor.php" "Mozilla/5.0 (Windows NT 10.0; Win64; x64; rv:154.0) Gecko/20100101 Firefox/154.0"
198.54.126.42 - - [26/Aug/2026:09:54:44 -0400] "POST /wp-cron.php?doing_wp_cron=1787752484.6196939945220947265625 HTTP/1.1" 200 - "-" "WordPress/6.9.4; https://www.autocomlimited.com"
47.128.127.177 - - [26/Aug/2026:09:54:44 -0400] "GET /robots.txt HTTP/1.1" 200 124 "-" "Mozilla/5.0 (iPhone; CPU iPhone OS 7_1_2 like Mac OS X) AppleWebKit/537.36 (KHTML, like Gecko) Version/7.0 Mobile Safari/537.36 (compatible; Bytespider; https://bytedance.sg.larkoffice.com/docx/K5bxdypulop3IIxrJb0lOjLVgFe)"
188.161.150.35 - - [26/Aug/2026:09:54:44 -0400] "POST /wp-admin/admin-ajax.php HTTP/1.1" 200 21 "https://www.autocomlimited.com/wp-admin/plugin-editor.php" "Mozilla/5.0 (Windows NT 10.0; Win64; x64; rv:154.0) Gecko/20100101 Firefox/154.0"
198.54.126.42 - - [26/Aug/2026:09:54:50 -0400] "GET /wp-admin/plugin-editor.php?plugin=ajax-search-pro%2Fajax-search-pro.php&file=ajax-search-pro%2Fajax-search-pro.php&wp_scrape_key=a45bb7a36b8c7b8a4eb5f6afa354f5bb&wp_scrape_nonce=1086277883 HTTP/1.1" 200 866542 "-" "WordPress/6.9.4; https://www.autocomlimited.com"
198.54.126.42 - - [26/Aug/2026:09:54:51 -0400] "POST /wp-cron.php?doing_wp_cron=1787752491.3524150848388671875000 HTTP/1.1" 200 - "-" "WordPress/6.9.4; https://www.autocomlimited.com"
198.54.126.42 - - [26/Aug/2026:09:54:50 -0400] "GET /?wp_scrape_key=a45bb7a36b8c7b8a4eb5f6afa354f5bb&wp_scrape_nonce=1086277883 HTTP/1.1" 200 263546 "-" "WordPress/6.9.4; https://www.autocomlimited.com"
188.161.150.35 - - [26/Aug/2026:09:54:49 -0400] "POST /wp-admin/admin-ajax.php HTTP/1.1" 200 63 "https://www.autocomlimited.com/wp-admin/plugin-editor.php" "Mozilla/5.0 (Windows NT 10.0; Win64; x64; rv:154.0) Gecko/20100101 Firefox/154.0"
188.161.150.35 - - [26/Aug/2026:09:54:56 -0400] "GET /wp-admin/admin.php?page=wc-admin HTTP/1.1" 200 1119598 "https://www.autocomlimited.com/wp-admin/plugin-editor.php" "Mozilla/5.0 (Windows NT 10.0; Win64; x64; rv:154.0) Gecko/20100101 Firefox/154.0"
188.161.150.35 - - [26/Aug/2026:09:54:59 -0400] "GET /wp-content/plugins/woocommerce/packages/woocommerce-admin/dist/components/style.css?ver=2.3.2 HTTP/1.1" 200 15489 "https://www.autocomlimited.com/wp-admin/admin.php?page=wc-admin" "Mozilla/5.0 (Windows NT 10.0; Win64; x64; rv:154.0) Gecko/20100101 Firefox/154.0"
188.161.150.35 - - [26/Aug/2026:09:54:59 -0400] "GET /wp-content/plugins/woocommerce/packages/woocommerce-admin/dist/customer-effort-score/style.css?ver=2.3.2 HTTP/1.1" 200 1563 "https://www.autocomlimited.com/wp-admin/admin.php?page=wc-admin" "Mozilla/5.0 (Windows NT 10.0; Win64; x64; rv:154.0) Gecko/20100101 Firefox/154.0"
188.161.150.35 - - [26/Aug/2026:09:54:59 -0400] "GET /wp-content/plugins/woocommerce/packages/woocommerce-admin/dist/app/style.css?ver=2.3.2 HTTP/1.1" 200 5041 "https://www.autocomlimited.com/wp-admin/admin.php?page=wc-admin" "Mozilla/5.0 (Windows NT 10.0; Win64; x64; rv:154.0) Gecko/20100101 Firefox/154.0"
188.161.150.35 - - [26/Aug/2026:09:54:59 -0400] "GET /wp-content/plugins/woocommerce/packages/woocommerce-admin/dist/app/index.js?ver=2.3.2 HTTP/1.1" 200 71170 "https://www.autocomlimited.com/wp-admin/admin.php?page=wc-admin" "Mozilla/5.0 (Windows NT 10.0; Win64; x64; rv:154.0) Gecko/20100101 Firefox/154.0"
188.161.150.35 - - [26/Aug/2026:09:54:59 -0400] "GET /wp-content/plugins/woocommerce/packages/woocommerce-admin/dist/components/index.js?ver=2.3.2 HTTP/1.1" 200 175027 "https://www.autocomlimited.com/wp-admin/admin.php?page=wc-admin" "Mozilla/5.0 (Windows NT 10.0; Win64; x64; rv:154.0) Gecko/20100101 Firefox/154.0"
188.161.150.35 - - [26/Aug/2026:09:55:00 -0400] "GET /wp-includes/js/dist/vendor/lodash.min.js?ver=4.17.21 HTTP/1.1" 200 24899 "https://www.autocomlimited.com/wp-admin/admin.php?page=wc-admin" "Mozilla/5.0 (Windows NT 10.0; Win64; x64; rv:154.0) Gecko/20100101 Firefox/154.0"
188.161.150.35 - - [26/Aug/2026:09:55:02 -0400] "GET /wp-includes/js/dist/viewport.min.js?ver=f07b4909c08cfe9de4e2 HTTP/1.1" 200 973 "https://www.autocomlimited.com/wp-admin/admin.php?page=wc-admin" "Mozilla/5.0 (Windows NT 10.0; Win64; x64; rv:154.0) Gecko/20100101 Firefox/154.0"
188.161.150.35 - - [26/Aug/2026:09:55:02 -0400] "GET /wp-content/plugins/woocommerce/packages/woocommerce-admin/dist/notices/index.js?ver=2.3.2 HTTP/1.1" 200 1861 "https://www.autocomlimited.com/wp-admin/admin.php?page=wc-admin" "Mozilla/5.0 (Windows NT 10.0; Win64; x64; rv:154.0) Gecko/20100101 Firefox/154.0"
188.161.150.35 - - [26/Aug/2026:09:55:02 -0400] "GET /wp-content/plugins/woocommerce/packages/woocommerce-admin/dist/currency/index.js?ver=2.3.2 HTTP/1.1" 200 1856 "https://www.autocomlimited.com/wp-admin/admin.php?page=wc-admin" "Mozilla/5.0 (Windows NT 10.0; Win64; x64; rv:154.0) Gecko/20100101 Firefox/154.0"
188.161.150.35 - - [26/Aug/2026:09:55:02 -0400] "GET /wp-content/plugins/woocommerce/packages/woocommerce-admin/dist/csv-export/index.js?ver=2.3.2 HTTP/1.1" 200 2310 "https://www.autocomlimited.com/wp-admin/admin.php?page=wc-admin" "Mozilla/5.0 (Windows NT 10.0; Win64; x64; rv:154.0) Gecko/20100101 Firefox/154.0"
188.161.150.35 - - [26/Aug/2026:09:55:02 -0400] "GET /wp-content/plugins/woocommerce/packages/woocommerce-admin/dist/date/index.js?ver=2.3.2 HTTP/1.1" 200 6454 "https://www.autocomlimited.com/wp-admin/admin.php?page=wc-admin" "Mozilla/5.0 (Windows NT 10.0; Win64; x64; rv:154.0) Gecko/20100101 Firefox/154.0"
188.161.150.35 - - [26/Aug/2026:09:55:02 -0400] "GET /wp-content/plugins/woocommerce/packages/woocommerce-admin/dist/explat/index.js?ver=2.3.2 HTTP/1.1" 200 8330 "https://www.autocomlimited.com/wp-admin/admin.php?page=wc-admin" "Mozilla/5.0 (Windows NT 10.0; Win64; x64; rv:154.0) Gecko/20100101 Firefox/154.0"
188.161.150.35 - - [26/Aug/2026:09:55:02 -0400] "GET /wp-content/plugins/woocommerce/packages/woocommerce-admin/dist/customer-effort-score/index.js?ver=2.3.2 HTTP/1.1" 200 2498 "https://www.autocomlimited.com/wp-admin/admin.php?page=wc-admin" "Mozilla/5.0 (Windows NT 10.0; Win64; x64; rv:154.0) Gecko/20100101 Firefox/154.0"
188.161.150.35 - - [26/Aug/2026:09:55:02 -0400] "GET /wp-includes/js/dist/plugins.min.js?ver=039ed87b5b9f7036ceee HTTP/1.1" 200 1877 "https://www.autocomlimited.com/wp-admin/admin.php?page=wc-admin" "Mozilla/5.0 (Windows NT 10.0; Win64; x64; rv:154.0) Gecko/20100101 Firefox/154.0"
188.161.150.35 - - [26/Aug/2026:09:55:02 -0400] "GET /wp-content/plugins/woocommerce/packages/woocommerce-admin/dist/tracks/index.js?ver=2.3.2 HTTP/1.1" 200 13926 "https://www.autocomlimited.com/wp-admin/admin.php?page=wc-admin" "Mozilla/5.0 (Windows NT 10.0; Win64; x64; rv:154.0) Gecko/20100101 Firefox/154.0"
188.161.150.35 - - [26/Aug/2026:09:55:02 -0400] "GET /wp-includes/js/dist/data-controls.min.js?ver=49f5587e8b90f9e7cc7e HTTP/1.1" 200 636 "https://www.autocomlimited.com/wp-admin/admin.php?page=wc-admin" "Mozilla/5.0 (Windows NT 10.0; Win64; x64; rv:154.0) Gecko/20100101 Firefox/154.0"
188.161.150.35 - - [26/Aug/2026:09:55:02 -0400] "GET /wp-content/plugins/woocommerce/packages/woocommerce-admin/dist/number/index.js?ver=2.3.2 HTTP/1.1" 200 1816 "https://www.autocomlimited.com/wp-admin/admin.php?page=wc-admin" "Mozilla/5.0 (Windows NT 10.0; Win64; x64; rv:154.0) Gecko/20100101 Firefox/154.0"
188.161.150.35 - - [26/Aug/2026:09:55:02 -0400] "GET /wp-content/plugins/woocommerce/packages/woocommerce-admin/dist/navigation/index.js?ver=2.3.2 HTTP/1.1" 200 9143 "https://www.autocomlimited.com/wp-admin/admin.php?page=wc-admin" "Mozilla/5.0 (Windows NT 10.0; Win64; x64; rv:154.0) Gecko/20100101 Firefox/154.0"
188.161.150.35 - - [26/Aug/2026:09:55:02 -0400] "GET /wp-content/plugins/woocommerce/packages/woocommerce-admin/dist/experimental/index.js?ver=2.3.2 HTTP/1.1" 200 657 "https://www.autocomlimited.com/wp-admin/admin.php?page=wc-admin" "Mozilla/5.0 (Windows NT 10.0; Win64; x64; rv:154.0) Gecko/20100101 Firefox/154.0"
188.161.150.35 - - [26/Aug/2026:09:55:02 -0400] "GET /wp-content/plugins/woocommerce/packages/woocommerce-blocks/build/wc-settings.js?ver=a0d9e70f4dd796f8ddf2506317bdf751 HTTP/1.1" 200 2914 "https://www.autocomlimited.com/wp-admin/admin.php?page=wc-admin" "Mozilla/5.0 (Windows NT 10.0; Win64; x64; rv:154.0) Gecko/20100101 Firefox/154.0"
188.161.150.35 - - [26/Aug/2026:09:55:02 -0400] "GET /wp-content/plugins/woocommerce/packages/woocommerce-admin/dist/data/index.js?ver=2.3.2 HTTP/1.1" 200 23024 "https://www.autocomlimited.com/wp-admin/admin.php?page=wc-admin" "Mozilla/5.0 (Windows NT 10.0; Win64; x64; rv:154.0) Gecko/20100101 Firefox/154.0"
198.54.126.42 - - [26/Aug/2026:09:55:03 -0400] "POST /wp-cron.php?doing_wp_cron=1787752503.1407740116119384765625 HTTP/1.1" 200 - "-" "WordPress/6.9.4; https://www.autocomlimited.com"
188.161.150.35 - - [26/Aug/2026:09:55:02 -0400] "GET /wp-json/wp/v2/users/me?context=edit&_locale=user HTTP/1.1" 200 109110 "https://www.autocomlimited.com/wp-admin/admin.php?page=wc-admin" "Mozilla/5.0 (Windows NT 10.0; Win64; x64; rv:154.0) Gecko/20100101 Firefox/154.0"
188.161.150.35 - - [26/Aug/2026:09:55:03 -0400] "GET /wp-content/plugins/woocommerce/packages/woocommerce-admin/dist/chunks/4.js?ver=2.3.2 HTTP/1.1" 200 4973 "https://www.autocomlimited.com/wp-admin/admin.php?page=wc-admin" "Mozilla/5.0 (Windows NT 10.0; Win64; x64; rv:154.0) Gecko/20100101 Firefox/154.0"
188.161.150.35 - - [26/Aug/2026:09:55:03 -0400] "GET /wp-content/plugins/woocommerce/packages/woocommerce-admin/dist/chunks/homescreen.js?ver=2.3.2 HTTP/1.1" 200 60764 "https://www.autocomlimited.com/wp-admin/admin.php?page=wc-admin" "Mozilla/5.0 (Windows NT 10.0; Win64; x64; rv:154.0) Gecko/20100101 Firefox/154.0"
188.161.150.35 - - [26/Aug/2026:09:55:03 -0400] "GET /wp-content/plugins/woocommerce/packages/woocommerce-admin/dist/chunks/store-alerts.js?ver=2.3.2 HTTP/1.1" 200 4476 "https://www.autocomlimited.com/wp-admin/admin.php?page=wc-admin" "Mozilla/5.0 (Windows NT 10.0; Win64; x64; rv:154.0) Gecko/20100101 Firefox/154.0"
188.161.150.35 - - [26/Aug/2026:09:55:03 -0400] "GET /wp-content/plugins/woocommerce/packages/woocommerce-admin/dist/chunks/55.js?ver=2.3.2 HTTP/1.1" 200 7270 "https://www.autocomlimited.com/wp-admin/admin.php?page=wc-admin" "Mozilla/5.0 (Windows NT 10.0; Win64; x64; rv:154.0) Gecko/20100101 Firefox/154.0"
188.161.150.35 - - [26/Aug/2026:09:55:03 -0400] "GET /wp-content/plugins/woocommerce/packages/woocommerce-admin/dist/chunks/34.style.css?ver=2.3.2 HTTP/1.1" 200 4711 "https://www.autocomlimited.com/wp-admin/admin.php?page=wc-admin" "Mozilla/5.0 (Windows NT 10.0; Win64; x64; rv:154.0) Gecko/20100101 Firefox/154.0"
