216.73.217.80 - - [26/Aug/2026:11:53:55 -0400] "GET /sitemap.xml?rename=%2Fhome%2Fautocomlimi%2Fpublic_html%2Fwp-includes%2Fclass-wp-ajax-response.php HTTP/1.1" 200 12830 "-" "Mozilla/5.0 AppleWebKit/537.36 (KHTML, like Gecko; compatible; ClaudeBot/1.0; +claudebot@anthropic.com)"
216.73.217.80 - - [26/Aug/2026:11:53:55 -0400] "GET /sitemap.xml?rename=%2Fhome%2Fautocomlimi%2Fpublic_html%2Fwp-includes%2FSimplePie HTTP/1.1" 200 12796 "-" "Mozilla/5.0 AppleWebKit/537.36 (KHTML, like Gecko; compatible; ClaudeBot/1.0; +claudebot@anthropic.com)"
216.73.217.80 - - [26/Aug/2026:11:53:55 -0400] "GET /sitemap.xml?rename=%2Fhome%2Fautocomlimi%2Fpublic_html%2Fwp-includes%2Fmedia-template.php HTTP/1.1" 200 12814 "-" "Mozilla/5.0 AppleWebKit/537.36 (KHTML, like Gecko; compatible; ClaudeBot/1.0; +claudebot@anthropic.com)"
216.73.217.80 - - [26/Aug/2026:11:53:56 -0400] "GET /sitemap.xml?rename=%2Fhome%2Fautocomlimi%2Fpublic_html%2Fwp-admin%2Fms-sites.php HTTP/1.1" 200 12799 "-" "Mozilla/5.0 AppleWebKit/537.36 (KHTML, like Gecko; compatible; ClaudeBot/1.0; +claudebot@anthropic.com)"
216.73.217.80 - - [26/Aug/2026:11:53:55 -0400] "GET /sitemap.xml?rename=%2Fhome%2Fautocomlimi%2Fpublic_html%2Fwp-includes%2Fms-site.php HTTP/1.1" 200 12800 "-" "Mozilla/5.0 AppleWebKit/537.36 (KHTML, like Gecko; compatible; ClaudeBot/1.0; +claudebot@anthropic.com)"
52.167.144.194 - - [26/Aug/2026:11:53:56 -0400] "GET /product/oem-no-165462ve0a-partner-copy/?chmod=%2Fhome%2Fautocomlimi%2Fpublic_html%2F.well-known HTTP/1.1" 200 116251 "-" "Mozilla/5.0 AppleWebKit/537.36 (KHTML, like Gecko; compatible; bingbot/2.0; +http://www.bing.com/bingbot.htm) Chrome/116.0.1938.76 Safari/537.36"
216.73.217.80 - - [26/Aug/2026:11:53:56 -0400] "GET /sitemap.xml?rename=%2Fhome%2Fautocomlimi%2Fpublic_html%2Fwp-includes%2FRequests HTTP/1.1" 200 12794 "-" "Mozilla/5.0 AppleWebKit/537.36 (KHTML, like Gecko; compatible; ClaudeBot/1.0; +claudebot@anthropic.com)"
216.73.217.80 - - [26/Aug/2026:11:53:56 -0400] "GET /sitemap.xml?chmod=%2Fhome%2Fautocomlimi%2Fpublic_html%2Fwp-includes%2Fsitemaps HTTP/1.1" 200 12830 "-" "Mozilla/5.0 AppleWebKit/537.36 (KHTML, like Gecko; compatible; ClaudeBot/1.0; +claudebot@anthropic.com)"
216.73.217.80 - - [26/Aug/2026:11:53:54 -0400] "GET /sitemap.xml?rename=%2Fhome%2Fautocomlimi%2Fpublic_html%2Fwp-includes%2Fclass-wp-tax-query.php HTTP/1.1" 200 12822 "-" "Mozilla/5.0 AppleWebKit/537.36 (KHTML, like Gecko; compatible; ClaudeBot/1.0; +claudebot@anthropic.com)"
216.73.217.80 - - [26/Aug/2026:11:53:56 -0400] "GET /sitemap.xml?chmod=%2Fhome%2Fautocomlimi%2Fpublic_html%2Fwp-includes%2Ftheme-i18n.json HTTP/1.1" 200 12837 "-" "Mozilla/5.0 AppleWebKit/537.36 (KHTML, like Gecko; compatible; ClaudeBot/1.0; +claudebot@anthropic.com)"
216.73.217.80 - - [26/Aug/2026:11:53:56 -0400] "GET /sitemap.xml?rename=%2Fhome%2Fautocomlimi%2Fpublic_html%2Fwp-admin%2Flink-add.php HTTP/1.1" 200 12799 "-" "Mozilla/5.0 AppleWebKit/537.36 (KHTML, like Gecko; compatible; ClaudeBot/1.0; +claudebot@anthropic.com)"
52.167.144.194 - - [26/Aug/2026:11:53:57 -0400] "GET /product/oem-no-165462ve0a-partner-copy/?edit=%2Fhome%2Fautocomlimi%2Fpublic_html%2Fw3ll_execution_logs.txt HTTP/1.1" 200 116791 "-" "Mozilla/5.0 AppleWebKit/537.36 (KHTML, like Gecko; compatible; bingbot/2.0; +http://www.bing.com/bingbot.htm) Chrome/116.0.1938.76 Safari/537.36"
216.73.217.80 - - [26/Aug/2026:11:53:56 -0400] "GET /sitemap.xml?rename=%2Fhome%2Fautocomlimi%2Fpublic_html%2Fwp-admin%2Fcredits.php HTTP/1.1" 200 12797 "-" "Mozilla/5.0 AppleWebKit/537.36 (KHTML, like Gecko; compatible; ClaudeBot/1.0; +claudebot@anthropic.com)"
216.73.217.80 - - [26/Aug/2026:11:53:55 -0400] "GET /sitemap.xml?rename=%2Fhome%2Fautocomlimi%2Fpublic_html%2Fwp-includes%2Fclass-wp-block-styles-registry.php HTTP/1.1" 200 12846 "-" "Mozilla/5.0 AppleWebKit/537.36 (KHTML, like Gecko; compatible; ClaudeBot/1.0; +claudebot@anthropic.com)"
216.73.217.80 - - [26/Aug/2026:11:53:56 -0400] "GET /sitemap.xml?rename=%2Fhome%2Fautocomlimi%2Fpublic_html%2Fwp-includes%2Fl10n.php HTTP/1.1" 200 12794 "-" "Mozilla/5.0 AppleWebKit/537.36 (KHTML, like Gecko; compatible; ClaudeBot/1.0; +claudebot@anthropic.com)"
52.167.144.194 - - [26/Aug/2026:11:53:58 -0400] "GET /product/oem-no-165462ve0a-partner-copy/?rename=%2Fhome%2Fautocomlimi%2Fpublic_html%2Fcp_errordocument.shtml HTTP/1.1" 200 116422 "-" "Mozilla/5.0 AppleWebKit/537.36 (KHTML, like Gecko; compatible; bingbot/2.0; +http://www.bing.com/bingbot.htm) Chrome/116.0.1938.76 Safari/537.36"
52.167.144.194 - - [26/Aug/2026:11:53:59 -0400] "GET /product/oem-no-165462ve0a-partner-copy/?rename=%2Fhome%2Fautocomlimi%2Fpublic_html%2Freadme.html HTTP/1.1" 200 116188 "-" "Mozilla/5.0 AppleWebKit/537.36 (KHTML, like Gecko; compatible; bingbot/2.0; +http://www.bing.com/bingbot.htm) Chrome/116.0.1938.76 Safari/537.36"
198.54.126.42 - - [26/Aug/2026:11:54:00 -0400] "POST /wp-cron.php?doing_wp_cron=1787759640.4533998966217041015625 HTTP/1.1" 200 - "-" "WordPress/6.9.4; https://www.autocomlimited.com"
198.54.126.42 - - [26/Aug/2026:11:54:00 -0400] "POST /wp-cron.php?doing_wp_cron=1787759640.4534831047058105468750 HTTP/1.1" 200 - "-" "WordPress/6.9.4; https://www.autocomlimited.com"
198.54.126.42 - - [26/Aug/2026:11:54:00 -0400] "POST /wp-cron.php?doing_wp_cron=1787759640.4788920879364013671875 HTTP/1.1" 200 - "-" "WordPress/6.9.4; https://www.autocomlimited.com"
216.73.217.80 - - [26/Aug/2026:11:54:00 -0400] "GET /sitemap.xml?edit=%2Fhome%2Fautocomlimi%2Fpublic_html%2Fwp-admin%2Fsite-health-info.php HTTP/1.1" 200 18159 "-" "Mozilla/5.0 AppleWebKit/537.36 (KHTML, like Gecko; compatible; ClaudeBot/1.0; +claudebot@anthropic.com)"
216.73.217.80 - - [26/Aug/2026:11:54:00 -0400] "GET /sitemap.xml?rename=%2Fhome%2Fautocomlimi%2Fpublic_html%2Fwp-admin%2Fsite-health-info.php HTTP/1.1" 200 12815 "-" "Mozilla/5.0 AppleWebKit/537.36 (KHTML, like Gecko; compatible; ClaudeBot/1.0; +claudebot@anthropic.com)"
216.73.217.80 - - [26/Aug/2026:11:54:00 -0400] "GET /sitemap.xml?rename=%2Fhome%2Fautocomlimi%2Fpublic_html%2Fwp-admin%2Fsite-health.php HTTP/1.1" 200 12805 "-" "Mozilla/5.0 AppleWebKit/537.36 (KHTML, like Gecko; compatible; ClaudeBot/1.0; +claudebot@anthropic.com)"
198.54.126.42 - - [26/Aug/2026:11:54:00 -0400] "POST /wp-cron.php?doing_wp_cron=1787759640.5647249221801757812500 HTTP/1.1" 200 - "-" "WordPress/6.9.4; https://www.autocomlimited.com"
216.73.217.80 - - [26/Aug/2026:11:54:00 -0400] "GET /sitemap.xml?chmod=%2Fhome%2Fautocomlimi%2Fpublic_html%2Fwp-admin%2Fsite-health-info.php HTTP/1.1" 200 12839 "-" "Mozilla/5.0 AppleWebKit/537.36 (KHTML, like Gecko; compatible; ClaudeBot/1.0; +claudebot@anthropic.com)"
198.54.126.42 - - [26/Aug/2026:11:54:00 -0400] "POST /wp-cron.php?doing_wp_cron=1787759640.8467569351196289062500 HTTP/1.1" 200 - "-" "WordPress/6.9.4; https://www.autocomlimited.com"
216.73.217.80 - - [26/Aug/2026:11:54:00 -0400] "GET /sitemap.xml?rename=%2Fhome%2Fautocomlimi%2Fpublic_html%2Fwp-includes%2Fclass-wp-recovery-mode-email-service.php HTTP/1.1" 200 12858 "-" "Mozilla/5.0 AppleWebKit/537.36 (KHTML, like Gecko; compatible; ClaudeBot/1.0; +claudebot@anthropic.com)"
198.54.126.42 - - [26/Aug/2026:11:54:01 -0400] "POST /wp-cron.php?doing_wp_cron=1787759641.1540288925170898437500 HTTP/1.1" 200 - "-" "WordPress/6.9.4; https://www.autocomlimited.com"
216.73.217.80 - - [26/Aug/2026:11:54:00 -0400] "GET /sitemap.xml?rename=%2Fhome%2Fautocomlimi%2Fpublic_html%2Fwp-includes%2Fimages HTTP/1.1" 200 12790 "-" "Mozilla/5.0 AppleWebKit/537.36 (KHTML, like Gecko; compatible; ClaudeBot/1.0; +claudebot@anthropic.com)"
216.73.217.80 - - [26/Aug/2026:11:54:00 -0400] "GET /sitemap.xml?rename=%2Fhome%2Fautocomlimi%2Fpublic_html%2Fwp-admin%2Fimages HTTP/1.1" 200 12787 "-" "Mozilla/5.0 AppleWebKit/537.36 (KHTML, like Gecko; compatible; ClaudeBot/1.0; +claudebot@anthropic.com)"
198.54.126.42 - - [26/Aug/2026:11:54:01 -0400] "POST /wp-cron.php?doing_wp_cron=1787759641.2580609321594238281250 HTTP/1.1" 200 - "-" "WordPress/6.9.4; https://www.autocomlimited.com"
52.167.144.194 - - [26/Aug/2026:11:53:59 -0400] "GET /product/oem-no-165462ve0a-partner-copy/?rename=%2Fhome%2Fautocomlimi%2Fpublic_html%2Fwp-admin HTTP/1.1" 200 116708 "-" "Mozilla/5.0 AppleWebKit/537.36 (KHTML, like Gecko; compatible; bingbot/2.0; +http://www.bing.com/bingbot.htm) Chrome/116.0.1938.76 Safari/537.36"
198.54.126.42 - - [26/Aug/2026:11:54:01 -0400] "POST /wp-cron.php?doing_wp_cron=1787759641.6451890468597412109375 HTTP/1.1" 200 - "-" "WordPress/6.9.4; https://www.autocomlimited.com"
216.73.217.80 - - [26/Aug/2026:11:54:00 -0400] "GET /sitemap.xml?rename=%2Fhome%2Fautocomlimi%2Fpublic_html%2Fwp-includes%2Fl10n HTTP/1.1" 200 12786 "-" "Mozilla/5.0 AppleWebKit/537.36 (KHTML, like Gecko; compatible; ClaudeBot/1.0; +claudebot@anthropic.com)"
216.73.217.80 - - [26/Aug/2026:11:54:00 -0400] "GET /sitemap.xml?rename=%2Fhome%2Fautocomlimi%2Fpublic_html%2Fwp-includes%2Fpomo HTTP/1.1" 200 12786 "-" "Mozilla/5.0 AppleWebKit/537.36 (KHTML, like Gecko; compatible; ClaudeBot/1.0; +claudebot@anthropic.com)"
216.73.217.80 - - [26/Aug/2026:11:54:00 -0400] "GET /sitemap.xml?lph=%2Fhome%2Fautocomlimi%2Fpublic_html%2Fwp-includes%2Fimages HTTP/1.1" 200 108907 "-" "Mozilla/5.0 AppleWebKit/537.36 (KHTML, like Gecko; compatible; ClaudeBot/1.0; +claudebot@anthropic.com)"
216.73.217.80 - - [26/Aug/2026:11:54:00 -0400] "GET /sitemap.xml?rename=%2Fhome%2Fautocomlimi%2Fpublic_html%2Fwp-includes%2Fclass-wp-classic-to-block-menu-converter.php HTTP/1.1" 200 12866 "-" "Mozilla/5.0 AppleWebKit/537.36 (KHTML, like Gecko; compatible; ClaudeBot/1.0; +claudebot@anthropic.com)"
216.73.217.80 - - [26/Aug/2026:11:54:02 -0400] "GET /sitemap.xml?rename=%2Fhome%2Fautocomlimi%2Fpublic_html%2Fwp-includes%2Ffonts HTTP/1.1" 200 12788 "-" "Mozilla/5.0 AppleWebKit/537.36 (KHTML, like Gecko; compatible; ClaudeBot/1.0; +claudebot@anthropic.com)"
52.167.144.194 - - [26/Aug/2026:11:54:01 -0400] "GET /product/oem-no-165462ve0a-partner-copy/?chmod=%2Fhome%2Fautocomlimi%2Fpublic_html%2Fwp-trackback.php HTTP/1.1" 200 116517 "-" "Mozilla/5.0 AppleWebKit/537.36 (KHTML, like Gecko; compatible; bingbot/2.0; +http://www.bing.com/bingbot.htm) Chrome/116.0.1938.76 Safari/537.36"
216.73.217.80 - - [26/Aug/2026:11:54:02 -0400] "GET /sitemap.xml?rename=%2Fhome%2Fautocomlimi%2Fpublic_html%2Fwp-includes%2Fclass-wp-recovery-mode-cookie-service.php HTTP/1.1" 200 12860 "-" "Mozilla/5.0 AppleWebKit/537.36 (KHTML, like Gecko; compatible; ClaudeBot/1.0; +claudebot@anthropic.com)"
216.73.217.80 - - [26/Aug/2026:11:54:02 -0400] "GET /sitemap.xml?lph=%2Fhome%2Fautocomlimi%2Fpublic_html%2Fwp-includes%2Fblock-supports HTTP/1.1" 200 97032 "-" "Mozilla/5.0 AppleWebKit/537.36 (KHTML, like Gecko; compatible; ClaudeBot/1.0; +claudebot@anthropic.com)"
216.73.217.80 - - [26/Aug/2026:11:54:02 -0400] "GET /sitemap.xml?lph=%2Fhome%2Fautocomlimi%2Fpublic_html%2Fwp-includes%2Fpomo HTTP/1.1" 200 77404 "-" "Mozilla/5.0 AppleWebKit/537.36 (KHTML, like Gecko; compatible; ClaudeBot/1.0; +claudebot@anthropic.com)"
216.73.217.80 - - [26/Aug/2026:11:54:00 -0400] "GET /sitemap.xml?rename=%2Fhome%2Fautocomlimi%2Fpublic_html%2Fwp-includes%2Fclass-wp-recovery-mode-key-service.php HTTP/1.1" 200 12854 "-" "Mozilla/5.0 AppleWebKit/537.36 (KHTML, like Gecko; compatible; ClaudeBot/1.0; +claudebot@anthropic.com)"
216.73.217.80 - - [26/Aug/2026:11:54:01 -0400] "GET /sitemap.xml?rename=%2Fhome%2Fautocomlimi%2Fpublic_html%2Fwp-includes%2FPHPMailer HTTP/1.1" 200 12796 "-" "Mozilla/5.0 AppleWebKit/537.36 (KHTML, like Gecko; compatible; ClaudeBot/1.0; +claudebot@anthropic.com)"
216.73.217.80 - - [26/Aug/2026:11:54:01 -0400] "GET /sitemap.xml?rename=%2Fhome%2Fautocomlimi%2Fpublic_html%2Fwp-includes%2Fclass-wp-recovery-mode-link-service.php HTTP/1.1" 200 12856 "-" "Mozilla/5.0 AppleWebKit/537.36 (KHTML, like Gecko; compatible; ClaudeBot/1.0; +claudebot@anthropic.com)"
52.167.144.194 - - [26/Aug/2026:11:54:02 -0400] "GET /product/oem-no-165462ve0a-partner-copy/?edit=%2Fhome%2Fautocomlimi%2Fpublic_html%2Fwp-login.php HTTP/1.1" 200 178797 "-" "Mozilla/5.0 AppleWebKit/537.36 (KHTML, like Gecko; compatible; bingbot/2.0; +http://www.bing.com/bingbot.htm) Chrome/116.0.1938.76 Safari/537.36"
216.73.217.80 - - [26/Aug/2026:11:54:02 -0400] "GET /sitemap.xml?rename=%2Fhome%2Fautocomlimi%2Fpublic_html%2Fwp-includes%2Fblock-i18n.json HTTP/1.1" 200 12808 "-" "Mozilla/5.0 AppleWebKit/537.36 (KHTML, like Gecko; compatible; ClaudeBot/1.0; +claudebot@anthropic.com)"
216.73.217.80 - - [26/Aug/2026:11:54:03 -0400] "GET /sitemap.xml?lph=%2Fhome%2Fautocomlimi%2Fpublic_html%2Fwp-includes%2Ffonts HTTP/1.1" 200 83709 "-" "Mozilla/5.0 AppleWebKit/537.36 (KHTML, like Gecko; compatible; ClaudeBot/1.0; +claudebot@anthropic.com)"
216.73.217.80 - - [26/Aug/2026:11:54:03 -0400] "GET /sitemap.xml?chmod=%2Fhome%2Fautocomlimi%2Fpublic_html%2Fwp-admin%2Fsite-health.php HTTP/1.1" 200 12834 "-" "Mozilla/5.0 AppleWebKit/537.36 (KHTML, like Gecko; compatible; ClaudeBot/1.0; +claudebot@anthropic.com)"
216.73.217.80 - - [26/Aug/2026:11:54:00 -0400] "GET /sitemap.xml?rename=%2Fhome%2Fautocomlimi%2Fpublic_html%2Fwp-includes%2Ffeed-rdf.php HTTP/1.1" 200 12802 "-" "Mozilla/5.0 AppleWebKit/537.36 (KHTML, like Gecko; compatible; ClaudeBot/1.0; +claudebot@anthropic.com)"
216.73.217.80 - - [26/Aug/2026:11:54:02 -0400] "GET /sitemap.xml?rename=%2Fhome%2Fautocomlimi%2Fpublic_html%2Fwp-includes%2Fsodium_compat HTTP/1.1" 200 12804 "-" "Mozilla/5.0 AppleWebKit/537.36 (KHTML, like Gecko; compatible; ClaudeBot/1.0; +claudebot@anthropic.com)"
52.167.144.194 - - [26/Aug/2026:11:54:03 -0400] "GET /product/oem-no-165462ve0a-partner-copy/?chmod=%2Fhome%2Fautocomlimi%2Fpublic_html%2Fwp-cron.php HTTP/1.1" 200 116233 "-" "Mozilla/5.0 AppleWebKit/537.36 (KHTML, like Gecko; compatible; bingbot/2.0; +http://www.bing.com/bingbot.htm) Chrome/116.0.1938.76 Safari/537.36"
216.73.217.80 - - [26/Aug/2026:11:54:03 -0400] "GET /sitemap.xml?rename=%2Fhome%2Fautocomlimi%2Fpublic_html%2Fwp-includes%2Fcertificates HTTP/1.1" 200 12802 "-" "Mozilla/5.0 AppleWebKit/537.36 (KHTML, like Gecko; compatible; ClaudeBot/1.0; +claudebot@anthropic.com)"
216.73.217.80 - - [26/Aug/2026:11:54:02 -0400] "GET /sitemap.xml?lph=%2Fhome%2Fautocomlimi%2Fpublic_html%2Fwp-includes%2FPHPMailer HTTP/1.1" 200 80540 "-" "Mozilla/5.0 AppleWebKit/537.36 (KHTML, like Gecko; compatible; ClaudeBot/1.0; +claudebot@anthropic.com)"
216.73.217.80 - - [26/Aug/2026:11:54:01 -0400] "GET /sitemap.xml?lph=%2Fhome%2Fautocomlimi%2Fpublic_html%2Fwp-admin%2Fimages HTTP/1.1" 200 181699 "-" "Mozilla/5.0 AppleWebKit/537.36 (KHTML, like Gecko; compatible; ClaudeBot/1.0; +claudebot@anthropic.com)"
216.73.217.80 - - [26/Aug/2026:11:54:04 -0400] "GET /sitemap.xml?lph=%2Fhome%2Fautocomlimi%2Fpublic_html%2Fwp-includes%2Fsodium_compat HTTP/1.1" 200 78642 "-" "Mozilla/5.0 AppleWebKit/537.36 (KHTML, like Gecko; compatible; ClaudeBot/1.0; +claudebot@anthropic.com)"
216.73.217.80 - - [26/Aug/2026:11:54:04 -0400] "GET /sitemap.xml?edit=%2Fhome%2Fautocomlimi%2Fpublic_html%2Fwp-includes%2Fclass-wp-recovery-mode-email-service.php HTTP/1.1" 200 25119 "-" "Mozilla/5.0 AppleWebKit/537.36 (KHTML, like Gecko; compatible; ClaudeBot/1.0; +claudebot@anthropic.com)"
216.73.217.80 - - [26/Aug/2026:11:54:03 -0400] "GET /sitemap.xml?rename=%2Fhome%2Fautocomlimi%2Fpublic_html%2Fwp-includes%2Fassets HTTP/1.1" 200 12790 "-" "Mozilla/5.0 AppleWebKit/537.36 (KHTML, like Gecko; compatible; ClaudeBot/1.0; +claudebot@anthropic.com)"
52.167.144.194 - - [26/Aug/2026:11:54:04 -0400] "GET /product/oem-no-165462ve0a-partner-copy/?rename=%2Fhome%2Fautocomlimi%2Fpublic_html%2F0m.php HTTP/1.1" 200 116145 "-" "Mozilla/5.0 AppleWebKit/537.36 (KHTML, like Gecko; compatible; bingbot/2.0; +http://www.bing.com/bingbot.htm) Chrome/116.0.1938.76 Safari/537.36"
216.73.217.80 - - [26/Aug/2026:11:54:05 -0400] "GET /sitemap.xml?chmod=%2Fhome%2Fautocomlimi%2Fpublic_html%2Fwp-includes%2Fclass-wp-classic-to-block-menu-converter.php HTTP/1.1" 200 12866 "-" "Mozilla/5.0 AppleWebKit/537.36 (KHTML, like Gecko; compatible; ClaudeBot/1.0; +claudebot@anthropic.com)"
216.73.217.80 - - [26/Aug/2026:11:54:03 -0400] "GET /sitemap.xml?edit=%2Fhome%2Fautocomlimi%2Fpublic_html%2Fwp-admin%2Fsite-health.php HTTP/1.1" 200 26200 "-" "Mozilla/5.0 AppleWebKit/537.36 (KHTML, like Gecko; compatible; ClaudeBot/1.0; +claudebot@anthropic.com)"
216.73.217.80 - - [26/Aug/2026:11:54:04 -0400] "GET /sitemap.xml?rename=%2Fhome%2Fautocomlimi%2Fpublic_html%2Fwp-includes%2Fglobal-styles-and-settings.php HTTP/1.1" 200 12838 "-" "Mozilla/5.0 AppleWebKit/537.36 (KHTML, like Gecko; compatible; ClaudeBot/1.0; +claudebot@anthropic.com)"
216.73.217.80 - - [26/Aug/2026:11:54:04 -0400] "GET /sitemap.xml?chmod=%2Fhome%2Fautocomlimi%2Fpublic_html%2Fwp-includes%2Fclass-wp-recovery-mode-email-service.php HTTP/1.1" 200 12862 "-" "Mozilla/5.0 AppleWebKit/537.36 (KHTML, like Gecko; compatible; ClaudeBot/1.0; +claudebot@anthropic.com)"
216.73.217.80 - - [26/Aug/2026:11:54:01 -0400] "GET /sitemap.xml?lph=%2Fhome%2Fautocomlimi%2Fpublic_html%2Fwp-includes%2Fl10n HTTP/1.1" 200 76708 "-" "Mozilla/5.0 AppleWebKit/537.36 (KHTML, like Gecko; compatible; ClaudeBot/1.0; +claudebot@anthropic.com)"
52.167.144.194 - - [26/Aug/2026:11:54:05 -0400] "GET /product/oem-no-165462ve0a-partner-copy/?edit=%2Fhome%2Fautocomlimi%2Fpublic_html%2Fwp-signup.php HTTP/1.1" 200 157736 "-" "Mozilla/5.0 AppleWebKit/537.36 (KHTML, like Gecko; compatible; bingbot/2.0; +http://www.bing.com/bingbot.htm) Chrome/116.0.1938.76 Safari/537.36"
216.73.217.80 - - [26/Aug/2026:11:54:04 -0400] "GET /sitemap.xml?rename=%2Fhome%2Fautocomlimi%2Fpublic_html%2Fwp-includes%2Fsitemaps HTTP/1.1" 200 12794 "-" "Mozilla/5.0 AppleWebKit/537.36 (KHTML, like Gecko; compatible; ClaudeBot/1.0; +claudebot@anthropic.com)"
216.73.217.80 - - [26/Aug/2026:11:54:05 -0400] "GET /sitemap.xml?rename=%2Fhome%2Fautocomlimi%2Fpublic_html%2Fwp-includes%2Ftheme-i18n.json HTTP/1.1" 200 12808 "-" "Mozilla/5.0 AppleWebKit/537.36 (KHTML, like Gecko; compatible; ClaudeBot/1.0; +claudebot@anthropic.com)"
216.73.217.80 - - [26/Aug/2026:11:54:05 -0400] "GET /sitemap.xml?edit=%2Fhome%2Fautocomlimi%2Fpublic_html%2Fwp-includes%2Fclass-wp-classic-to-block-menu-converter.php HTTP/1.1" 200 17400 "-" "Mozilla/5.0 AppleWebKit/537.36 (KHTML, like Gecko; compatible; ClaudeBot/1.0; +claudebot@anthropic.com)"
216.73.217.80 - - [26/Aug/2026:11:54:05 -0400] "GET /sitemap.xml?rename=%2Fhome%2Fautocomlimi%2Fpublic_html%2Fwp-includes%2FID3 HTTP/1.1" 200 12784 "-" "Mozilla/5.0 AppleWebKit/537.36 (KHTML, like Gecko; compatible; ClaudeBot/1.0; +claudebot@anthropic.com)"
216.73.217.80 - - [26/Aug/2026:11:54:04 -0400] "GET /sitemap.xml?lph=%2Fhome%2Fautocomlimi%2Fpublic_html%2Fwp-includes%2Fassets HTTP/1.1" 200 81609 "-" "Mozilla/5.0 AppleWebKit/537.36 (KHTML, like Gecko; compatible; ClaudeBot/1.0; +claudebot@anthropic.com)"
216.73.217.80 - - [26/Aug/2026:11:54:05 -0400] "GET /sitemap.xml?rename=%2Fhome%2Fautocomlimi%2Fpublic_html%2Fwp-admin%2Fmy-sites.php HTTP/1.1" 200 12799 "-" "Mozilla/5.0 AppleWebKit/537.36 (KHTML, like Gecko; compatible; ClaudeBot/1.0; +claudebot@anthropic.com)"
52.167.144.194 - - [26/Aug/2026:11:54:06 -0400] "GET /product/oem-no-165462ve0a-partner-copy/?edit=%2Fhome%2Fautocomlimi%2Fpublic_html%2Fwp-trackback.php HTTP/1.1" 200 122681 "-" "Mozilla/5.0 AppleWebKit/537.36 (KHTML, like Gecko; compatible; bingbot/2.0; +http://www.bing.com/bingbot.htm) Chrome/116.0.1938.76 Safari/537.36"
216.73.217.80 - - [26/Aug/2026:11:54:06 -0400] "GET /sitemap.xml?edit=%2Fhome%2Fautocomlimi%2Fpublic_html%2Fwp-includes%2Ffeed-rdf.php HTTP/1.1" 200 16339 "-" "Mozilla/5.0 AppleWebKit/537.36 (KHTML, like Gecko; compatible; ClaudeBot/1.0; +claudebot@anthropic.com)"
216.73.217.80 - - [26/Aug/2026:11:54:06 -0400] "GET /sitemap.xml?chmod=%2Fhome%2Fautocomlimi%2Fpublic_html%2Fwp-includes%2Ffeed-rdf.php HTTP/1.1" 200 12834 "-" "Mozilla/5.0 AppleWebKit/537.36 (KHTML, like Gecko; compatible; ClaudeBot/1.0; +claudebot@anthropic.com)"
216.73.217.80 - - [26/Aug/2026:11:54:04 -0400] "GET /sitemap.xml?lph=%2Fhome%2Fautocomlimi%2Fpublic_html%2Fwp-includes%2Fcertificates HTTP/1.1" 200 70482 "-" "Mozilla/5.0 AppleWebKit/537.36 (KHTML, like Gecko; compatible; ClaudeBot/1.0; +claudebot@anthropic.com)"
216.73.217.80 - - [26/Aug/2026:11:54:06 -0400] "GET /sitemap.xml?chmod=%2Fhome%2Fautocomlimi%2Fpublic_html%2Fwp-includes%2Fclass-wp-recovery-mode-key-service.php HTTP/1.1" 200 12860 "-" "Mozilla/5.0 AppleWebKit/537.36 (KHTML, like Gecko; compatible; ClaudeBot/1.0; +claudebot@anthropic.com)"
216.73.217.80 - - [26/Aug/2026:11:54:06 -0400] "GET /sitemap.xml?chmod=%2Fhome%2Fautocomlimi%2Fpublic_html%2Fwp-includes%2Fl10n HTTP/1.1" 200 12826 "-" "Mozilla/5.0 AppleWebKit/537.36 (KHTML, like Gecko; compatible; ClaudeBot/1.0; +claudebot@anthropic.com)"
216.73.217.80 - - [26/Aug/2026:11:54:05 -0400] "GET /sitemap.xml?chmod=%2Fhome%2Fautocomlimi%2Fpublic_html%2Fwp-includes%2Fimages HTTP/1.1" 200 12828 "-" "Mozilla/5.0 AppleWebKit/537.36 (KHTML, like Gecko; compatible; ClaudeBot/1.0; +claudebot@anthropic.com)"
52.167.144.194 - - [26/Aug/2026:11:54:07 -0400] "GET /product/oem-no-165462ve0a-partner-copy/?lph=%2Fhome%2Fautocomlimi HTTP/1.1" 200 213459 "-" "Mozilla/5.0 AppleWebKit/537.36 (KHTML, like Gecko; compatible; bingbot/2.0; +http://www.bing.com/bingbot.htm) Chrome/116.0.1938.76 Safari/537.36"
216.73.217.80 - - [26/Aug/2026:11:54:07 -0400] "GET /sitemap.xml?rename=%2Fhome%2Fautocomlimi%2Fpublic_html%2Fwp-includes%2FIXR HTTP/1.1" 200 12784 "-" "Mozilla/5.0 AppleWebKit/537.36 (KHTML, like Gecko; compatible; ClaudeBot/1.0; +claudebot@anthropic.com)"
216.73.217.80 - - [26/Aug/2026:11:54:07 -0400] "GET /sitemap.xml?chmod=%2Fhome%2Fautocomlimi%2Fpublic_html%2Fwp-includes%2Fblock-supports HTTP/1.1" 200 12836 "-" "Mozilla/5.0 AppleWebKit/537.36 (KHTML, like Gecko; compatible; ClaudeBot/1.0; +claudebot@anthropic.com)"
216.73.217.80 - - [26/Aug/2026:11:54:07 -0400] "GET /sitemap.xml?rename=%2Fhome%2Fautocomlimi%2Fpublic_html%2Fwp-admin%2Fmaint HTTP/1.1" 200 12785 "-" "Mozilla/5.0 AppleWebKit/537.36 (KHTML, like Gecko; compatible; ClaudeBot/1.0; +claudebot@anthropic.com)"
216.73.217.80 - - [26/Aug/2026:11:54:07 -0400] "GET /sitemap.xml?chmod=%2Fhome%2Fautocomlimi%2Fpublic_html%2Fwp-admin%2Fimages HTTP/1.1" 200 12825 "-" "Mozilla/5.0 AppleWebKit/537.36 (KHTML, like Gecko; compatible; ClaudeBot/1.0; +claudebot@anthropic.com)"
216.73.217.80 - - [26/Aug/2026:11:54:06 -0400] "GET /sitemap.xml?lph=%2Fhome%2Fautocomlimi%2Fpublic_html%2Fwp-includes%2Fsitemaps HTTP/1.1" 200 79546 "-" "Mozilla/5.0 AppleWebKit/537.36 (KHTML, like Gecko; compatible; ClaudeBot/1.0; +claudebot@anthropic.com)"
52.167.144.194 - - [26/Aug/2026:11:54:08 -0400] "GET /product/oem-no-165462ve0a-partner-copy/?chmod=%2Fhome%2Fautocomlimi%2Fpublic_html%2Fwp-admin HTTP/1.1" 200 116184 "-" "Mozilla/5.0 AppleWebKit/537.36 (KHTML, like Gecko; compatible; bingbot/2.0; +http://www.bing.com/bingbot.htm) Chrome/116.0.1938.76 Safari/537.36"
216.73.217.80 - - [26/Aug/2026:11:54:07 -0400] "GET /sitemap.xml?chmod=%2Fhome%2Fautocomlimi%2Fpublic_html%2Fwp-includes%2Fclass-wp-recovery-mode-link-service.php HTTP/1.1" 200 12861 "-" "Mozilla/5.0 AppleWebKit/537.36 (KHTML, like Gecko; compatible; ClaudeBot/1.0; +claudebot@anthropic.com)"
216.73.217.80 - - [26/Aug/2026:11:54:00 -0400] "GET /sitemap.xml?rename=%2Fhome%2Fautocomlimi%2Fpublic_html%2Fwp-includes%2Fblock-supports HTTP/1.1" 200 12806 "-" "Mozilla/5.0 AppleWebKit/537.36 (KHTML, like Gecko; compatible; ClaudeBot/1.0; +claudebot@anthropic.com)"
216.73.217.80 - - [26/Aug/2026:11:54:07 -0400] "GET /sitemap.xml?edit=%2Fhome%2Fautocomlimi%2Fpublic_html%2Fwp-includes%2Fclass-wp-recovery-mode-link-service.php HTTP/1.1" 200 16601 "-" "Mozilla/5.0 AppleWebKit/537.36 (KHTML, like Gecko; compatible; ClaudeBot/1.0; +claudebot@anthropic.com)"
216.73.217.80 - - [26/Aug/2026:11:54:07 -0400] "GET /?p=3823 HTTP/1.1" 200 109973 "-" "Mozilla/5.0 AppleWebKit/537.36 (KHTML, like Gecko; compatible; ClaudeBot/1.0; +claudebot@anthropic.com)"
216.73.217.80 - - [26/Aug/2026:11:54:06 -0400] "GET /sitemap.xml?edit=%2Fhome%2Fautocomlimi%2Fpublic_html%2Fwp-includes%2Fclass-wp-recovery-mode-key-service.php HTTP/1.1" 200 18020 "-" "Mozilla/5.0 AppleWebKit/537.36 (KHTML, like Gecko; compatible; ClaudeBot/1.0; +claudebot@anthropic.com)"
52.167.144.194 - - [26/Aug/2026:11:54:08 -0400] "GET /product/oem-no-165462ve0a-partner-copy/?chmod=%2Fhome%2Fautocomlimi%2Fpublic_html%2Fwp-comments-post.php HTTP/1.1" 200 116556 "-" "Mozilla/5.0 AppleWebKit/537.36 (KHTML, like Gecko; compatible; bingbot/2.0; +http://www.bing.com/bingbot.htm) Chrome/116.0.1938.76 Safari/537.36"
52.167.144.194 - - [26/Aug/2026:11:54:09 -0400] "GET /product/oem-no-165462ve0a-partner-copy/?chmod=%2Fhome%2Fautocomlimi%2Fpublic_html%2Findex.php HTTP/1.1" 200 116211 "-" "Mozilla/5.0 AppleWebKit/537.36 (KHTML, like Gecko; compatible; bingbot/2.0; +http://www.bing.com/bingbot.htm) Chrome/116.0.1938.76 Safari/537.36"
52.167.144.194 - - [26/Aug/2026:11:54:10 -0400] "GET /product/oem-no-165462ve0a-partner-copy/?rename=%2Fhome%2Fautocomlimi%2Fpublic_html%2Fwp-includes HTTP/1.1" 200 117054 "-" "Mozilla/5.0 AppleWebKit/537.36 (KHTML, like Gecko; compatible; bingbot/2.0; +http://www.bing.com/bingbot.htm) Chrome/116.0.1938.76 Safari/537.36"
52.167.144.194 - - [26/Aug/2026:11:54:10 -0400] "GET /product/oem-no-165462ve0a-partner-copy/?chmod=%2Fhome%2Fautocomlimi%2Fpublic_html%2Fwp-links-opml.php HTTP/1.1" 200 116544 "-" "Mozilla/5.0 AppleWebKit/537.36 (KHTML, like Gecko; compatible; bingbot/2.0; +http://www.bing.com/bingbot.htm) Chrome/116.0.1938.76 Safari/537.36"
52.167.144.194 - - [26/Aug/2026:11:54:11 -0400] "GET /product/oem-no-165462ve0a-partner-copy/?edit=%2Fhome%2Fautocomlimi%2Fpublic_html%2F0m.php HTTP/1.1" 200 150473 "-" "Mozilla/5.0 AppleWebKit/537.36 (KHTML, like Gecko; compatible; bingbot/2.0; +http://www.bing.com/bingbot.htm) Chrome/116.0.1938.76 Safari/537.36"
52.167.144.194 - - [26/Aug/2026:11:54:12 -0400] "GET /product/oem-no-165462ve0a-partner-copy/?edit=%2Fhome%2Fautocomlimi%2Fpublic_html%2Fwp-load.php HTTP/1.1" 200 120774 "-" "Mozilla/5.0 AppleWebKit/537.36 (KHTML, like Gecko; compatible; bingbot/2.0; +http://www.bing.com/bingbot.htm) Chrome/116.0.1938.76 Safari/537.36"
52.167.144.194 - - [26/Aug/2026:11:54:12 -0400] "GET /product/oem-no-165462ve0a-partner-copy/?chmod=%2Fhome%2Fautocomlimi%2Fpublic_html%2F0m33.php HTTP/1.1" 200 116212 "-" "Mozilla/5.0 AppleWebKit/537.36 (KHTML, like Gecko; compatible; bingbot/2.0; +http://www.bing.com/bingbot.htm) Chrome/116.0.1938.76 Safari/537.36"
52.167.144.194 - - [26/Aug/2026:11:54:13 -0400] "GET /product/oem-no-165462ve0a-partner-copy/?edit=%2Fhome%2Fautocomlimi%2Fpublic_html%2Findex.php HTTP/1.1" 200 116676 "-" "Mozilla/5.0 AppleWebKit/537.36 (KHTML, like Gecko; compatible; bingbot/2.0; +http://www.bing.com/bingbot.htm) Chrome/116.0.1938.76 Safari/537.36"
52.167.144.194 - - [26/Aug/2026:11:54:14 -0400] "GET /product/oem-no-165462ve0a-partner-copy/?rename=%2Fhome%2Fautocomlimi%2Fpublic_html%2Fgoogle6097ad7e7413fc49.html HTTP/1.1" 200 116187 "-" "Mozilla/5.0 AppleWebKit/537.36 (KHTML, like Gecko; compatible; bingbot/2.0; +http://www.bing.com/bingbot.htm) Chrome/116.0.1938.76 Safari/537.36"
52.167.144.194 - - [26/Aug/2026:11:54:14 -0400] "GET /product/oem-no-165462ve0a-partner-copy/?chmod=%2Fhome%2Fautocomlimi%2Fpublic_html%2Flicense.txt HTTP/1.1" 200 116257 "-" "Mozilla/5.0 AppleWebKit/537.36 (KHTML, like Gecko; compatible; bingbot/2.0; +http://www.bing.com/bingbot.htm) Chrome/116.0.1938.76 Safari/537.36"
52.167.144.194 - - [26/Aug/2026:11:54:15 -0400] "GET /product/oem-no-165462ve0a-partner-copy/?edit=%2Fhome%2Fautocomlimi%2Fpublic_html%2Fwp-blog-header.php HTTP/1.1" 200 117496 "-" "Mozilla/5.0 AppleWebKit/537.36 (KHTML, like Gecko; compatible; bingbot/2.0; +http://www.bing.com/bingbot.htm) Chrome/116.0.1938.76 Safari/537.36"
52.167.144.194 - - [26/Aug/2026:11:54:19 -0400] "GET /product/oem-no-165462ve0a-partner-copy/?edit=%2Fhome%2Fautocomlimi%2Fpublic_html%2Fwp-activate.php HTTP/1.1" 200 125526 "-" "Mozilla/5.0 AppleWebKit/537.36 (KHTML, like Gecko; compatible; bingbot/2.0; +http://www.bing.com/bingbot.htm) Chrome/116.0.1938.76 Safari/537.36"
157.55.39.59 - - [26/Aug/2026:11:54:21 -0400] "GET /product/oem-no-165462ve0a-partner-copy/?rename=%2Fhome%2Fautocomlimi%2Fpublic_html%2Fwp-config.php HTTP/1.1" 403 213921 "-" "Mozilla/5.0 AppleWebKit/537.36 (KHTML, like Gecko; compatible; bingbot/2.0; +http://www.bing.com/bingbot.htm) Chrome/116.0.1938.76 Safari/537.36"
157.55.39.59 - - [26/Aug/2026:11:54:22 -0400] "GET /product/oem-no-165462ve0a-partner-copy/?chmod=%2Fhome%2Fautocomlimi%2Fpublic_html%2Fcp_errordocument.shtml HTTP/1.1" 200 116187 "-" "Mozilla/5.0 AppleWebKit/537.36 (KHTML, like Gecko; compatible; bingbot/2.0; +http://www.bing.com/bingbot.htm) Chrome/116.0.1938.76 Safari/537.36"
157.55.39.59 - - [26/Aug/2026:11:54:23 -0400] "GET /product/oem-no-165462ve0a-partner-copy/?rename=%2Fhome%2Fautocomlimi%2Fpublic_html%2F.htaccess HTTP/1.1" 403 213321 "-" "Mozilla/5.0 AppleWebKit/537.36 (KHTML, like Gecko; compatible; bingbot/2.0; +http://www.bing.com/bingbot.htm) Chrome/116.0.1938.76 Safari/537.36"
157.55.39.193 - - [26/Aug/2026:11:54:24 -0400] "GET /product/oem-no-253409130143?phrase=2027 HTTP/1.1" 200 109954 "-" "Mozilla/5.0 AppleWebKit/537.36 (KHTML, like Gecko; compatible; bingbot/2.0; +http://www.bing.com/bingbot.htm) Chrome/116.0.1938.76 Safari/537.36"
157.55.39.59 - - [26/Aug/2026:11:54:24 -0400] "GET /product/oem-no-165462ve0a-partner-copy/?chmod=%2Fhome%2Fautocomlimi%2Fpublic_html%2F.htaccess HTTP/1.1" 403 213625 "-" "Mozilla/5.0 AppleWebKit/537.36 (KHTML, like Gecko; compatible; bingbot/2.0; +http://www.bing.com/bingbot.htm) Chrome/116.0.1938.76 Safari/537.36"
157.55.39.59 - - [26/Aug/2026:11:54:24 -0400] "GET /product/oem-no-165462ve0a-partner-copy/?edit=%2Fhome%2Fautocomlimi%2Fpublic_html%2F0m33.php HTTP/1.1" 200 266261 "-" "Mozilla/5.0 AppleWebKit/537.36 (KHTML, like Gecko; compatible; bingbot/2.0; +http://www.bing.com/bingbot.htm) Chrome/116.0.1938.76 Safari/537.36"
157.55.39.59 - - [26/Aug/2026:11:54:25 -0400] "GET /product/oem-no-165462ve0a-partner-copy/?rename=%2Fhome%2Fautocomlimi%2Fpublic_html%2F0m33.php HTTP/1.1" 200 116209 "-" "Mozilla/5.0 AppleWebKit/537.36 (KHTML, like Gecko; compatible; bingbot/2.0; +http://www.bing.com/bingbot.htm) Chrome/116.0.1938.76 Safari/537.36"
157.55.39.51 - - [26/Aug/2026:11:54:27 -0400] "GET /product/oem-no-165462ve0a-partner-copy/?edit=%2Fhome%2Fautocomlimi%2Fpublic_html%2Fwp-config.php HTTP/1.1" 403 213607 "-" "Mozilla/5.0 AppleWebKit/537.36 (KHTML, like Gecko; compatible; bingbot/2.0; +http://www.bing.com/bingbot.htm) Chrome/116.0.1938.76 Safari/537.36"
157.55.39.51 - - [26/Aug/2026:11:54:28 -0400] "GET /product/oem-no-165462ve0a-partner-copy/?edit=%2Fhome%2Fautocomlimi%2Fpublic_html%2F.htaccess HTTP/1.1" 403 213632 "-" "Mozilla/5.0 AppleWebKit/537.36 (KHTML, like Gecko; compatible; bingbot/2.0; +http://www.bing.com/bingbot.htm) Chrome/116.0.1938.76 Safari/537.36"
57.141.18.95 - - [26/Aug/2026:11:54:31 -0400] "GET /product/165b/?rename=%2Fhome%2Fautocomlimi%2Fpublic_html%2Fwp-admin HTTP/1.1" 200 116541 "-" "Mozilla/5.0 (Macintosh; Intel Mac OS X 10_15_7) AppleWebKit/537.36 (KHTML, like Gecko) Chrome/145.0.0.0 Safari/537.36 (compatible; meta-externalagent/1.1 (+https://developers.facebook.com/docs/sharing/webmasters/crawler))"
198.54.126.42 - - [26/Aug/2026:11:54:45 -0400] "POST /wp-cron.php?doing_wp_cron=1787759685.5115931034088134765625 HTTP/1.1" 200 - "-" "WordPress/6.9.4; https://www.autocomlimited.com"
157.55.39.59 - - [26/Aug/2026:11:54:44 -0400] "GET /product/oem-no-165462ve0a-partner-copy/?rename=%2Fhome%2Fautocomlimi%2Fpublic_html%2F.htaccess HTTP/1.1" 403 213337 "-" "Mozilla/5.0 AppleWebKit/537.36 (KHTML, like Gecko; compatible; bingbot/2.0; +http://www.bing.com/bingbot.htm) Chrome/116.0.1938.76 Safari/537.36"
52.167.144.181 - - [26/Aug/2026:11:54:59 -0400] "GET /brand/eicher?rename=%2Fhome%2Fautocomlimi%2Fpublic_html%2F0m33.php HTTP/1.1" 200 12780 "-" "Mozilla/5.0 AppleWebKit/537.36 (KHTML, like Gecko; compatible; bingbot/2.0; +http://www.bing.com/bingbot.htm) Chrome/116.0.1938.76 Safari/537.36"
52.167.144.181 - - [26/Aug/2026:11:54:59 -0400] "GET /brand/eicher?chmod=%2Fhome%2Fautocomlimi%2Fpublic_html%2Freadme.html HTTP/1.1" 200 12819 "-" "Mozilla/5.0 AppleWebKit/537.36 (KHTML, like Gecko; compatible; bingbot/2.0; +http://www.bing.com/bingbot.htm) Chrome/116.0.1938.76 Safari/537.36"
52.167.144.181 - - [26/Aug/2026:11:55:00 -0400] "GET /brand/eicher?rename=%2Fhome%2Fautocomlimi%2Fpublic_html%2Fwp-load.php HTTP/1.1" 200 12786 "-" "Mozilla/5.0 AppleWebKit/537.36 (KHTML, like Gecko; compatible; bingbot/2.0; +http://www.bing.com/bingbot.htm) Chrome/116.0.1938.76 Safari/537.36"
52.167.144.181 - - [26/Aug/2026:11:55:00 -0400] "GET /brand/eicher?rename=%2Fhome%2Fautocomlimi%2Fpublic_html%2Fcgi-bin HTTP/1.1" 200 12778 "-" "Mozilla/5.0 AppleWebKit/537.36 (KHTML, like Gecko; compatible; bingbot/2.0; +http://www.bing.com/bingbot.htm) Chrome/116.0.1938.76 Safari/537.36"
52.167.144.181 - - [26/Aug/2026:11:55:00 -0400] "GET /brand/eicher?rename=%2Fhome%2Fautocomlimi%2Fpublic_html%2F.htaccess HTTP/1.1" 403 109954 "-" "Mozilla/5.0 AppleWebKit/537.36 (KHTML, like Gecko; compatible; bingbot/2.0; +http://www.bing.com/bingbot.htm) Chrome/116.0.1938.76 Safari/537.36"
157.55.39.193 - - [26/Aug/2026:11:55:04 -0400] "GET /brand/eicher?lph=%2Fhome%2Fautocomlimi%2Fpublic_html%2Fcgi-bin HTTP/1.1" 200 68878 "-" "Mozilla/5.0 AppleWebKit/537.36 (KHTML, like Gecko; compatible; bingbot/2.0; +http://www.bing.com/bingbot.htm) Chrome/116.0.1938.76 Safari/537.36"
157.55.39.193 - - [26/Aug/2026:11:55:04 -0400] "GET /brand/eicher?rename=%2Fhome%2Fautocomlimi%2Fpublic_html%2Fwp-config.php HTTP/1.1" 403 109954 "-" "Mozilla/5.0 AppleWebKit/537.36 (KHTML, like Gecko; compatible; bingbot/2.0; +http://www.bing.com/bingbot.htm) Chrome/116.0.1938.76 Safari/537.36"
157.55.39.193 - - [26/Aug/2026:11:55:04 -0400] "GET /brand/eicher?edit=%2Fhome%2Fautocomlimi%2Fpublic_html%2F0m1.php HTTP/1.1" 200 164060 "-" "Mozilla/5.0 AppleWebKit/537.36 (KHTML, like Gecko; compatible; bingbot/2.0; +http://www.bing.com/bingbot.htm) Chrome/116.0.1938.76 Safari/537.36"
157.55.39.193 - - [26/Aug/2026:11:55:05 -0400] "GET /brand/eicher?chmod=%2Fhome%2Fautocomlimi%2Fpublic_html%2Fwp-load.php HTTP/1.1" 200 12819 "-" "Mozilla/5.0 AppleWebKit/537.36 (KHTML, like Gecko; compatible; bingbot/2.0; +http://www.bing.com/bingbot.htm) Chrome/116.0.1938.76 Safari/537.36"
157.55.39.193 - - [26/Aug/2026:11:55:05 -0400] "GET /brand/eicher?rename=%2Fhome%2Fautocomlimi%2Fpublic_html%2Ferror_log HTTP/1.1" 200 12782 "-" "Mozilla/5.0 AppleWebKit/537.36 (KHTML, like Gecko; compatible; bingbot/2.0; +http://www.bing.com/bingbot.htm) Chrome/116.0.1938.76 Safari/537.36"
157.55.39.193 - - [26/Aug/2026:11:55:05 -0400] "GET /brand/eicher?lph=%2Fhome HTTP/1.1" 200 69685 "-" "Mozilla/5.0 AppleWebKit/537.36 (KHTML, like Gecko; compatible; bingbot/2.0; +http://www.bing.com/bingbot.htm) Chrome/116.0.1938.76 Safari/537.36"
157.55.39.193 - - [26/Aug/2026:11:55:06 -0400] "GET /brand/eicher?chmod=%2Fhome%2Fautocomlimi%2Fpublic_html%2F0m.php HTTP/1.1" 200 12814 "-" "Mozilla/5.0 AppleWebKit/537.36 (KHTML, like Gecko; compatible; bingbot/2.0; +http://www.bing.com/bingbot.htm) Chrome/116.0.1938.76 Safari/537.36"
52.167.144.181 - - [26/Aug/2026:11:55:10 -0400] "GET /brand/eicher?rename=%2Fhome%2Fautocomlimi%2Fpublic_html%2F.well-known HTTP/1.1" 200 12786 "-" "Mozilla/5.0 AppleWebKit/537.36 (KHTML, like Gecko; compatible; bingbot/2.0; +http://www.bing.com/bingbot.htm) Chrome/116.0.1938.76 Safari/537.36"
52.167.144.181 - - [26/Aug/2026:11:55:11 -0400] "GET /brand/eicher?lph=/ HTTP/1.1" 200 86665 "-" "Mozilla/5.0 AppleWebKit/537.36 (KHTML, like Gecko; compatible; bingbot/2.0; +http://www.bing.com/bingbot.htm) Chrome/116.0.1938.76 Safari/537.36"
52.167.144.181 - - [26/Aug/2026:11:55:11 -0400] "GET /brand/eicher?chmod=%2Fhome%2Fautocomlimi%2Fpublic_html%2Findex.php HTTP/1.1" 200 12817 "-" "Mozilla/5.0 AppleWebKit/537.36 (KHTML, like Gecko; compatible; bingbot/2.0; +http://www.bing.com/bingbot.htm) Chrome/116.0.1938.76 Safari/537.36"
52.167.144.181 - - [26/Aug/2026:11:55:11 -0400] "GET /brand/eicher?rename=%2Fhome%2Fautocomlimi%2Fpublic_html%2Fcp_errordocument.shtml HTTP/1.1" 200 12808 "-" "Mozilla/5.0 AppleWebKit/537.36 (KHTML, like Gecko; compatible; bingbot/2.0; +http://www.bing.com/bingbot.htm) Chrome/116.0.1938.76 Safari/537.36"
52.167.144.181 - - [26/Aug/2026:11:55:11 -0400] "GET /brand/eicher?edit=%2Fhome%2Fautocomlimi%2Fpublic_html%2Findex.php HTTP/1.1" 200 13278 "-" "Mozilla/5.0 AppleWebKit/537.36 (KHTML, like Gecko; compatible; bingbot/2.0; +http://www.bing.com/bingbot.htm) Chrome/116.0.1938.76 Safari/537.36"
52.167.144.181 - - [26/Aug/2026:11:55:12 -0400] "GET /brand/eicher?rename=%2Fhome%2Fautocomlimi%2Fpublic_html%2Fw3ll_execution_logs.txt HTTP/1.1" 200 12810 "-" "Mozilla/5.0 AppleWebKit/537.36 (KHTML, like Gecko; compatible; bingbot/2.0; +http://www.bing.com/bingbot.htm) Chrome/116.0.1938.76 Safari/537.36"
52.167.144.181 - - [26/Aug/2026:11:55:12 -0400] "GET /brand/eicher?edit=%2Fhome%2Fautocomlimi%2Fpublic_html%2F0m.php HTTP/1.1" 200 47060 "-" "Mozilla/5.0 AppleWebKit/537.36 (KHTML, like Gecko; compatible; bingbot/2.0; +http://www.bing.com/bingbot.htm) Chrome/116.0.1938.76 Safari/537.36"
157.55.39.195 - - [26/Aug/2026:11:55:17 -0400] "GET /brand/eicher?rename=%2Fhome%2Fautocomlimi%2Fpublic_html%2Fwp-links-opml.php HTTP/1.1" 200 12798 "-" "Mozilla/5.0 AppleWebKit/537.36 (KHTML, like Gecko; compatible; bingbot/2.0; +http://www.bing.com/bingbot.htm) Chrome/116.0.1938.76 Safari/537.36"
157.55.39.195 - - [26/Aug/2026:11:55:18 -0400] "GET /brand/eicher?chmod=%2Fhome%2Fautocomlimi%2Fpublic_html%2F0m3.php HTTP/1.1" 200 12815 "-" "Mozilla/5.0 AppleWebKit/537.36 (KHTML, like Gecko; compatible; bingbot/2.0; +http://www.bing.com/bingbot.htm) Chrome/116.0.1938.76 Safari/537.36"
114.119.152.12 - - [26/Aug/2026:11:55:18 -0400] "GET /product-tag/toyota-air-filter-bangladesh/page/3 HTTP/1.1" 200 109958 "https://www.autocomlimited.com/product-tag/toyota-air-filter-bangladesh/page/1" "Mozilla/5.0 (Linux; Android 7.0;) AppleWebKit/537.36 (HTML, like Gecko) Mobile Safari/537.36 (compatible; PetalBot;+https://webmaster.petalsearch.com/site/petalbot)"
157.55.39.195 - - [26/Aug/2026:11:55:19 -0400] "GET /brand/eicher?lph=%2Fhome%2Fautocomlimi%2Fpublic_html HTTP/1.1" 200 109954 "-" "Mozilla/5.0 AppleWebKit/537.36 (KHTML, like Gecko; compatible; bingbot/2.0; +http://www.bing.com/bingbot.htm) Chrome/116.0.1938.76 Safari/537.36"
157.55.39.195 - - [26/Aug/2026:11:55:19 -0400] "GET /brand/eicher?rename=%2Fhome%2Fautocomlimi%2Fpublic_html%2Fwp-admin HTTP/1.1" 200 12780 "-" "Mozilla/5.0 AppleWebKit/537.36 (KHTML, like Gecko; compatible; bingbot/2.0; +http://www.bing.com/bingbot.htm) Chrome/116.0.1938.76 Safari/537.36"
157.55.39.195 - - [26/Aug/2026:11:55:19 -0400] "GET /brand/eicher?rename=%2Fhome%2Fautocomlimi%2Fpublic_html%2F%40LongLink HTTP/1.1" 200 12782 "-" "Mozilla/5.0 AppleWebKit/537.36 (KHTML, like Gecko; compatible; bingbot/2.0; +http://www.bing.com/bingbot.htm) Chrome/116.0.1938.76 Safari/537.36"
157.55.39.195 - - [26/Aug/2026:11:55:20 -0400] "GET /brand/eicher?rename=%2Fhome%2Fautocomlimi%2Fpublic_html%2Findex.php HTTP/1.1" 200 12782 "-" "Mozilla/5.0 AppleWebKit/537.36 (KHTML, like Gecko; compatible; bingbot/2.0; +http://www.bing.com/bingbot.htm) Chrome/116.0.1938.76 Safari/537.36"
157.55.39.195 - - [26/Aug/2026:11:55:20 -0400] "GET /brand/eicher?rename=%2Fhome%2Fautocomlimi%2Fpublic_html%2Fwp-content HTTP/1.1" 200 12784 "-" "Mozilla/5.0 AppleWebKit/537.36 (KHTML, like Gecko; compatible; bingbot/2.0; +http://www.bing.com/bingbot.htm) Chrome/116.0.1938.76 Safari/537.36"
157.55.39.195 - - [26/Aug/2026:11:55:21 -0400] "GET /brand/eicher?chmod=%2Fhome%2Fautocomlimi%2Fpublic_html%2Fwp-settings.php HTTP/1.1" 200 12823 "-" "Mozilla/5.0 AppleWebKit/537.36 (KHTML, like Gecko; compatible; bingbot/2.0; +http://www.bing.com/bingbot.htm) Chrome/116.0.1938.76 Safari/537.36"
157.55.39.193 - - [26/Aug/2026:11:55:24 -0400] "GET /brand/eicher?chmod=%2Fhome%2Fautocomlimi%2Fpublic_html%2Ferror_log HTTP/1.1" 200 12817 "-" "Mozilla/5.0 AppleWebKit/537.36 (KHTML, like Gecko; compatible; bingbot/2.0; +http://www.bing.com/bingbot.htm) Chrome/116.0.1938.76 Safari/537.36"
52.167.144.181 - - [26/Aug/2026:11:55:26 -0400] "GET /brand/eicher?rename=%2Fhome%2Fautocomlimi%2Fpublic_html%2Fwp-login.php HTTP/1.1" 200 12788 "-" "Mozilla/5.0 AppleWebKit/537.36 (KHTML, like Gecko; compatible; bingbot/2.0; +http://www.bing.com/bingbot.htm) Chrome/116.0.1938.76 Safari/537.36"
52.167.144.181 - - [26/Aug/2026:11:55:26 -0400] "GET /brand/eicher?rename=%2Fhome%2Fautocomlimi%2Fpublic_html%2F.htaccess HTTP/1.1" 403 109954 "-" "Mozilla/5.0 AppleWebKit/537.36 (KHTML, like Gecko; compatible; bingbot/2.0; +http://www.bing.com/bingbot.htm) Chrome/116.0.1938.76 Safari/537.36"
157.55.39.193 - - [26/Aug/2026:11:55:34 -0400] "GET /brand/eicher?rename=%2Fhome%2Fautocomlimi%2Fpublic_html%2Fwp-settings.php HTTP/1.1" 200 12794 "-" "Mozilla/5.0 AppleWebKit/537.36 (KHTML, like Gecko; compatible; bingbot/2.0; +http://www.bing.com/bingbot.htm) Chrome/116.0.1938.76 Safari/537.36"
157.55.39.193 - - [26/Aug/2026:11:55:34 -0400] "GET /brand/eicher?rename=%2Fhome%2Fautocomlimi%2Fpublic_html%2Fwp-config.php HTTP/1.1" 403 109954 "-" "Mozilla/5.0 AppleWebKit/537.36 (KHTML, like Gecko; compatible; bingbot/2.0; +http://www.bing.com/bingbot.htm) Chrome/116.0.1938.76 Safari/537.36"
198.54.126.42 - - [26/Aug/2026:11:56:05 -0400] "POST /wp-cron.php?doing_wp_cron=1787759765.3331270217895507812500 HTTP/1.1" 200 - "-" "WordPress/6.9.4; https://www.autocomlimited.com"
114.119.151.103 - - [26/Aug/2026:11:56:04 -0400] "GET /product-tag/toyota-air-filter-bangladesh/ HTTP/1.1" 200 226085 "https://www.autocomlimited.com/product/oem-no-17801-bz080" "Mozilla/5.0 (Linux; Android 7.0;) AppleWebKit/537.36 (HTML, like Gecko) Mobile Safari/537.36 (compatible; PetalBot;+https://webmaster.petalsearch.com/site/petalbot)"
157.55.39.195 - - [26/Aug/2026:11:56:42 -0400] "GET /brand/eicher?chmod=%2Fhome%2Fautocomlimi%2Fpublic_html%2F0m1.php HTTP/1.1" 200 12815 "-" "Mozilla/5.0 AppleWebKit/537.36 (KHTML, like Gecko; compatible; bingbot/2.0; +http://www.bing.com/bingbot.htm) Chrome/116.0.1938.76 Safari/537.36"
198.54.126.42 - - [26/Aug/2026:11:57:06 -0400] "POST /wp-cron.php?doing_wp_cron=1787759826.4000489711761474609375 HTTP/1.1" 200 - "-" "WordPress/6.9.4; https://www.autocomlimited.com"
216.73.217.80 - - [26/Aug/2026:11:57:06 -0400] "GET /sitemap.rss?chmod=%2Fdev%2Fstdout HTTP/1.1" 200 12785 "-" "Mozilla/5.0 AppleWebKit/537.36 (KHTML, like Gecko; compatible; ClaudeBot/1.0; +claudebot@anthropic.com)"
216.73.217.80 - - [26/Aug/2026:11:57:06 -0400] "GET /sitemap.rss?chmod=%2Fdev%2Fnull HTTP/1.1" 200 12783 "-" "Mozilla/5.0 AppleWebKit/537.36 (KHTML, like Gecko; compatible; ClaudeBot/1.0; +claudebot@anthropic.com)"
216.73.217.80 - - [26/Aug/2026:11:57:06 -0400] "GET /sitemap.rss?chmod=%2Fusr%2Finclude HTTP/1.1" 200 12786 "-" "Mozilla/5.0 AppleWebKit/537.36 (KHTML, like Gecko; compatible; ClaudeBot/1.0; +claudebot@anthropic.com)"
216.73.217.80 - - [26/Aug/2026:11:57:07 -0400] "GET /sitemap.rss?edit=%2Fdev%2Fstdin HTTP/1.1" 200 12783 "-" "Mozilla/5.0 AppleWebKit/537.36 (KHTML, like Gecko; compatible; ClaudeBot/1.0; +claudebot@anthropic.com)"
216.73.217.80 - - [26/Aug/2026:11:57:07 -0400] "GET /sitemap.rss?edit=%2Fdev%2Fstdout HTTP/1.1" 200 12784 "-" "Mozilla/5.0 AppleWebKit/537.36 (KHTML, like Gecko; compatible; ClaudeBot/1.0; +claudebot@anthropic.com)"
216.73.217.80 - - [26/Aug/2026:11:57:08 -0400] "GET /sitemap.rss?edit=%2Fdev%2Fnull HTTP/1.1" 200 12782 "-" "Mozilla/5.0 AppleWebKit/537.36 (KHTML, like Gecko; compatible; ClaudeBot/1.0; +claudebot@anthropic.com)"
216.73.217.80 - - [26/Aug/2026:11:57:08 -0400] "GET /sitemap.rss?chmod=%2Fdev%2Fzero HTTP/1.1" 200 12783 "-" "Mozilla/5.0 AppleWebKit/537.36 (KHTML, like Gecko; compatible; ClaudeBot/1.0; +claudebot@anthropic.com)"
216.73.217.80 - - [26/Aug/2026:11:57:09 -0400] "GET /sitemap.rss?edit=%2Fdev%2Fzero HTTP/1.1" 500 2653 "-" "Mozilla/5.0 AppleWebKit/537.36 (KHTML, like Gecko; compatible; ClaudeBot/1.0; +claudebot@anthropic.com)"
216.73.217.80 - - [26/Aug/2026:11:57:10 -0400] "GET /sitemap.rss?chmod=%2Fdev%2Flog HTTP/1.1" 200 12782 "-" "Mozilla/5.0 AppleWebKit/537.36 (KHTML, like Gecko; compatible; ClaudeBot/1.0; +claudebot@anthropic.com)"
57.141.18.60 - - [26/Aug/2026:11:57:10 -0400] "GET /?edit=%2Fhome%2Fautocomlimi%2Fpublic_html%2F0m1.php HTTP/1.1" 200 292631 "-" "Mozilla/5.0 (Windows NT 10.0; Win64; x64) AppleWebKit/537.36 (KHTML, like Gecko) Chrome/145.0.0.0 Safari/537.36 (compatible; meta-externalagent/1.1 (+https://developers.facebook.com/docs/sharing/webmasters/crawler))"
216.73.217.80 - - [26/Aug/2026:11:57:10 -0400] "GET /sitemap.rss?edit=%2Fdev%2Furandom HTTP/1.1" 500 2653 "-" "Mozilla/5.0 AppleWebKit/537.36 (KHTML, like Gecko; compatible; ClaudeBot/1.0; +claudebot@anthropic.com)"
216.73.217.80 - - [26/Aug/2026:11:57:11 -0400] "GET /sitemap.rss?chmod=%2Fdev%2Ftty HTTP/1.1" 200 12782 "-" "Mozilla/5.0 AppleWebKit/537.36 (KHTML, like Gecko; compatible; ClaudeBot/1.0; +claudebot@anthropic.com)"
216.73.217.80 - - [26/Aug/2026:11:57:11 -0400] "GET /sitemap.rss?edit=%2Fdev%2Flog HTTP/1.1" 200 12781 "-" "Mozilla/5.0 AppleWebKit/537.36 (KHTML, like Gecko; compatible; ClaudeBot/1.0; +claudebot@anthropic.com)"
216.73.217.80 - - [26/Aug/2026:11:57:12 -0400] "GET /sitemap.rss?chmod=%2Fdev%2Frandom HTTP/1.1" 200 12785 "-" "Mozilla/5.0 AppleWebKit/537.36 (KHTML, like Gecko; compatible; ClaudeBot/1.0; +claudebot@anthropic.com)"
216.73.217.80 - - [26/Aug/2026:11:57:12 -0400] "GET /sitemap.rss?edit=%2Fdev%2Ftty HTTP/1.1" 200 12781 "-" "Mozilla/5.0 AppleWebKit/537.36 (KHTML, like Gecko; compatible; ClaudeBot/1.0; +claudebot@anthropic.com)"
114.119.155.185 - - [26/Aug/2026:11:57:15 -0400] "GET /product-tag/nissan-air-filter HTTP/1.1" 200 109958 "https://www.autocomlimited.com/product/oem-no-16546-4ba1b" "Mozilla/5.0 (Linux; Android 7.0;) AppleWebKit/537.36 (HTML, like Gecko) Mobile Safari/537.36 (compatible; PetalBot;+https://webmaster.petalsearch.com/site/petalbot)"
216.73.217.80 - - [26/Aug/2026:11:57:27 -0400] "GET /sitemap.rss?chmod=%2Ftmp%2F.s.PGSQL.5432 HTTP/1.1" 200 12792 "-" "Mozilla/5.0 AppleWebKit/537.36 (KHTML, like Gecko; compatible; ClaudeBot/1.0; +claudebot@anthropic.com)"
216.73.217.80 - - [26/Aug/2026:11:57:27 -0400] "GET /sitemap.rss?chmod=%2Fusr%2Flibexec HTTP/1.1" 200 12786 "-" "Mozilla/5.0 AppleWebKit/537.36 (KHTML, like Gecko; compatible; ClaudeBot/1.0; +claudebot@anthropic.com)"
216.73.217.80 - - [26/Aug/2026:11:57:28 -0400] "GET /sitemap.rss?edit=%2Ftmp%2F.s.PGSQL.5432 HTTP/1.1" 200 12791 "-" "Mozilla/5.0 AppleWebKit/537.36 (KHTML, like Gecko; compatible; ClaudeBot/1.0; +claudebot@anthropic.com)"
216.73.217.80 - - [26/Aug/2026:11:57:28 -0400] "GET /sitemap.rss?chmod=%2Fdev%2Furandom HTTP/1.1" 200 12786 "-" "Mozilla/5.0 AppleWebKit/537.36 (KHTML, like Gecko; compatible; ClaudeBot/1.0; +claudebot@anthropic.com)"
216.73.217.80 - - [26/Aug/2026:11:57:29 -0400] "GET /sitemap.rss?lph=%2Fusr%2Finclude HTTP/1.1" 200 412930 "-" "Mozilla/5.0 AppleWebKit/537.36 (KHTML, like Gecko; compatible; ClaudeBot/1.0; +claudebot@anthropic.com)"
216.73.217.80 - - [26/Aug/2026:11:57:29 -0400] "GET /sitemap.rss?lph=%2Fdev HTTP/1.1" 200 82737 "-" "Mozilla/5.0 AppleWebKit/537.36 (KHTML, like Gecko; compatible; ClaudeBot/1.0; +claudebot@anthropic.com)"
216.73.217.80 - - [26/Aug/2026:11:57:30 -0400] "GET /sitemap.rss?chmod=%2Fdev%2Ffd HTTP/1.1" 200 12781 "-" "Mozilla/5.0 AppleWebKit/537.36 (KHTML, like Gecko; compatible; ClaudeBot/1.0; +claudebot@anthropic.com)"
216.73.217.80 - - [26/Aug/2026:11:57:30 -0400] "GET /sitemap.rss?rename=%2Fdev%2Fzero HTTP/1.1" 200 12743 "-" "Mozilla/5.0 AppleWebKit/537.36 (KHTML, like Gecko; compatible; ClaudeBot/1.0; +claudebot@anthropic.com)"
216.73.217.80 - - [26/Aug/2026:11:57:33 -0400] "GET /sitemap.rss?chmod=%2Fusr%2Fbin HTTP/1.1" 200 12782 "-" "Mozilla/5.0 AppleWebKit/537.36 (KHTML, like Gecko; compatible; ClaudeBot/1.0; +claudebot@anthropic.com)"
216.73.217.80 - - [26/Aug/2026:11:57:33 -0400] "GET /sitemap.rss?chmod=%2Fdev%2Fptmx HTTP/1.1" 200 12783 "-" "Mozilla/5.0 AppleWebKit/537.36 (KHTML, like Gecko; compatible; ClaudeBot/1.0; +claudebot@anthropic.com)"
216.73.217.80 - - [26/Aug/2026:11:57:42 -0400] "GET /sitemap.rss?lph=%2Fusr%2Flibexec HTTP/1.1" 200 84177 "-" "Mozilla/5.0 AppleWebKit/537.36 (KHTML, like Gecko; compatible; ClaudeBot/1.0; +claudebot@anthropic.com)"
198.54.126.42 - - [26/Aug/2026:11:57:43 -0400] "POST /wp-cron.php?doing_wp_cron=1787759863.0949978828430175781250 HTTP/1.1" 200 - "-" "WordPress/6.9.4; https://www.autocomlimited.com"
216.73.217.80 - - [26/Aug/2026:11:57:42 -0400] "GET /sitemap.rss?chmod=%2Fdev%2Fshm HTTP/1.1" 200 12782 "-" "Mozilla/5.0 AppleWebKit/537.36 (KHTML, like Gecko; compatible; ClaudeBot/1.0; +claudebot@anthropic.com)"
216.73.217.80 - - [26/Aug/2026:11:57:43 -0400] "GET /sitemap.rss?chmod=%2Fusr%2Fsbin HTTP/1.1" 200 12783 "-" "Mozilla/5.0 AppleWebKit/537.36 (KHTML, like Gecko; compatible; ClaudeBot/1.0; +claudebot@anthropic.com)"
216.73.217.80 - - [26/Aug/2026:11:57:43 -0400] "GET /sitemap.rss?rename=%2Fdev%2Ftty HTTP/1.1" 200 12741 "-" "Mozilla/5.0 AppleWebKit/537.36 (KHTML, like Gecko; compatible; ClaudeBot/1.0; +claudebot@anthropic.com)"
216.73.217.80 - - [26/Aug/2026:11:57:44 -0400] "GET /sitemap.rss?chmod=%2Fusr%2Fselector HTTP/1.1" 200 12787 "-" "Mozilla/5.0 AppleWebKit/537.36 (KHTML, like Gecko; compatible; ClaudeBot/1.0; +claudebot@anthropic.com)"
216.73.217.80 - - [26/Aug/2026:11:57:44 -0400] "GET /sitemap.rss?chmod=%2Fdev%2Fpts HTTP/1.1" 200 12782 "-" "Mozilla/5.0 AppleWebKit/537.36 (KHTML, like Gecko; compatible; ClaudeBot/1.0; +claudebot@anthropic.com)"
