103.73.46.231 - - [26/Aug/2026:12:00:57 -0400] "GET /wp-content/uploads/2025/12/CNG-Logo-PNG-Image-1024x738.png HTTP/1.1" 200 30586 "https://www.autocomlimited.com/" "Mozilla/5.0 (Linux; Android 10; K) AppleWebKit/537.36 (KHTML, like Gecko) Chrome/151.0.0.0 Mobile Safari/537.36"
103.73.46.231 - - [26/Aug/2026:12:00:57 -0400] "GET /wp-content/uploads/2021/02/BANNER-2.fw_.png HTTP/1.1" 200 937839 "https://www.autocomlimited.com/" "Mozilla/5.0 (Linux; Android 10; K) AppleWebKit/537.36 (KHTML, like Gecko) Chrome/151.0.0.0 Mobile Safari/537.36"
103.73.46.231 - - [26/Aug/2026:12:00:57 -0400] "GET /wp-content/uploads/2021/02/CAT-1.png HTTP/1.1" 200 5298 "https://www.autocomlimited.com/" "Mozilla/5.0 (Linux; Android 10; K) AppleWebKit/537.36 (KHTML, like Gecko) Chrome/151.0.0.0 Mobile Safari/537.36"
103.73.46.231 - - [26/Aug/2026:12:00:57 -0400] "GET /wp-content/uploads/2021/02/HINO.png HTTP/1.1" 200 6166 "https://www.autocomlimited.com/" "Mozilla/5.0 (Linux; Android 10; K) AppleWebKit/537.36 (KHTML, like Gecko) Chrome/151.0.0.0 Mobile Safari/537.36"
103.73.46.231 - - [26/Aug/2026:12:00:57 -0400] "GET /wp-content/uploads/2021/02/JMC.png HTTP/1.1" 200 4124 "https://www.autocomlimited.com/" "Mozilla/5.0 (Linux; Android 10; K) AppleWebKit/537.36 (KHTML, like Gecko) Chrome/151.0.0.0 Mobile Safari/537.36"
103.73.46.231 - - [26/Aug/2026:12:00:57 -0400] "GET /wp-content/uploads/2021/02/MAN.png HTTP/1.1" 200 8966 "https://www.autocomlimited.com/" "Mozilla/5.0 (Linux; Android 10; K) AppleWebKit/537.36 (KHTML, like Gecko) Chrome/151.0.0.0 Mobile Safari/537.36"
103.73.46.231 - - [26/Aug/2026:12:00:57 -0400] "GET /wp-content/uploads/2021/02/FOTON.png HTTP/1.1" 200 8517 "https://www.autocomlimited.com/" "Mozilla/5.0 (Linux; Android 10; K) AppleWebKit/537.36 (KHTML, like Gecko) Chrome/151.0.0.0 Mobile Safari/537.36"
103.73.46.231 - - [26/Aug/2026:12:00:57 -0400] "GET /wp-content/uploads/2021/02/Honda.png HTTP/1.1" 200 9714 "https://www.autocomlimited.com/" "Mozilla/5.0 (Linux; Android 10; K) AppleWebKit/537.36 (KHTML, like Gecko) Chrome/151.0.0.0 Mobile Safari/537.36"
103.73.46.231 - - [26/Aug/2026:12:00:57 -0400] "GET /wp-content/uploads/2021/02/HITACHI.png HTTP/1.1" 200 9802 "https://www.autocomlimited.com/" "Mozilla/5.0 (Linux; Android 10; K) AppleWebKit/537.36 (KHTML, like Gecko) Chrome/151.0.0.0 Mobile Safari/537.36"
103.73.46.231 - - [26/Aug/2026:12:00:57 -0400] "GET /wp-content/uploads/2025/12/Autocom-Ltd-Logo-1024x343.png HTTP/1.1" 200 85862 "https://www.autocomlimited.com/" "Mozilla/5.0 (Linux; Android 10; K) AppleWebKit/537.36 (KHTML, like Gecko) Chrome/151.0.0.0 Mobile Safari/537.36"
103.73.46.231 - - [26/Aug/2026:12:00:57 -0400] "GET /wp-content/uploads/2025/12/Breeze-Logo-969x1024.png HTTP/1.1" 200 253093 "https://www.autocomlimited.com/" "Mozilla/5.0 (Linux; Android 10; K) AppleWebKit/537.36 (KHTML, like Gecko) Chrome/151.0.0.0 Mobile Safari/537.36"
103.73.46.231 - - [26/Aug/2026:12:00:57 -0400] "GET /wp-content/uploads/2021/02/Hyundai.png HTTP/1.1" 200 14393 "https://www.autocomlimited.com/" "Mozilla/5.0 (Linux; Android 10; K) AppleWebKit/537.36 (KHTML, like Gecko) Chrome/151.0.0.0 Mobile Safari/537.36"
103.73.46.231 - - [26/Aug/2026:12:00:57 -0400] "GET /wp-content/uploads/2021/02/Perkins.png HTTP/1.1" 200 6306 "https://www.autocomlimited.com/" "Mozilla/5.0 (Linux; Android 10; K) AppleWebKit/537.36 (KHTML, like Gecko) Chrome/151.0.0.0 Mobile Safari/537.36"
103.73.46.231 - - [26/Aug/2026:12:00:57 -0400] "GET /wp-content/uploads/2021/02/Piaggio-Logo.png HTTP/1.1" 200 8167 "https://www.autocomlimited.com/" "Mozilla/5.0 (Linux; Android 10; K) AppleWebKit/537.36 (KHTML, like Gecko) Chrome/151.0.0.0 Mobile Safari/537.36"
103.73.46.231 - - [26/Aug/2026:12:00:57 -0400] "GET /wp-content/uploads/2021/02/T-king.png HTTP/1.1" 200 17781 "https://www.autocomlimited.com/" "Mozilla/5.0 (Linux; Android 10; K) AppleWebKit/537.36 (KHTML, like Gecko) Chrome/151.0.0.0 Mobile Safari/537.36"
103.73.46.231 - - [26/Aug/2026:12:00:57 -0400] "GET /wp-content/uploads/2021/02/Isuzu-Trucks.png HTTP/1.1" 200 19152 "https://www.autocomlimited.com/" "Mozilla/5.0 (Linux; Android 10; K) AppleWebKit/537.36 (KHTML, like Gecko) Chrome/151.0.0.0 Mobile Safari/537.36"
103.73.46.231 - - [26/Aug/2026:12:00:57 -0400] "GET /wp-content/uploads/2026/01/hitachi-e1768633738454.png HTTP/1.1" 200 3610 "https://www.autocomlimited.com/" "Mozilla/5.0 (Linux; Android 10; K) AppleWebKit/537.36 (KHTML, like Gecko) Chrome/151.0.0.0 Mobile Safari/537.36"
103.73.46.231 - - [26/Aug/2026:12:00:57 -0400] "GET /wp-content/uploads/2021/02/Jac.png HTTP/1.1" 200 16444 "https://www.autocomlimited.com/" "Mozilla/5.0 (Linux; Android 10; K) AppleWebKit/537.36 (KHTML, like Gecko) Chrome/151.0.0.0 Mobile Safari/537.36"
103.73.46.231 - - [26/Aug/2026:12:00:57 -0400] "GET /wp-content/uploads/2021/02/volvo.png HTTP/1.1" 200 15397 "https://www.autocomlimited.com/" "Mozilla/5.0 (Linux; Android 10; K) AppleWebKit/537.36 (KHTML, like Gecko) Chrome/151.0.0.0 Mobile Safari/537.36"
103.73.46.231 - - [26/Aug/2026:12:00:57 -0400] "GET /wp-content/uploads/2021/02/Mahindra.png HTTP/1.1" 200 10229 "https://www.autocomlimited.com/" "Mozilla/5.0 (Linux; Android 10; K) AppleWebKit/537.36 (KHTML, like Gecko) Chrome/151.0.0.0 Mobile Safari/537.36"
103.73.46.231 - - [26/Aug/2026:12:00:57 -0400] "GET /wp-content/uploads/2021/02/Mitsubishi.png HTTP/1.1" 200 9079 "https://www.autocomlimited.com/" "Mozilla/5.0 (Linux; Android 10; K) AppleWebKit/537.36 (KHTML, like Gecko) Chrome/151.0.0.0 Mobile Safari/537.36"
103.73.46.231 - - [26/Aug/2026:12:00:57 -0400] "GET /wp-content/uploads/2021/02/kia.png HTTP/1.1" 200 6342 "https://www.autocomlimited.com/" "Mozilla/5.0 (Linux; Android 10; K) AppleWebKit/537.36 (KHTML, like Gecko) Chrome/151.0.0.0 Mobile Safari/537.36"
103.73.46.231 - - [26/Aug/2026:12:00:57 -0400] "GET /wp-content/uploads/2021/02/Yanmar.png HTTP/1.1" 200 9364 "https://www.autocomlimited.com/" "Mozilla/5.0 (Linux; Android 10; K) AppleWebKit/537.36 (KHTML, like Gecko) Chrome/151.0.0.0 Mobile Safari/537.36"
103.73.46.231 - - [26/Aug/2026:12:00:57 -0400] "GET /wp-content/uploads/2021/02/sany-logo.png HTTP/1.1" 200 12288 "https://www.autocomlimited.com/" "Mozilla/5.0 (Linux; Android 10; K) AppleWebKit/537.36 (KHTML, like Gecko) Chrome/151.0.0.0 Mobile Safari/537.36"
103.73.46.231 - - [26/Aug/2026:12:00:57 -0400] "GET /wp-content/uploads/2021/02/Suzuki-logo.png HTTP/1.1" 200 9417 "https://www.autocomlimited.com/" "Mozilla/5.0 (Linux; Android 10; K) AppleWebKit/537.36 (KHTML, like Gecko) Chrome/151.0.0.0 Mobile Safari/537.36"
103.73.46.231 - - [26/Aug/2026:12:00:57 -0400] "GET /wp-content/uploads/2021/02/nissan.png HTTP/1.1" 200 6644 "https://www.autocomlimited.com/" "Mozilla/5.0 (Linux; Android 10; K) AppleWebKit/537.36 (KHTML, like Gecko) Chrome/151.0.0.0 Mobile Safari/537.36"
52.167.144.212 - - [26/Aug/2026:12:00:59 -0400] "GET /product/oem-no-fg802800/?edit=%2Fhome%2Fautocomlimi%2Fpublic_html%2Fwp-links-opml.php HTTP/1.1" 200 121378 "-" "Mozilla/5.0 AppleWebKit/537.36 (KHTML, like Gecko; compatible; bingbot/2.0; +http://www.bing.com/bingbot.htm) Chrome/116.0.1938.76 Safari/537.36"
103.73.46.231 - - [26/Aug/2026:12:01:01 -0400] "GET /wp-content/plugins/elementor/assets/lib/font-awesome/webfonts/fa-solid-900.woff2 HTTP/1.1" 200 80300 "https://www.autocomlimited.com/wp-content/plugins/elementor/assets/lib/font-awesome/css/solid.min.css?ver=5.15.1" "Mozilla/5.0 (Linux; Android 10; K) AppleWebKit/537.36 (KHTML, like Gecko) Chrome/151.0.0.0 Mobile Safari/537.36"
103.73.46.231 - - [26/Aug/2026:12:01:01 -0400] "GET /wp-content/plugins/smooth-back-to-top-button/assets/fonts/wpxpress.ttf?9zg56 HTTP/1.1" 200 1301 "https://www.autocomlimited.com/wp-content/plugins/smooth-back-to-top-button/assets/css/sbttb-fonts.css?ver=1.2" "Mozilla/5.0 (Linux; Android 10; K) AppleWebKit/537.36 (KHTML, like Gecko) Chrome/151.0.0.0 Mobile Safari/537.36"
103.73.46.231 - - [26/Aug/2026:12:01:01 -0400] "GET /wp-content/plugins/elementor/assets/lib/font-awesome/webfonts/fa-brands-400.woff2 HTTP/1.1" 200 78460 "https://www.autocomlimited.com/wp-content/plugins/elementor/assets/lib/font-awesome/css/brands.min.css?ver=5.15.1" "Mozilla/5.0 (Linux; Android 10; K) AppleWebKit/537.36 (KHTML, like Gecko) Chrome/151.0.0.0 Mobile Safari/537.36"
103.73.46.231 - - [26/Aug/2026:12:01:01 -0400] "GET /wp-includes/js/dist/vendor/wp-polyfill.min.js?ver=3.15.0 HTTP/1.1" 200 11852 "https://www.autocomlimited.com/" "Mozilla/5.0 (Linux; Android 10; K) AppleWebKit/537.36 (KHTML, like Gecko) Chrome/151.0.0.0 Mobile Safari/537.36"
52.167.144.212 - - [26/Aug/2026:12:01:00 -0400] "GET /product/oem-no-fg802800/?rename=%2Fhome%2Fautocomlimi%2Fpublic_html%2F0m33.php HTTP/1.1" 200 118266 "-" "Mozilla/5.0 AppleWebKit/537.36 (KHTML, like Gecko; compatible; bingbot/2.0; +http://www.bing.com/bingbot.htm) Chrome/116.0.1938.76 Safari/537.36"
103.73.46.231 - - [26/Aug/2026:12:01:01 -0400] "POST /wp-admin/admin-ajax.php HTTP/1.1" 200 206921 "https://www.autocomlimited.com/" "Mozilla/5.0 (Linux; Android 10; K) AppleWebKit/537.36 (KHTML, like Gecko) Chrome/151.0.0.0 Mobile Safari/537.36"
103.73.46.231 - - [26/Aug/2026:12:01:03 -0400] "GET /wp-content/plugins/contact-form-7/includes/js/index.js?ver=5.4.1 HTTP/1.1" 200 4004 "https://www.autocomlimited.com/" "Mozilla/5.0 (Linux; Android 10; K) AppleWebKit/537.36 (KHTML, like Gecko) Chrome/151.0.0.0 Mobile Safari/537.36"
198.54.126.42 - - [26/Aug/2026:12:01:03 -0400] "POST /wp-cron.php?doing_wp_cron=1787760063.5596849918365478515625 HTTP/1.1" 200 - "-" "WordPress/6.9.4; https://www.autocomlimited.com"
52.167.144.212 - - [26/Aug/2026:12:01:02 -0400] "GET /product/oem-no-24479051/?rename=%2Fhome%2Fautocomlimi%2Fpublic_html%2Findex.php HTTP/1.1" 200 117437 "-" "Mozilla/5.0 AppleWebKit/537.36 (KHTML, like Gecko; compatible; bingbot/2.0; +http://www.bing.com/bingbot.htm) Chrome/116.0.1938.76 Safari/537.36"
157.55.39.51 - - [26/Aug/2026:12:01:04 -0400] "GET /product/oem-no-fg802800/?rename=%2Fhome%2Fautocomlimi%2Fpublic_html%2Fwp-links-opml.php HTTP/1.1" 200 118290 "-" "Mozilla/5.0 AppleWebKit/537.36 (KHTML, like Gecko; compatible; bingbot/2.0; +http://www.bing.com/bingbot.htm) Chrome/116.0.1938.76 Safari/537.36"
103.73.46.231 - - [26/Aug/2026:12:01:06 -0400] "GET /wp-content/plugins/perfect-woocommerce-brands/assets/js/functions-frontend.min.js?ver=1.8.7 HTTP/1.1" 200 974 "https://www.autocomlimited.com/" "Mozilla/5.0 (Linux; Android 10; K) AppleWebKit/537.36 (KHTML, like Gecko) Chrome/151.0.0.0 Mobile Safari/537.36"
103.73.46.231 - - [26/Aug/2026:12:01:07 -0400] "GET /wp-content/plugins/smooth-back-to-top-button/assets/js/smooth-back-to-top-button.js?ver=1.2 HTTP/1.1" 200 371 "https://www.autocomlimited.com/" "Mozilla/5.0 (Linux; Android 10; K) AppleWebKit/537.36 (KHTML, like Gecko) Chrome/151.0.0.0 Mobile Safari/537.36"
103.73.46.231 - - [26/Aug/2026:12:01:08 -0400] "GET /wp-content/plugins/woocommerce/assets/js/jquery-blockui/jquery.blockUI.min.js?ver=2.70 HTTP/1.1" 200 3491 "https://www.autocomlimited.com/" "Mozilla/5.0 (Linux; Android 10; K) AppleWebKit/537.36 (KHTML, like Gecko) Chrome/151.0.0.0 Mobile Safari/537.36"
103.73.46.231 - - [26/Aug/2026:12:01:09 -0400] "GET /wp-content/plugins/woocommerce/assets/js/js-cookie/js.cookie.min.js?ver=2.1.4 HTTP/1.1" 200 982 "https://www.autocomlimited.com/" "Mozilla/5.0 (Linux; Android 10; K) AppleWebKit/537.36 (KHTML, like Gecko) Chrome/151.0.0.0 Mobile Safari/537.36"
103.73.46.231 - - [26/Aug/2026:12:01:09 -0400] "GET /wp-content/plugins/woocommerce/assets/js/frontend/woocommerce.min.js?ver=5.4.5 HTTP/1.1" 200 794 "https://www.autocomlimited.com/" "Mozilla/5.0 (Linux; Android 10; K) AppleWebKit/537.36 (KHTML, like Gecko) Chrome/151.0.0.0 Mobile Safari/537.36"
103.73.46.231 - - [26/Aug/2026:12:01:10 -0400] "GET /wp-content/plugins/woocommerce/assets/js/frontend/cart-fragments.min.js?ver=5.4.5 HTTP/1.1" 200 1039 "https://www.autocomlimited.com/" "Mozilla/5.0 (Linux; Android 10; K) AppleWebKit/537.36 (KHTML, like Gecko) Chrome/151.0.0.0 Mobile Safari/537.36"
103.73.46.231 - - [26/Aug/2026:12:01:11 -0400] "GET /wp-content/plugins/elementor-pro/assets/lib/smartmenus/jquery.smartmenus.min.js?ver=1.0.1 HTTP/1.1" 200 7157 "https://www.autocomlimited.com/" "Mozilla/5.0 (Linux; Android 10; K) AppleWebKit/537.36 (KHTML, like Gecko) Chrome/151.0.0.0 Mobile Safari/537.36"
103.73.46.231 - - [26/Aug/2026:12:01:12 -0400] "GET /wp-content/plugins/elementor-pro/assets/js/webpack-pro.runtime.min.js?ver=3.1.0 HTTP/1.1" 200 2422 "https://www.autocomlimited.com/" "Mozilla/5.0 (Linux; Android 10; K) AppleWebKit/537.36 (KHTML, like Gecko) Chrome/151.0.0.0 Mobile Safari/537.36"
103.73.46.231 - - [26/Aug/2026:12:01:12 -0400] "GET /wp-content/plugins/elementor/assets/js/webpack.runtime.min.js?ver=3.2.5 HTTP/1.1" 200 2091 "https://www.autocomlimited.com/" "Mozilla/5.0 (Linux; Android 10; K) AppleWebKit/537.36 (KHTML, like Gecko) Chrome/151.0.0.0 Mobile Safari/537.36"
103.73.46.231 - - [26/Aug/2026:12:01:13 -0400] "GET /wp-content/plugins/elementor-pro/assets/lib/sticky/jquery.sticky.min.js?ver=3.1.0 HTTP/1.1" 200 1895 "https://www.autocomlimited.com/" "Mozilla/5.0 (Linux; Android 10; K) AppleWebKit/537.36 (KHTML, like Gecko) Chrome/151.0.0.0 Mobile Safari/537.36"
103.73.46.231 - - [26/Aug/2026:12:01:13 -0400] "GET /wp-content/plugins/elementor/assets/js/frontend-modules.min.js?ver=3.2.5 HTTP/1.1" 200 21732 "https://www.autocomlimited.com/" "Mozilla/5.0 (Linux; Android 10; K) AppleWebKit/537.36 (KHTML, like Gecko) Chrome/151.0.0.0 Mobile Safari/537.36"
103.73.46.231 - - [26/Aug/2026:12:01:14 -0400] "GET /wp-content/plugins/elementor/assets/lib/share-link/share-link.min.js?ver=3.2.5 HTTP/1.1" 200 1099 "https://www.autocomlimited.com/" "Mozilla/5.0 (Linux; Android 10; K) AppleWebKit/537.36 (KHTML, like Gecko) Chrome/151.0.0.0 Mobile Safari/537.36"
103.73.46.231 - - [26/Aug/2026:12:01:14 -0400] "GET /wp-includes/js/jquery/ui/core.min.js?ver=1.13.3 HTTP/1.1" 200 7106 "https://www.autocomlimited.com/" "Mozilla/5.0 (Linux; Android 10; K) AppleWebKit/537.36 (KHTML, like Gecko) Chrome/151.0.0.0 Mobile Safari/537.36"
103.73.46.231 - - [26/Aug/2026:12:01:14 -0400] "GET /wp-content/plugins/elementor/assets/lib/dialog/dialog.min.js?ver=4.8.1 HTTP/1.1" 200 3510 "https://www.autocomlimited.com/" "Mozilla/5.0 (Linux; Android 10; K) AppleWebKit/537.36 (KHTML, like Gecko) Chrome/151.0.0.0 Mobile Safari/537.36"
103.73.46.231 - - [26/Aug/2026:12:01:14 -0400] "GET /wp-content/plugins/elementor-pro/assets/js/frontend.min.js?ver=3.1.0 HTTP/1.1" 200 17348 "https://www.autocomlimited.com/" "Mozilla/5.0 (Linux; Android 10; K) AppleWebKit/537.36 (KHTML, like Gecko) Chrome/151.0.0.0 Mobile Safari/537.36"
103.73.46.231 - - [26/Aug/2026:12:01:14 -0400] "GET /wp-content/plugins/elementor/assets/js/frontend.min.js?ver=3.2.5 HTTP/1.1" 200 19645 "https://www.autocomlimited.com/" "Mozilla/5.0 (Linux; Android 10; K) AppleWebKit/537.36 (KHTML, like Gecko) Chrome/151.0.0.0 Mobile Safari/537.36"
103.73.46.231 - - [26/Aug/2026:12:01:14 -0400] "GET /wp-content/plugins/elementor/assets/js/preloaded-modules.min.js?ver=3.2.5 HTTP/1.1" 200 17034 "https://www.autocomlimited.com/" "Mozilla/5.0 (Linux; Android 10; K) AppleWebKit/537.36 (KHTML, like Gecko) Chrome/151.0.0.0 Mobile Safari/537.36"
103.73.46.231 - - [26/Aug/2026:12:01:14 -0400] "GET /wp-content/plugins/elementor/assets/lib/waypoints/waypoints.min.js?ver=4.0.2 HTTP/1.1" 200 2993 "https://www.autocomlimited.com/" "Mozilla/5.0 (Linux; Android 10; K) AppleWebKit/537.36 (KHTML, like Gecko) Chrome/151.0.0.0 Mobile Safari/537.36"
103.73.46.231 - - [26/Aug/2026:12:01:14 -0400] "GET /wp-content/plugins/elementor-pro/assets/js/preloaded-elements-handlers.min.js?ver=3.1.0 HTTP/1.1" 200 37097 "https://www.autocomlimited.com/" "Mozilla/5.0 (Linux; Android 10; K) AppleWebKit/537.36 (KHTML, like Gecko) Chrome/151.0.0.0 Mobile Safari/537.36"
103.73.46.231 - - [26/Aug/2026:12:01:14 -0400] "GET /wp-content/plugins/elementor/assets/lib/swiper/swiper.min.js?ver=5.3.6 HTTP/1.1" 200 35491 "https://www.autocomlimited.com/" "Mozilla/5.0 (Linux; Android 10; K) AppleWebKit/537.36 (KHTML, like Gecko) Chrome/151.0.0.0 Mobile Safari/537.36"
157.55.39.59 - - [26/Aug/2026:12:01:14 -0400] "GET /product/oem-no-24479051/?edit=%2Fhome%2Fautocomlimi%2Fpublic_html%2Fgoogle6097ad7e7413fc49.html HTTP/1.1" 200 117598 "-" "Mozilla/5.0 AppleWebKit/537.36 (KHTML, like Gecko; compatible; bingbot/2.0; +http://www.bing.com/bingbot.htm) Chrome/116.0.1938.76 Safari/537.36"
103.73.46.231 - - [26/Aug/2026:12:01:16 -0400] "GET /wp-content/uploads/2021/02/Asset-36.png HTTP/1.1" 200 422178 "https://www.autocomlimited.com/wp-content/uploads/elementor/css/post-82.css?ver=1779695504" "Mozilla/5.0 (Linux; Android 10; K) AppleWebKit/537.36 (KHTML, like Gecko) Chrome/151.0.0.0 Mobile Safari/537.36"
103.73.46.231 - - [26/Aug/2026:12:01:16 -0400] "GET /wp-content/uploads/2021/01/hqdefault.jpg HTTP/1.1" 200 183918 "https://www.autocomlimited.com/wp-content/uploads/elementor/css/post-82.css?ver=1779695504" "Mozilla/5.0 (Linux; Android 10; K) AppleWebKit/537.36 (KHTML, like Gecko) Chrome/151.0.0.0 Mobile Safari/537.36"
103.73.46.231 - - [26/Aug/2026:12:01:21 -0400] "GET / HTTP/1.1" 200 238529 "https://www.google.com/" "Mozilla/5.0 (Linux; Android 10; K) AppleWebKit/537.36 (KHTML, like Gecko) Chrome/151.0.0.0 Mobile Safari/537.36"
114.119.130.231 - - [26/Aug/2026:12:01:25 -0400] "GET /product-category/generator-industrial/ HTTP/1.1" 200 230496 "https://www.autocomlimited.com/product-category/oil-fuel-filter" "Mozilla/5.0 (Linux; Android 7.0;) AppleWebKit/537.36 (HTML, like Gecko) Mobile Safari/537.36 (compatible; PetalBot;+https://webmaster.petalsearch.com/site/petalbot)"
198.54.126.42 - - [26/Aug/2026:12:01:51 -0400] "POST /wp-cron.php?doing_wp_cron=1787760111.3003010749816894531250 HTTP/1.1" 200 - "-" "WordPress/6.9.4; https://www.autocomlimited.com"
103.73.46.231 - - [26/Aug/2026:12:01:50 -0400] "POST /wp-admin/admin-ajax.php HTTP/1.1" 200 206921 "https://www.autocomlimited.com/" "Mozilla/5.0 (Linux; Android 10; K) AppleWebKit/537.36 (KHTML, like Gecko) Chrome/151.0.0.0 Mobile Safari/537.36"
103.73.46.231 - - [26/Aug/2026:12:01:52 -0400] "GET /wp-content/plugins/elementor/assets/lib/eicons/fonts/eicons.woff2?5.10.0 HTTP/1.1" 200 85840 "https://www.autocomlimited.com/" "Mozilla/5.0 (Linux; Android 10; K) AppleWebKit/537.36 (KHTML, like Gecko) Chrome/151.0.0.0 Mobile Safari/537.36"
103.73.46.231 - - [26/Aug/2026:12:01:53 -0400] "GET /wp-content/uploads/2021/02/BANNER-2.fw_.png HTTP/1.1" 206 1 "https://www.autocomlimited.com/" "Mozilla/5.0 (Linux; Android 10; K) AppleWebKit/537.36 (KHTML, like Gecko) Chrome/151.0.0.0 Mobile Safari/537.36"
103.73.46.231 - - [26/Aug/2026:12:01:53 -0400] "GET /wp-content/uploads/2021/02/BANNER-3.fw_.png HTTP/1.1" 206 1 "https://www.autocomlimited.com/" "Mozilla/5.0 (Linux; Android 10; K) AppleWebKit/537.36 (KHTML, like Gecko) Chrome/151.0.0.0 Mobile Safari/537.36"
198.54.126.42 - - [26/Aug/2026:12:02:51 -0400] "POST /wp-cron.php?doing_wp_cron=1787760171.1631720066070556640625 HTTP/1.1" 200 - "-" "WordPress/6.9.4; https://www.autocomlimited.com"
114.119.152.12 - - [26/Aug/2026:12:02:47 -0400] "GET /product-category/commercial-vehicle/page/7/ HTTP/1.1" 200 228387 "https://www.autocomlimited.com/product-category/commercial-vehicle/page/3/" "Mozilla/5.0 (Linux; Android 7.0;) AppleWebKit/537.36 (HTML, like Gecko) Mobile Safari/537.36 (compatible; PetalBot;+https://webmaster.petalsearch.com/site/petalbot)"
157.55.39.51 - - [26/Aug/2026:12:03:12 -0400] "GET /product/oem-no-fg802800/?chmod=%2Fhome%2Fautocomlimi%2Fpublic_html%2Fwp-includes%2Ffunctions.wp-scripts.php HTTP/1.1" 200 118373 "-" "Mozilla/5.0 AppleWebKit/537.36 (KHTML, like Gecko; compatible; bingbot/2.0; +http://www.bing.com/bingbot.htm) Chrome/116.0.1938.76 Safari/537.36"
216.73.217.80 - - [26/Aug/2026:12:03:20 -0400] "GET /sitemap.xml HTTP/1.1" 200 111556 "-" "Mozilla/5.0 AppleWebKit/537.36 (KHTML, like Gecko; compatible; ClaudeBot/1.0; +claudebot@anthropic.com)"
52.167.144.212 - - [26/Aug/2026:12:03:40 -0400] "GET /product/oem-no-fg802800/?rename=%2Fhome%2Fautocomlimi%2Fpublic_html%2Ferror_log HTTP/1.1" 200 118301 "-" "Mozilla/5.0 AppleWebKit/537.36 (KHTML, like Gecko; compatible; bingbot/2.0; +http://www.bing.com/bingbot.htm) Chrome/116.0.1938.76 Safari/537.36"
198.54.126.42 - - [26/Aug/2026:12:03:45 -0400] "POST /wp-cron.php?doing_wp_cron=1787760225.7227249145507812500000 HTTP/1.1" 200 - "-" "WordPress/6.9.4; https://www.autocomlimited.com"
157.55.39.60 - - [26/Aug/2026:12:03:45 -0400] "GET /product/oem-no-fg802800/?chmod=%2Fhome%2Fautocomlimi%2Fpublic_html%2Fwp-blog-header.php HTTP/1.1" 200 118587 "-" "Mozilla/5.0 AppleWebKit/537.36 (KHTML, like Gecko; compatible; bingbot/2.0; +http://www.bing.com/bingbot.htm) Chrome/116.0.1938.76 Safari/537.36"
157.55.39.60 - - [26/Aug/2026:12:03:45 -0400] "GET /product/oem-no-fg802800/?edit=%2Fhome%2Fautocomlimi%2Fpublic_html%2Fgoogle6097ad7e7413fc49.html HTTP/1.1" 200 118699 "-" "Mozilla/5.0 AppleWebKit/537.36 (KHTML, like Gecko; compatible; bingbot/2.0; +http://www.bing.com/bingbot.htm) Chrome/116.0.1938.76 Safari/537.36"
57.141.18.39 - - [26/Aug/2026:12:03:59 -0400] "GET /product/165b/?edit=%2Fhome%2Fautocomlimi%2Fpublic_html%2Fwp-includes%2Fclass-wp-block-type-registry.php HTTP/1.1" 200 121062 "-" "Mozilla/5.0 (Windows NT 10.0; Win64; x64) AppleWebKit/537.36 (KHTML, like Gecko) Chrome/145.0.0.0 Safari/537.36 (compatible; meta-externalagent/1.1 (+https://developers.facebook.com/docs/sharing/webmasters/crawler))"
57.141.18.55 - - [26/Aug/2026:12:04:00 -0400] "GET /product/165b/?edit=%2Fhome%2Fautocomlimi%2Fpublic_html%2Fwp-includes%2Fcapabilities.php HTTP/1.1" 200 164388 "-" "Mozilla/5.0 (Macintosh; Intel Mac OS X 10_15_7) AppleWebKit/537.36 (KHTML, like Gecko) Chrome/145.0.0.0 Safari/537.36 (compatible; meta-externalagent/1.1 (+https://developers.facebook.com/docs/sharing/webmasters/crawler))"
57.141.18.58 - - [26/Aug/2026:12:04:01 -0400] "GET /product/165b/?chmod=%2Fhome%2Fautocomlimi%2Fpublic_html%2Fwp-includes%2Fclass-wp-block-supports.php HTTP/1.1" 200 116128 "-" "Mozilla/5.0 (X11; Linux x86_64) AppleWebKit/537.36 (KHTML, like Gecko) Chrome/145.0.0.0 Safari/537.36 (compatible; meta-externalagent/1.1 (+https://developers.facebook.com/docs/sharing/webmasters/crawler))"
114.119.151.103 - - [26/Aug/2026:12:04:11 -0400] "GET /product/oem-no-215-afc-njw HTTP/1.1" 200 109958 "https://www.autocomlimited.com/product/oem-no-215-afc-njw" "Mozilla/5.0 (Linux; Android 7.0;) AppleWebKit/537.36 (HTML, like Gecko) Mobile Safari/537.36 (compatible; PetalBot;+https://webmaster.petalsearch.com/site/petalbot)"
198.54.126.42 - - [26/Aug/2026:12:04:56 -0400] "POST /wp-cron.php?doing_wp_cron=1787760296.1516220569610595703125 HTTP/1.1" 200 - "-" "WordPress/6.9.4; https://www.autocomlimited.com"
57.141.18.77 - - [26/Aug/2026:12:04:55 -0400] "GET /product/oem-no-225cc-oil-autocom/?chmod=%2Fhome%2Fautocomlimi%2Fpublic_html%2F%40LongLink HTTP/1.1" 200 119745 "-" "Mozilla/5.0 (Windows NT 10.0; Win64; x64) AppleWebKit/537.36 (KHTML, like Gecko) Chrome/145.0.0.0 Safari/537.36 (compatible; meta-externalagent/1.1 (+https://developers.facebook.com/docs/sharing/webmasters/crawler))"
114.119.153.237 - - [26/Aug/2026:12:05:35 -0400] "GET /product-category/air-filter/page/9/ HTTP/1.1" 200 227831 "https://www.autocomlimited.com/product-category/air-filter/page/12/" "Mozilla/5.0 (Linux; Android 7.0;) AppleWebKit/537.36 (HTML, like Gecko) Mobile Safari/537.36 (compatible; PetalBot;+https://webmaster.petalsearch.com/site/petalbot)"
57.141.18.10 - - [26/Aug/2026:12:06:03 -0400] "GET /event/?chmod=%2Fhome%2Fautocomlimi%2Fpublic_html%2Ferror_log HTTP/1.1" 200 96210 "-" "Mozilla/5.0 (Windows NT 10.0; Win64; x64) AppleWebKit/537.36 (KHTML, like Gecko) Chrome/145.0.0.0 Safari/537.36 (compatible; meta-externalagent/1.1 (+https://developers.facebook.com/docs/sharing/webmasters/crawler))"
216.73.217.80 - - [26/Aug/2026:12:06:57 -0400] "GET /sitemap.rss?rename=%2Fproc%2Fmisc HTTP/1.1" 200 12744 "-" "Mozilla/5.0 AppleWebKit/537.36 (KHTML, like Gecko; compatible; ClaudeBot/1.0; +claudebot@anthropic.com)"
216.73.217.80 - - [26/Aug/2026:12:06:57 -0400] "GET /sitemap.rss?rename=%2Fusr%2Fsbin%2Fconsoletype HTTP/1.1" 200 12764 "-" "Mozilla/5.0 AppleWebKit/537.36 (KHTML, like Gecko; compatible; ClaudeBot/1.0; +claudebot@anthropic.com)"
198.54.126.42 - - [26/Aug/2026:12:06:58 -0400] "POST /wp-cron.php?doing_wp_cron=1787760418.0039041042327880859375 HTTP/1.1" 200 - "-" "WordPress/6.9.4; https://www.autocomlimited.com"
216.73.217.80 - - [26/Aug/2026:12:06:57 -0400] "GET /sitemap.rss?rename=%2Fetc%2Fbashrc HTTP/1.1" 200 12747 "-" "Mozilla/5.0 AppleWebKit/537.36 (KHTML, like Gecko; compatible; ClaudeBot/1.0; +claudebot@anthropic.com)"
216.73.217.80 - - [26/Aug/2026:12:06:57 -0400] "GET /sitemap.rss?rename=%2Fproc%2Fdiskstats HTTP/1.1" 200 12754 "-" "Mozilla/5.0 AppleWebKit/537.36 (KHTML, like Gecko; compatible; ClaudeBot/1.0; +claudebot@anthropic.com)"
216.73.217.80 - - [26/Aug/2026:12:06:57 -0400] "GET /sitemap.rss?lph=%2Fetc%2Fmodulefiles HTTP/1.1" 200 68697 "-" "Mozilla/5.0 AppleWebKit/537.36 (KHTML, like Gecko; compatible; ClaudeBot/1.0; +claudebot@anthropic.com)"
216.73.217.80 - - [26/Aug/2026:12:06:57 -0400] "GET /sitemap.rss?chmod=%2Fproc%2Fschedstat HTTP/1.1" 200 12789 "-" "Mozilla/5.0 AppleWebKit/537.36 (KHTML, like Gecko; compatible; ClaudeBot/1.0; +claudebot@anthropic.com)"
216.73.217.80 - - [26/Aug/2026:12:06:57 -0400] "GET /sitemap.rss?rename=%2Fproc%2Fsched_debug HTTP/1.1" 200 12758 "-" "Mozilla/5.0 AppleWebKit/537.36 (KHTML, like Gecko; compatible; ClaudeBot/1.0; +claudebot@anthropic.com)"
216.73.217.80 - - [26/Aug/2026:12:06:58 -0400] "GET /sitemap.rss?edit=%2Fproc%2Floadavg HTTP/1.1" 200 12821 "-" "Mozilla/5.0 AppleWebKit/537.36 (KHTML, like Gecko; compatible; ClaudeBot/1.0; +claudebot@anthropic.com)"
216.73.217.80 - - [26/Aug/2026:12:06:57 -0400] "GET /sitemap.rss?chmod=%2Fusr%2Fsbin%2Fsasldblistusers2 HTTP/1.1" 200 12802 "-" "Mozilla/5.0 AppleWebKit/537.36 (KHTML, like Gecko; compatible; ClaudeBot/1.0; +claudebot@anthropic.com)"
216.73.217.80 - - [26/Aug/2026:12:06:58 -0400] "GET /sitemap.rss?rename=%2Fetc%2Fcl.php.d HTTP/1.1" 200 12751 "-" "Mozilla/5.0 AppleWebKit/537.36 (KHTML, like Gecko; compatible; ClaudeBot/1.0; +claudebot@anthropic.com)"
216.73.217.80 - - [26/Aug/2026:12:06:58 -0400] "GET /sitemap.rss?rename=%2Fetc%2Fssh HTTP/1.1" 200 12741 "-" "Mozilla/5.0 AppleWebKit/537.36 (KHTML, like Gecko; compatible; ClaudeBot/1.0; +claudebot@anthropic.com)"
216.73.217.80 - - [26/Aug/2026:12:06:58 -0400] "GET /sitemap.rss?rename=%2Fproc%2Fvmstat HTTP/1.1" 200 12748 "-" "Mozilla/5.0 AppleWebKit/537.36 (KHTML, like Gecko; compatible; ClaudeBot/1.0; +claudebot@anthropic.com)"
216.73.217.80 - - [26/Aug/2026:12:06:59 -0400] "GET /sitemap.rss?rename=%2Fusr%2Fsbin%2Fisolatectl HTTP/1.1" 200 12762 "-" "Mozilla/5.0 AppleWebKit/537.36 (KHTML, like Gecko; compatible; ClaudeBot/1.0; +claudebot@anthropic.com)"
216.73.217.80 - - [26/Aug/2026:12:06:58 -0400] "GET /sitemap.rss?edit=%2Fproc%2Fsoftirqs HTTP/1.1" 200 12788 "-" "Mozilla/5.0 AppleWebKit/537.36 (KHTML, like Gecko; compatible; ClaudeBot/1.0; +claudebot@anthropic.com)"
216.73.217.80 - - [26/Aug/2026:12:06:59 -0400] "GET /sitemap.rss?edit=%2Fproc%2Fschedstat HTTP/1.1" 200 12789 "-" "Mozilla/5.0 AppleWebKit/537.36 (KHTML, like Gecko; compatible; ClaudeBot/1.0; +claudebot@anthropic.com)"
216.73.217.80 - - [26/Aug/2026:12:06:58 -0400] "GET /sitemap.rss?edit=%2Fetc%2Fservices HTTP/1.1" 200 705445 "-" "Mozilla/5.0 AppleWebKit/537.36 (KHTML, like Gecko; compatible; ClaudeBot/1.0; +claudebot@anthropic.com)"
216.73.217.80 - - [26/Aug/2026:12:06:58 -0400] "GET /sitemap.rss?chmod=%2Fusr%2Fsbin%2Fgenrandom HTTP/1.1" 200 12795 "-" "Mozilla/5.0 AppleWebKit/537.36 (KHTML, like Gecko; compatible; ClaudeBot/1.0; +claudebot@anthropic.com)"
216.73.217.80 - - [26/Aug/2026:12:06:59 -0400] "GET /sitemap.rss?edit=%2Fusr%2Fsbin%2Fsasldblistusers2 HTTP/1.1" 200 40324 "-" "Mozilla/5.0 AppleWebKit/537.36 (KHTML, like Gecko; compatible; ClaudeBot/1.0; +claudebot@anthropic.com)"
216.73.217.80 - - [26/Aug/2026:12:06:59 -0400] "GET /sitemap.rss?chmod=%2Fproc%2Fdevices HTTP/1.1" 200 12787 "-" "Mozilla/5.0 AppleWebKit/537.36 (KHTML, like Gecko; compatible; ClaudeBot/1.0; +claudebot@anthropic.com)"
216.73.217.80 - - [26/Aug/2026:12:07:00 -0400] "GET /sitemap.rss?chmod=%2Fetc%2Fsysconfig HTTP/1.1" 200 12788 "-" "Mozilla/5.0 AppleWebKit/537.36 (KHTML, like Gecko; compatible; ClaudeBot/1.0; +claudebot@anthropic.com)"
216.73.217.80 - - [26/Aug/2026:12:07:00 -0400] "GET /sitemap.rss?edit=%2Fusr%2Fsbin%2Fgenrandom HTTP/1.1" 200 28033 "-" "Mozilla/5.0 AppleWebKit/537.36 (KHTML, like Gecko; compatible; ClaudeBot/1.0; +claudebot@anthropic.com)"
216.73.217.80 - - [26/Aug/2026:12:06:59 -0400] "GET /sitemap.rss?edit=%2Fetc%2Frpc HTTP/1.1" 200 14425 "-" "Mozilla/5.0 AppleWebKit/537.36 (KHTML, like Gecko; compatible; ClaudeBot/1.0; +claudebot@anthropic.com)"
216.73.217.80 - - [26/Aug/2026:12:07:00 -0400] "GET /sitemap.rss?chmod=%2Fetc%2Fshadow HTTP/1.1" 200 12785 "-" "Mozilla/5.0 AppleWebKit/537.36 (KHTML, like Gecko; compatible; ClaudeBot/1.0; +claudebot@anthropic.com)"
216.73.217.80 - - [26/Aug/2026:12:07:01 -0400] "GET /sitemap.rss?rename=%2Fetc%2Fapache2 HTTP/1.1" 200 12749 "-" "Mozilla/5.0 AppleWebKit/537.36 (KHTML, like Gecko; compatible; ClaudeBot/1.0; +claudebot@anthropic.com)"
216.73.217.80 - - [26/Aug/2026:12:06:58 -0400] "GET /sitemap.rss?edit=%2Fusr%2Fsbin%2Flvdctl HTTP/1.1" 200 13567 "-" "Mozilla/5.0 AppleWebKit/537.36 (KHTML, like Gecko; compatible; ClaudeBot/1.0; +claudebot@anthropic.com)"
216.73.217.80 - - [26/Aug/2026:12:07:01 -0400] "GET /sitemap.rss?chmod=%2Fproc%2Fexecdomains HTTP/1.1" 200 12791 "-" "Mozilla/5.0 AppleWebKit/537.36 (KHTML, like Gecko; compatible; ClaudeBot/1.0; +claudebot@anthropic.com)"
216.73.217.80 - - [26/Aug/2026:12:07:01 -0400] "GET /sitemap.rss?lph=%2Fetc%2Fcl.php.d HTTP/1.1" 200 86157 "-" "Mozilla/5.0 AppleWebKit/537.36 (KHTML, like Gecko; compatible; ClaudeBot/1.0; +claudebot@anthropic.com)"
216.73.217.80 - - [26/Aug/2026:12:06:59 -0400] "GET /sitemap.rss?chmod=%2Fproc%2Fdma HTTP/1.1" 200 12783 "-" "Mozilla/5.0 AppleWebKit/537.36 (KHTML, like Gecko; compatible; ClaudeBot/1.0; +claudebot@anthropic.com)"
216.73.217.80 - - [26/Aug/2026:12:06:59 -0400] "GET /sitemap.rss?lph=%2Fproc%2Fdriver HTTP/1.1" 200 70986 "-" "Mozilla/5.0 AppleWebKit/537.36 (KHTML, like Gecko; compatible; ClaudeBot/1.0; +claudebot@anthropic.com)"
216.73.217.80 - - [26/Aug/2026:12:07:02 -0400] "GET /sitemap.rss?chmod=%2Fproc%2Fswaps HTTP/1.1" 200 12785 "-" "Mozilla/5.0 AppleWebKit/537.36 (KHTML, like Gecko; compatible; ClaudeBot/1.0; +claudebot@anthropic.com)"
114.119.151.103 - - [26/Aug/2026:12:07:02 -0400] "GET /brand/honda/ HTTP/1.1" 200 201396 "https://www.autocomlimited.com/product/oem-no-17220-5r0-008/" "Mozilla/5.0 (Linux; Android 7.0;) AppleWebKit/537.36 (HTML, like Gecko) Mobile Safari/537.36 (compatible; PetalBot;+https://webmaster.petalsearch.com/site/petalbot)"
216.73.217.80 - - [26/Aug/2026:12:07:01 -0400] "GET /sitemap.rss?chmod=%2Fusr%2Fsbin%2Fpluginviewer HTTP/1.1" 200 12798 "-" "Mozilla/5.0 AppleWebKit/537.36 (KHTML, like Gecko; compatible; ClaudeBot/1.0; +claudebot@anthropic.com)"
216.73.217.80 - - [26/Aug/2026:12:07:02 -0400] "GET /sitemap.rss?rename=%2Fproc%2Fcgroups HTTP/1.1" 200 12750 "-" "Mozilla/5.0 AppleWebKit/537.36 (KHTML, like Gecko; compatible; ClaudeBot/1.0; +claudebot@anthropic.com)"
216.73.217.80 - - [26/Aug/2026:12:07:00 -0400] "GET /sitemap.rss?chmod=%2Fusr%2Fsbin%2Fcracklib-format HTTP/1.1" 200 12801 "-" "Mozilla/5.0 AppleWebKit/537.36 (KHTML, like Gecko; compatible; ClaudeBot/1.0; +claudebot@anthropic.com)"
216.73.217.80 - - [26/Aug/2026:12:07:03 -0400] "GET /sitemap.rss?edit=%2Fproc%2Ffilesystems HTTP/1.1" 200 13195 "-" "Mozilla/5.0 AppleWebKit/537.36 (KHTML, like Gecko; compatible; ClaudeBot/1.0; +claudebot@anthropic.com)"
216.73.217.80 - - [26/Aug/2026:12:07:02 -0400] "GET /sitemap.rss?chmod=%2Fusr%2Fsbin%2Fsendmail HTTP/1.1" 200 12794 "-" "Mozilla/5.0 AppleWebKit/537.36 (KHTML, like Gecko; compatible; ClaudeBot/1.0; +claudebot@anthropic.com)"
216.73.217.80 - - [26/Aug/2026:12:07:02 -0400] "GET /sitemap.rss?chmod=%2Fusr%2Fsbin%2Ftmpwatch HTTP/1.1" 200 12794 "-" "Mozilla/5.0 AppleWebKit/537.36 (KHTML, like Gecko; compatible; ClaudeBot/1.0; +claudebot@anthropic.com)"
216.73.217.80 - - [26/Aug/2026:12:06:58 -0400] "GET /sitemap.rss?edit=%2Fproc%2Fzoneinfo HTTP/1.1" 200 12788 "-" "Mozilla/5.0 AppleWebKit/537.36 (KHTML, like Gecko; compatible; ClaudeBot/1.0; +claudebot@anthropic.com)"
216.73.217.80 - - [26/Aug/2026:12:07:03 -0400] "GET /sitemap.rss?edit=%2Fetc%2Fshadow HTTP/1.1" 200 12784 "-" "Mozilla/5.0 AppleWebKit/537.36 (KHTML, like Gecko; compatible; ClaudeBot/1.0; +claudebot@anthropic.com)"
216.73.217.80 - - [26/Aug/2026:12:07:02 -0400] "GET /sitemap.rss?edit=%2Fproc%2Fdma HTTP/1.1" 200 12783 "-" "Mozilla/5.0 AppleWebKit/537.36 (KHTML, like Gecko; compatible; ClaudeBot/1.0; +claudebot@anthropic.com)"
216.73.217.80 - - [26/Aug/2026:12:07:03 -0400] "GET /sitemap.rss?chmod=%2Fusr%2Fsbin%2Funix_update HTTP/1.1" 200 12797 "-" "Mozilla/5.0 AppleWebKit/537.36 (KHTML, like Gecko; compatible; ClaudeBot/1.0; +claudebot@anthropic.com)"
216.73.217.80 - - [26/Aug/2026:12:07:03 -0400] "GET /sitemap.rss?edit=%2Fproc%2Fdevices HTTP/1.1" 200 12787 "-" "Mozilla/5.0 AppleWebKit/537.36 (KHTML, like Gecko; compatible; ClaudeBot/1.0; +claudebot@anthropic.com)"
216.73.217.80 - - [26/Aug/2026:12:07:04 -0400] "GET /sitemap.rss?chmod=%2Fetc%2Finputrc HTTP/1.1" 200 12786 "-" "Mozilla/5.0 AppleWebKit/537.36 (KHTML, like Gecko; compatible; ClaudeBot/1.0; +claudebot@anthropic.com)"
216.73.217.80 - - [26/Aug/2026:12:07:01 -0400] "GET /sitemap.rss?chmod=%2Fetc%2Fprotocols HTTP/1.1" 200 12788 "-" "Mozilla/5.0 AppleWebKit/537.36 (KHTML, like Gecko; compatible; ClaudeBot/1.0; +claudebot@anthropic.com)"
216.73.217.80 - - [26/Aug/2026:12:07:04 -0400] "GET /sitemap.rss?edit=%2Fusr%2Fsbin%2Fpluginviewer HTTP/1.1" 200 38647 "-" "Mozilla/5.0 AppleWebKit/537.36 (KHTML, like Gecko; compatible; ClaudeBot/1.0; +claudebot@anthropic.com)"
216.73.217.80 - - [26/Aug/2026:12:07:04 -0400] "GET /sitemap.rss?rename=%2Fproc%2Fsys HTTP/1.1" 200 12742 "-" "Mozilla/5.0 AppleWebKit/537.36 (KHTML, like Gecko; compatible; ClaudeBot/1.0; +claudebot@anthropic.com)"
216.73.217.80 - - [26/Aug/2026:12:07:04 -0400] "GET /sitemap.rss?chmod=%2Fproc%2Ffs HTTP/1.1" 200 12782 "-" "Mozilla/5.0 AppleWebKit/537.36 (KHTML, like Gecko; compatible; ClaudeBot/1.0; +claudebot@anthropic.com)"
216.73.217.80 - - [26/Aug/2026:12:07:04 -0400] "GET /sitemap.rss?edit=%2Fusr%2Fsbin%2Fcracklib-format HTTP/1.1" 200 13108 "-" "Mozilla/5.0 AppleWebKit/537.36 (KHTML, like Gecko; compatible; ClaudeBot/1.0; +claudebot@anthropic.com)"
216.73.217.80 - - [26/Aug/2026:12:07:00 -0400] "GET /sitemap.rss?chmod=%2Fproc%2Ffilesystems HTTP/1.1" 200 12791 "-" "Mozilla/5.0 AppleWebKit/537.36 (KHTML, like Gecko; compatible; ClaudeBot/1.0; +claudebot@anthropic.com)"
216.73.217.80 - - [26/Aug/2026:12:07:03 -0400] "GET /sitemap.rss?lph=%2Fproc HTTP/1.1" 200 148528 "-" "Mozilla/5.0 AppleWebKit/537.36 (KHTML, like Gecko; compatible; ClaudeBot/1.0; +claudebot@anthropic.com)"
216.73.217.80 - - [26/Aug/2026:12:07:05 -0400] "GET /sitemap.rss?chmod=%2Fetc%2Fmc HTTP/1.1" 200 12781 "-" "Mozilla/5.0 AppleWebKit/537.36 (KHTML, like Gecko; compatible; ClaudeBot/1.0; +claudebot@anthropic.com)"
216.73.217.80 - - [26/Aug/2026:12:07:05 -0400] "GET /sitemap.rss?chmod=%2Fetc%2F.etc.version HTTP/1.1" 200 12791 "-" "Mozilla/5.0 AppleWebKit/537.36 (KHTML, like Gecko; compatible; ClaudeBot/1.0; +claudebot@anthropic.com)"
216.73.217.80 - - [26/Aug/2026:12:07:05 -0400] "GET /sitemap.rss?edit=%2Fusr%2Fsbin%2Fcracklib-packer HTTP/1.1" 200 28357 "-" "Mozilla/5.0 AppleWebKit/537.36 (KHTML, like Gecko; compatible; ClaudeBot/1.0; +claudebot@anthropic.com)"
216.73.217.80 - - [26/Aug/2026:12:07:03 -0400] "GET /sitemap.rss?rename=%2Fproc%2Fthread-self HTTP/1.1" 200 12758 "-" "Mozilla/5.0 AppleWebKit/537.36 (KHTML, like Gecko; compatible; ClaudeBot/1.0; +claudebot@anthropic.com)"
216.73.217.80 - - [26/Aug/2026:12:07:06 -0400] "GET /sitemap.rss?rename=%2Fproc%2Fself HTTP/1.1" 200 12744 "-" "Mozilla/5.0 AppleWebKit/537.36 (KHTML, like Gecko; compatible; ClaudeBot/1.0; +claudebot@anthropic.com)"
216.73.217.80 - - [26/Aug/2026:12:07:06 -0400] "GET /sitemap.rss?chmod=%2Fusr%2Fsbin%2Fdnssec-settime HTTP/1.1" 200 12800 "-" "Mozilla/5.0 AppleWebKit/537.36 (KHTML, like Gecko; compatible; ClaudeBot/1.0; +claudebot@anthropic.com)"
216.73.217.80 - - [26/Aug/2026:12:07:04 -0400] "GET /sitemap.rss?lph=%2Fetc%2Fssh HTTP/1.1" 200 70995 "-" "Mozilla/5.0 AppleWebKit/537.36 (KHTML, like Gecko; compatible; ClaudeBot/1.0; +claudebot@anthropic.com)"
216.73.217.80 - - [26/Aug/2026:12:07:06 -0400] "GET /sitemap.rss?edit=%2Fproc%2Fbuddyinfo HTTP/1.1" 200 12789 "-" "Mozilla/5.0 AppleWebKit/537.36 (KHTML, like Gecko; compatible; ClaudeBot/1.0; +claudebot@anthropic.com)"
216.73.217.80 - - [26/Aug/2026:12:07:06 -0400] "GET /sitemap.rss?rename=%2Fproc%2Fcmdline HTTP/1.1" 200 12750 "-" "Mozilla/5.0 AppleWebKit/537.36 (KHTML, like Gecko; compatible; ClaudeBot/1.0; +claudebot@anthropic.com)"
216.73.217.80 - - [26/Aug/2026:12:07:06 -0400] "GET /sitemap.rss?edit=%2Fproc%2Fuptime HTTP/1.1" 200 12809 "-" "Mozilla/5.0 AppleWebKit/537.36 (KHTML, like Gecko; compatible; ClaudeBot/1.0; +claudebot@anthropic.com)"
216.73.217.80 - - [26/Aug/2026:12:07:07 -0400] "GET /sitemap.rss?edit=%2Fetc%2Fmailcap HTTP/1.1" 200 13057 "-" "Mozilla/5.0 AppleWebKit/537.36 (KHTML, like Gecko; compatible; ClaudeBot/1.0; +claudebot@anthropic.com)"
216.73.217.80 - - [26/Aug/2026:12:07:06 -0400] "GET /sitemap.rss?edit=%2Fusr%2Fsbin%2Fip HTTP/1.1" 200 1081548 "-" "Mozilla/5.0 AppleWebKit/537.36 (KHTML, like Gecko; compatible; ClaudeBot/1.0; +claudebot@anthropic.com)"
216.73.217.80 - - [26/Aug/2026:12:07:07 -0400] "GET /sitemap.rss?chmod=%2Fetc%2Fgroup HTTP/1.1" 200 12784 "-" "Mozilla/5.0 AppleWebKit/537.36 (KHTML, like Gecko; compatible; ClaudeBot/1.0; +claudebot@anthropic.com)"
216.73.217.80 - - [26/Aug/2026:12:07:07 -0400] "GET /sitemap.rss?lph=%2Fetc%2Fdefault HTTP/1.1" 200 72248 "-" "Mozilla/5.0 AppleWebKit/537.36 (KHTML, like Gecko; compatible; ClaudeBot/1.0; +claudebot@anthropic.com)"
216.73.217.80 - - [26/Aug/2026:12:07:06 -0400] "GET /sitemap.rss?edit=%2Fetc%2Fhosts HTTP/1.1" 200 12985 "-" "Mozilla/5.0 AppleWebKit/537.36 (KHTML, like Gecko; compatible; ClaudeBot/1.0; +claudebot@anthropic.com)"
216.73.217.80 - - [26/Aug/2026:12:07:06 -0400] "GET /sitemap.rss?edit=%2Fproc%2Fiomem HTTP/1.1" 200 12785 "-" "Mozilla/5.0 AppleWebKit/537.36 (KHTML, like Gecko; compatible; ClaudeBot/1.0; +claudebot@anthropic.com)"
216.73.217.80 - - [26/Aug/2026:12:07:06 -0400] "GET /sitemap.rss?edit=%2Fetc%2Fmailips HTTP/1.1" 200 12785 "-" "Mozilla/5.0 AppleWebKit/537.36 (KHTML, like Gecko; compatible; ClaudeBot/1.0; +claudebot@anthropic.com)"
216.73.217.80 - - [26/Aug/2026:12:07:08 -0400] "GET /sitemap.rss?rename=%2Fproc%2Fkey-users HTTP/1.1" 200 12754 "-" "Mozilla/5.0 AppleWebKit/537.36 (KHTML, like Gecko; compatible; ClaudeBot/1.0; +claudebot@anthropic.com)"
216.73.217.80 - - [26/Aug/2026:12:07:08 -0400] "GET /sitemap.rss?chmod=%2Fetc%2Fenvironment HTTP/1.1" 200 12790 "-" "Mozilla/5.0 AppleWebKit/537.36 (KHTML, like Gecko; compatible; ClaudeBot/1.0; +claudebot@anthropic.com)"
216.73.217.80 - - [26/Aug/2026:12:07:07 -0400] "GET /sitemap.rss?lph=%2Fproc%2Fbus HTTP/1.1" 200 70762 "-" "Mozilla/5.0 AppleWebKit/537.36 (KHTML, like Gecko; compatible; ClaudeBot/1.0; +claudebot@anthropic.com)"
216.73.217.80 - - [26/Aug/2026:12:07:08 -0400] "GET /sitemap.rss?lph=%2Fetc%2Fenvironment-modules HTTP/1.1" 200 72504 "-" "Mozilla/5.0 AppleWebKit/537.36 (KHTML, like Gecko; compatible; ClaudeBot/1.0; +claudebot@anthropic.com)"
216.73.217.80 - - [26/Aug/2026:12:07:08 -0400] "GET /sitemap.rss?edit=%2Fetc%2Fscreenrc HTTP/1.1" 200 19971 "-" "Mozilla/5.0 AppleWebKit/537.36 (KHTML, like Gecko; compatible; ClaudeBot/1.0; +claudebot@anthropic.com)"
103.73.46.231 - - [26/Aug/2026:12:07:09 -0400] "GET /wp-content/uploads/2025/12/Breeze-Logo-969x1024.png HTTP/1.1" 206 1 "https://www.autocomlimited.com/" "Mozilla/5.0 (Linux; Android 10; K) AppleWebKit/537.36 (KHTML, like Gecko) Chrome/151.0.0.0 Mobile Safari/537.36"
103.73.46.231 - - [26/Aug/2026:12:07:09 -0400] "GET /wp-content/uploads/2021/02/Asset-36.png HTTP/1.1" 200 422178 "https://www.autocomlimited.com/wp-content/uploads/elementor/css/post-82.css?ver=1779695504" "Mozilla/5.0 (Linux; Android 10; K) AppleWebKit/537.36 (KHTML, like Gecko) Chrome/151.0.0.0 Mobile Safari/537.36"
103.73.46.231 - - [26/Aug/2026:12:07:09 -0400] "GET /wp-content/plugins/elementor/assets/lib/eicons/fonts/eicons.woff?5.10.0 HTTP/1.1" 200 104712 "https://www.autocomlimited.com/" "Mozilla/5.0 (Linux; Android 10; K) AppleWebKit/537.36 (KHTML, like Gecko) Chrome/151.0.0.0 Mobile Safari/537.36"
216.73.217.80 - - [26/Aug/2026:12:07:07 -0400] "GET /sitemap.rss?edit=%2Fusr%2Fsbin%2Ffaillock HTTP/1.1" 200 39878 "-" "Mozilla/5.0 AppleWebKit/537.36 (KHTML, like Gecko; compatible; ClaudeBot/1.0; +claudebot@anthropic.com)"
216.73.217.80 - - [26/Aug/2026:12:07:08 -0400] "GET /sitemap.rss?edit=%2Fetc%2Fdomainusers HTTP/1.1" 200 12789 "-" "Mozilla/5.0 AppleWebKit/537.36 (KHTML, like Gecko; compatible; ClaudeBot/1.0; +claudebot@anthropic.com)"
216.73.217.80 - - [26/Aug/2026:12:07:09 -0400] "GET /sitemap.rss?chmod=%2Fproc%2Fkpageflags HTTP/1.1" 200 12790 "-" "Mozilla/5.0 AppleWebKit/537.36 (KHTML, like Gecko; compatible; ClaudeBot/1.0; +claudebot@anthropic.com)"
103.73.46.231 - - [26/Aug/2026:12:07:10 -0400] "GET /wp-content/uploads/2025/12/Breeze-Logo-969x1024.png HTTP/1.1" 206 40401 "https://www.autocomlimited.com/" "Mozilla/5.0 (Linux; Android 10; K) AppleWebKit/537.36 (KHTML, like Gecko) Chrome/151.0.0.0 Mobile Safari/537.36"
103.73.46.231 - - [26/Aug/2026:12:07:09 -0400] "GET /wp-content/uploads/2021/01/hqdefault.jpg HTTP/1.1" 200 183918 "https://www.autocomlimited.com/wp-content/uploads/elementor/css/post-82.css?ver=1779695504" "Mozilla/5.0 (Linux; Android 10; K) AppleWebKit/537.36 (KHTML, like Gecko) Chrome/151.0.0.0 Mobile Safari/537.36"
216.73.217.80 - - [26/Aug/2026:12:07:08 -0400] "GET /sitemap.rss?rename=%2Fproc%2Fkcore HTTP/1.1" 200 12746 "-" "Mozilla/5.0 AppleWebKit/537.36 (KHTML, like Gecko; compatible; ClaudeBot/1.0; +claudebot@anthropic.com)"
216.73.217.80 - - [26/Aug/2026:12:07:09 -0400] "GET /sitemap.rss?edit=%2Fetc%2F.etc.version HTTP/1.1" 200 12790 "-" "Mozilla/5.0 AppleWebKit/537.36 (KHTML, like Gecko; compatible; ClaudeBot/1.0; +claudebot@anthropic.com)"
216.73.217.80 - - [26/Aug/2026:12:07:10 -0400] "GET /sitemap.rss?chmod=%2Fusr%2Fsbin%2Fpam_console_apply HTTP/1.1" 200 12803 "-" "Mozilla/5.0 AppleWebKit/537.36 (KHTML, like Gecko; compatible; ClaudeBot/1.0; +claudebot@anthropic.com)"
216.73.217.80 - - [26/Aug/2026:12:07:08 -0400] "GET /sitemap.rss?lph=%2Fproc%2Fsysvipc HTTP/1.1" 200 72136 "-" "Mozilla/5.0 AppleWebKit/537.36 (KHTML, like Gecko; compatible; ClaudeBot/1.0; +claudebot@anthropic.com)"
216.73.217.80 - - [26/Aug/2026:12:07:10 -0400] "GET /sitemap.rss?chmod=%2Fusr%2Fsbin%2Fdnssec-coverage HTTP/1.1" 200 12801 "-" "Mozilla/5.0 AppleWebKit/537.36 (KHTML, like Gecko; compatible; ClaudeBot/1.0; +claudebot@anthropic.com)"
216.73.217.80 - - [26/Aug/2026:12:07:07 -0400] "GET /sitemap.rss?rename=%2Fetc%2Fmodulefiles HTTP/1.1" 200 12757 "-" "Mozilla/5.0 AppleWebKit/537.36 (KHTML, like Gecko; compatible; ClaudeBot/1.0; +claudebot@anthropic.com)"
216.73.217.80 - - [26/Aug/2026:12:07:10 -0400] "GET /sitemap.rss?chmod=%2Fproc%2Flve HTTP/1.1" 200 12783 "-" "Mozilla/5.0 AppleWebKit/537.36 (KHTML, like Gecko; compatible; ClaudeBot/1.0; +claudebot@anthropic.com)"
216.73.217.80 - - [26/Aug/2026:12:07:10 -0400] "GET /sitemap.rss?edit=%2Fetc%2Fvirc HTTP/1.1" 200 14189 "-" "Mozilla/5.0 AppleWebKit/537.36 (KHTML, like Gecko; compatible; ClaudeBot/1.0; +claudebot@anthropic.com)"
216.73.217.80 - - [26/Aug/2026:12:07:11 -0400] "GET /sitemap.rss?rename=%2Fproc%2Fdriver HTTP/1.1" 200 12748 "-" "Mozilla/5.0 AppleWebKit/537.36 (KHTML, like Gecko; compatible; ClaudeBot/1.0; +claudebot@anthropic.com)"
216.73.217.80 - - [26/Aug/2026:12:07:11 -0400] "GET /sitemap.rss?chmod=%2Fproc%2Floadavg HTTP/1.1" 200 12787 "-" "Mozilla/5.0 AppleWebKit/537.36 (KHTML, like Gecko; compatible; ClaudeBot/1.0; +claudebot@anthropic.com)"
216.73.217.80 - - [26/Aug/2026:12:07:10 -0400] "GET /sitemap.rss?rename=%2Fproc%2Fsysrq-trigger HTTP/1.1" 200 12762 "-" "Mozilla/5.0 AppleWebKit/537.36 (KHTML, like Gecko; compatible; ClaudeBot/1.0; +claudebot@anthropic.com)"
216.73.217.80 - - [26/Aug/2026:12:07:10 -0400] "GET /sitemap.rss?lph=%2Fproc%2Ftty HTTP/1.1" 200 73089 "-" "Mozilla/5.0 AppleWebKit/537.36 (KHTML, like Gecko; compatible; ClaudeBot/1.0; +claudebot@anthropic.com)"
216.73.217.80 - - [26/Aug/2026:12:07:09 -0400] "GET /sitemap.rss?edit=%2Fusr%2Fsbin%2Fdnssec-settime HTTP/1.1" 200 102628 "-" "Mozilla/5.0 AppleWebKit/537.36 (KHTML, like Gecko; compatible; ClaudeBot/1.0; +claudebot@anthropic.com)"
216.73.217.80 - - [26/Aug/2026:12:07:09 -0400] "GET /sitemap.rss?chmod=%2Fproc%2Fscsi HTTP/1.1" 200 12784 "-" "Mozilla/5.0 AppleWebKit/537.36 (KHTML, like Gecko; compatible; ClaudeBot/1.0; +claudebot@anthropic.com)"
216.73.217.80 - - [26/Aug/2026:12:07:11 -0400] "GET /sitemap.rss?edit=%2Fetc%2Fgroup HTTP/1.1" 200 13295 "-" "Mozilla/5.0 AppleWebKit/537.36 (KHTML, like Gecko; compatible; ClaudeBot/1.0; +claudebot@anthropic.com)"
216.73.217.80 - - [26/Aug/2026:12:07:12 -0400] "GET /sitemap.rss?chmod=%2Fproc%2Fzoneinfo HTTP/1.1" 200 12788 "-" "Mozilla/5.0 AppleWebKit/537.36 (KHTML, like Gecko; compatible; ClaudeBot/1.0; +claudebot@anthropic.com)"
216.73.217.80 - - [26/Aug/2026:12:07:12 -0400] "GET /sitemap.rss?chmod=%2Fetc%2Fservices HTTP/1.1" 200 12787 "-" "Mozilla/5.0 AppleWebKit/537.36 (KHTML, like Gecko; compatible; ClaudeBot/1.0; +claudebot@anthropic.com)"
216.73.217.80 - - [26/Aug/2026:12:07:12 -0400] "GET /sitemap.rss?edit=%2Fproc%2Fkpageflags HTTP/1.1" 200 12790 "-" "Mozilla/5.0 AppleWebKit/537.36 (KHTML, like Gecko; compatible; ClaudeBot/1.0; +claudebot@anthropic.com)"
216.73.217.80 - - [26/Aug/2026:12:07:12 -0400] "GET /sitemap.rss?edit=%2Fusr%2Fsbin%2Fdnssec-coverage HTTP/1.1" 200 13835 "-" "Mozilla/5.0 AppleWebKit/537.36 (KHTML, like Gecko; compatible; ClaudeBot/1.0; +claudebot@anthropic.com)"
216.73.217.80 - - [26/Aug/2026:12:07:06 -0400] "GET /sitemap.rss?chmod=%2Fetc%2Fvirc HTTP/1.1" 200 12783 "-" "Mozilla/5.0 AppleWebKit/537.36 (KHTML, like Gecko; compatible; ClaudeBot/1.0; +claudebot@anthropic.com)"
216.73.217.80 - - [26/Aug/2026:12:07:11 -0400] "GET /sitemap.rss?lph=%2Fproc%2Fself HTTP/1.1" 200 130324 "-" "Mozilla/5.0 AppleWebKit/537.36 (KHTML, like Gecko; compatible; ClaudeBot/1.0; +claudebot@anthropic.com)"
216.73.217.80 - - [26/Aug/2026:12:07:13 -0400] "GET /sitemap.rss?chmod=%2Fproc%2Fsoftirqs HTTP/1.1" 200 12788 "-" "Mozilla/5.0 AppleWebKit/537.36 (KHTML, like Gecko; compatible; ClaudeBot/1.0; +claudebot@anthropic.com)"
216.73.217.80 - - [26/Aug/2026:12:07:12 -0400] "GET /sitemap.rss?edit=%2Fetc%2Fenvironment HTTP/1.1" 200 12789 "-" "Mozilla/5.0 AppleWebKit/537.36 (KHTML, like Gecko; compatible; ClaudeBot/1.0; +claudebot@anthropic.com)"
216.73.217.80 - - [26/Aug/2026:12:07:12 -0400] "GET /sitemap.rss?chmod=%2Fusr%2Fsbin%2Flvdctl HTTP/1.1" 200 12792 "-" "Mozilla/5.0 AppleWebKit/537.36 (KHTML, like Gecko; compatible; ClaudeBot/1.0; +claudebot@anthropic.com)"
216.73.217.80 - - [26/Aug/2026:12:07:12 -0400] "GET /sitemap.rss?edit=%2Fusr%2Fsbin%2Fpam_console_apply HTTP/1.1" 200 73364 "-" "Mozilla/5.0 AppleWebKit/537.36 (KHTML, like Gecko; compatible; ClaudeBot/1.0; +claudebot@anthropic.com)"
216.73.217.80 - - [26/Aug/2026:12:07:09 -0400] "GET /sitemap.rss?chmod=%2Fetc%2Fssl HTTP/1.1" 200 12782 "-" "Mozilla/5.0 AppleWebKit/537.36 (KHTML, like Gecko; compatible; ClaudeBot/1.0; +claudebot@anthropic.com)"
216.73.217.80 - - [26/Aug/2026:12:07:13 -0400] "GET /sitemap.rss?chmod=%2Fetc%2Frpc HTTP/1.1" 200 12782 "-" "Mozilla/5.0 AppleWebKit/537.36 (KHTML, like Gecko; compatible; ClaudeBot/1.0; +claudebot@anthropic.com)"
216.73.217.80 - - [26/Aug/2026:12:07:12 -0400] "GET /sitemap.rss?chmod=%2Fetc%2Fgcrypt HTTP/1.1" 200 12785 "-" "Mozilla/5.0 AppleWebKit/537.36 (KHTML, like Gecko; compatible; ClaudeBot/1.0; +claudebot@anthropic.com)"
216.73.217.80 - - [26/Aug/2026:12:07:21 -0400] "GET /sitemap.rss?chmod=%2Fusr%2Fsbin%2Ftestsaslauthd HTTP/1.1" 200 12799 "-" "Mozilla/5.0 AppleWebKit/537.36 (KHTML, like Gecko; compatible; ClaudeBot/1.0; +claudebot@anthropic.com)"
216.73.217.80 - - [26/Aug/2026:12:07:21 -0400] "GET /sitemap.rss?edit=%2Fetc%2Fhost.conf HTTP/1.1" 200 12796 "-" "Mozilla/5.0 AppleWebKit/537.36 (KHTML, like Gecko; compatible; ClaudeBot/1.0; +claudebot@anthropic.com)"
216.73.217.80 - - [26/Aug/2026:12:07:21 -0400] "GET /sitemap.rss?chmod=%2Fusr%2Fsbin%2Fldconfig HTTP/1.1" 200 12794 "-" "Mozilla/5.0 AppleWebKit/537.36 (KHTML, like Gecko; compatible; ClaudeBot/1.0; +claudebot@anthropic.com)"
216.73.217.80 - - [26/Aug/2026:12:07:21 -0400] "GET /sitemap.rss?edit=%2Fetc%2Flocaltime HTTP/1.1" 200 18457 "-" "Mozilla/5.0 AppleWebKit/537.36 (KHTML, like Gecko; compatible; ClaudeBot/1.0; +claudebot@anthropic.com)"
216.73.217.80 - - [26/Aug/2026:12:07:21 -0400] "GET /sitemap.rss?rename=%2Fusr%2Fsbin%2Funix_update HTTP/1.1" 200 12764 "-" "Mozilla/5.0 AppleWebKit/537.36 (KHTML, like Gecko; compatible; ClaudeBot/1.0; +claudebot@anthropic.com)"
216.73.217.80 - - [26/Aug/2026:12:07:21 -0400] "GET /sitemap.rss?chmod=%2Fproc%2Fmeminfo HTTP/1.1" 200 12787 "-" "Mozilla/5.0 AppleWebKit/537.36 (KHTML, like Gecko; compatible; ClaudeBot/1.0; +claudebot@anthropic.com)"
216.73.217.80 - - [26/Aug/2026:12:07:21 -0400] "GET /sitemap.rss?rename=%2Fetc%2Fvimrc HTTP/1.1" 200 12745 "-" "Mozilla/5.0 AppleWebKit/537.36 (KHTML, like Gecko; compatible; ClaudeBot/1.0; +claudebot@anthropic.com)"
