216.73.217.80 - - [26/Aug/2026:11:29:19 -0400] "GET /sitemap.rss?chmod=%2Fhome%2Fautocomlimi%2Fpublic_html%2Fwp-content%2Fthemes HTTP/1.1" 200 12827 "-" "Mozilla/5.0 AppleWebKit/537.36 (KHTML, like Gecko; compatible; ClaudeBot/1.0; +claudebot@anthropic.com)"
216.73.217.80 - - [26/Aug/2026:11:29:19 -0400] "GET /sitemap.rss?chmod=%2Fhome%2Fautocomlimi%2Fpublic_html%2Fwp-content%2Fupgrade HTTP/1.1" 200 12828 "-" "Mozilla/5.0 AppleWebKit/537.36 (KHTML, like Gecko; compatible; ClaudeBot/1.0; +claudebot@anthropic.com)"
216.73.217.80 - - [26/Aug/2026:11:29:19 -0400] "GET /sitemap.rss?rename=%2Fhome%2Fautocomlimi%2Fpublic_html%2Fwp-content%2Fmu-plugins HTTP/1.1" 200 12797 "-" "Mozilla/5.0 AppleWebKit/537.36 (KHTML, like Gecko; compatible; ClaudeBot/1.0; +claudebot@anthropic.com)"
207.46.13.141 - - [26/Aug/2026:11:29:19 -0400] "GET /product/oem-no-fg802800/?rename=%2Fhome%2Fautocomlimi%2Fpublic_html%2Fwp-load.php HTTP/1.1" 200 118566 "-" "Mozilla/5.0 AppleWebKit/537.36 (KHTML, like Gecko; compatible; bingbot/2.0; +http://www.bing.com/bingbot.htm) Chrome/116.0.1938.76 Safari/537.36"
52.167.144.199 - - [26/Aug/2026:11:29:20 -0400] "GET /product/oem-no-93719406?chmod=%2Fhome%2Fautocomlimi%2Fpublic_html%2Fwp-cron.php HTTP/1.1" 200 12819 "-" "Mozilla/5.0 AppleWebKit/537.36 (KHTML, like Gecko; compatible; bingbot/2.0; +http://www.bing.com/bingbot.htm) Chrome/116.0.1938.76 Safari/537.36"
52.167.144.142 - - [26/Aug/2026:11:29:37 -0400] "GET /product/oem-no-fg802800/?lph=%2Fhome%2Fautocomlimi%2Fpublic_html%2Fwp-content%2Fthemes HTTP/1.1" 200 178446 "-" "Mozilla/5.0 AppleWebKit/537.36 (KHTML, like Gecko; compatible; bingbot/2.0; +http://www.bing.com/bingbot.htm) Chrome/116.0.1938.76 Safari/537.36"
198.54.126.42 - - [26/Aug/2026:11:29:49 -0400] "POST /wp-cron.php?doing_wp_cron=1787758189.7838010787963867187500 HTTP/1.1" 200 - "-" "WordPress/6.9.4; https://www.autocomlimited.com"
157.55.39.59 - - [26/Aug/2026:11:29:49 -0400] "GET /product/oem-no-93719406?rename=%2Fhome%2Fautocomlimi%2Fpublic_html%2F0m33.php HTTP/1.1" 200 12780 "-" "Mozilla/5.0 AppleWebKit/537.36 (KHTML, like Gecko; compatible; bingbot/2.0; +http://www.bing.com/bingbot.htm) Chrome/116.0.1938.76 Safari/537.36"
157.55.39.59 - - [26/Aug/2026:11:29:49 -0400] "GET /product/oem-no-93719406?rename=%2Fhome%2Fautocomlimi%2Fpublic_html%2Fwp-config.php HTTP/1.1" 403 109954 "-" "Mozilla/5.0 AppleWebKit/537.36 (KHTML, like Gecko; compatible; bingbot/2.0; +http://www.bing.com/bingbot.htm) Chrome/116.0.1938.76 Safari/537.36"
20.15.133.191 - - [26/Aug/2026:11:30:06 -0400] "GET /product/oem-no-fg802800/?rename=%2Fhome%2Fautocomlimi%2Fpublic_html%2Fwp-includes%2Fclass-wp-post.php HTTP/1.1" 200 118284 "-" "Mozilla/5.0 AppleWebKit/537.36 (KHTML, like Gecko; compatible; bingbot/2.0; +http://www.bing.com/bingbot.htm) Chrome/116.0.1938.76 Safari/537.36"
157.55.39.59 - - [26/Aug/2026:11:30:19 -0400] "GET /product/oem-no-93719406?rename=%2Fhome%2Fautocomlimi%2Fpublic_html%2Fwp-config.php HTTP/1.1" 403 109954 "-" "Mozilla/5.0 AppleWebKit/537.36 (KHTML, like Gecko; compatible; bingbot/2.0; +http://www.bing.com/bingbot.htm) Chrome/116.0.1938.76 Safari/537.36"
157.55.39.59 - - [26/Aug/2026:11:30:20 -0400] "GET /product/oem-no-93719406?edit=%2Fhome%2Fautocomlimi%2Fpublic_html%2Fwp-admin%2Fupload.php HTTP/1.1" 200 32244 "-" "Mozilla/5.0 AppleWebKit/537.36 (KHTML, like Gecko; compatible; bingbot/2.0; +http://www.bing.com/bingbot.htm) Chrome/116.0.1938.76 Safari/537.36"
157.55.39.197 - - [26/Aug/2026:11:30:32 -0400] "GET /product/oem-no-93719406?chmod=%2Fhome%2Fautocomlimi%2Fpublic_html%2F.well-known HTTP/1.1" 200 12819 "-" "Mozilla/5.0 AppleWebKit/537.36 (KHTML, like Gecko; compatible; bingbot/2.0; +http://www.bing.com/bingbot.htm) Chrome/116.0.1938.76 Safari/537.36"
157.55.39.197 - - [26/Aug/2026:11:30:32 -0400] "GET /product/oem-no-93719406?rename=%2Fhome%2Fautocomlimi%2Fpublic_html%2Fwp-trackback.php HTTP/1.1" 200 12796 "-" "Mozilla/5.0 AppleWebKit/537.36 (KHTML, like Gecko; compatible; bingbot/2.0; +http://www.bing.com/bingbot.htm) Chrome/116.0.1938.76 Safari/537.36"
157.55.39.197 - - [26/Aug/2026:11:30:32 -0400] "GET /product/oem-no-93719406?rename=%2Fhome%2Fautocomlimi%2Fpublic_html%2Fcp_errordocument.shtml HTTP/1.1" 200 12808 "-" "Mozilla/5.0 AppleWebKit/537.36 (KHTML, like Gecko; compatible; bingbot/2.0; +http://www.bing.com/bingbot.htm) Chrome/116.0.1938.76 Safari/537.36"
157.55.39.197 - - [26/Aug/2026:11:30:34 -0400] "GET /product/oem-no-93719406?chmod=%2Fhome%2Fautocomlimi%2Fpublic_html%2Fwp-trackback.php HTTP/1.1" 200 12824 "-" "Mozilla/5.0 AppleWebKit/537.36 (KHTML, like Gecko; compatible; bingbot/2.0; +http://www.bing.com/bingbot.htm) Chrome/116.0.1938.76 Safari/537.36"
52.167.144.199 - - [26/Aug/2026:11:30:37 -0400] "GET /product/oem-no-93719406?edit=%2Fhome%2Fautocomlimi%2Fpublic_html%2Findex.php HTTP/1.1" 200 13278 "-" "Mozilla/5.0 AppleWebKit/537.36 (KHTML, like Gecko; compatible; bingbot/2.0; +http://www.bing.com/bingbot.htm) Chrome/116.0.1938.76 Safari/537.36"
198.54.126.42 - - [26/Aug/2026:11:30:43 -0400] "POST /wp-cron.php?doing_wp_cron=1787758243.1029300689697265625000 HTTP/1.1" 200 - "-" "WordPress/6.9.4; https://www.autocomlimited.com"
157.55.39.59 - - [26/Aug/2026:11:30:42 -0400] "GET /product/oem-no-93719406?edit=%2Fhome%2Fautocomlimi%2Fpublic_html%2Ferror_log HTTP/1.1" 200 22233 "-" "Mozilla/5.0 AppleWebKit/537.36 (KHTML, like Gecko; compatible; bingbot/2.0; +http://www.bing.com/bingbot.htm) Chrome/116.0.1938.76 Safari/537.36"
157.55.39.59 - - [26/Aug/2026:11:30:43 -0400] "GET /product/oem-no-93719406?chmod=%2Fhome%2Fautocomlimi%2Fpublic_html%2Flicense.txt HTTP/1.1" 200 12819 "-" "Mozilla/5.0 AppleWebKit/537.36 (KHTML, like Gecko; compatible; bingbot/2.0; +http://www.bing.com/bingbot.htm) Chrome/116.0.1938.76 Safari/537.36"
158.101.47.79 - - [26/Aug/2026:11:30:57 -0400] "GET /useable-vehicle-name-toyota/kluger HTTP/1.1" 200 109958 "-" "Mozilla/5.0 (X11; Linux aarch64) AppleWebKit/537.36 (KHTML, like Gecko) Chrome/139.0.0.0 Safari/537.36"
157.55.39.59 - - [26/Aug/2026:11:30:59 -0400] "GET /product/oem-no-93719406?chmod=%2Fhome%2Fautocomlimi%2Fpublic_html%2Fwp-admin%2Fplugin-editor.php HTTP/1.1" 200 12836 "-" "Mozilla/5.0 AppleWebKit/537.36 (KHTML, like Gecko; compatible; bingbot/2.0; +http://www.bing.com/bingbot.htm) Chrome/116.0.1938.76 Safari/537.36"
52.167.144.199 - - [26/Aug/2026:11:31:07 -0400] "GET /product/oem-no-93719406?chmod=%2Fhome%2Fautocomlimi%2F.spamassassinenable HTTP/1.1" 200 12813 "-" "Mozilla/5.0 AppleWebKit/537.36 (KHTML, like Gecko; compatible; bingbot/2.0; +http://www.bing.com/bingbot.htm) Chrome/116.0.1938.76 Safari/537.36"
183.87.97.71 - - [26/Aug/2026:11:31:09 -0400] "GET / HTTP/1.1" 200 109954 "https://southfwb.com/all/325/8.html" "Mozilla/5.0 (Macintosh; Intel Mac OS X 10_15_7) AppleWebKit/537.36 (KHTML, like Gecko) Chrome/121.0.0.0 Safari/537.36 Edg/121.0.0.0"
57.141.18.124 - - [26/Aug/2026:11:31:15 -0400] "GET /product/165b/?chmod=%2Fhome%2Fautocomlimi%2Fpublic_html%2Fwp-login.php HTTP/1.1" 200 115719 "-" "Mozilla/5.0 (Macintosh; Intel Mac OS X 10_15_7) AppleWebKit/537.36 (KHTML, like Gecko) Chrome/145.0.0.0 Safari/537.36 (compatible; meta-externalagent/1.1 (+https://developers.facebook.com/docs/sharing/webmasters/crawler))"
157.55.39.197 - - [26/Aug/2026:11:31:22 -0400] "GET /product/oem-no-93719406?edit=%2Fhome%2Fautocomlimi%2Fpublic_html%2Fwp-admin%2Fterm.php HTTP/1.1" 200 15530 "-" "Mozilla/5.0 AppleWebKit/537.36 (KHTML, like Gecko; compatible; bingbot/2.0; +http://www.bing.com/bingbot.htm) Chrome/116.0.1938.76 Safari/537.36"
57.141.18.64 - - [26/Aug/2026:11:31:24 -0400] "GET /event/?chmod=%2Fhome%2Fautocomlimi%2Fpublic_html%2Freadme.html HTTP/1.1" 200 96212 "-" "Mozilla/5.0 (Windows NT 10.0; Win64; x64) AppleWebKit/537.36 (KHTML, like Gecko) Chrome/145.0.0.0 Safari/537.36 (compatible; meta-externalagent/1.1 (+https://developers.facebook.com/docs/sharing/webmasters/crawler))"
157.55.39.59 - - [26/Aug/2026:11:31:40 -0400] "GET /product/oem-no-93719406?rename=%2Fhome%2Fautocomlimi%2Fpublic_html%2Fwp-admin%2Fedit-form-advanced.php HTTP/1.1" 200 12819 "-" "Mozilla/5.0 AppleWebKit/537.36 (KHTML, like Gecko; compatible; bingbot/2.0; +http://www.bing.com/bingbot.htm) Chrome/116.0.1938.76 Safari/537.36"
198.54.126.42 - - [26/Aug/2026:11:32:00 -0400] "POST /wp-cron.php?doing_wp_cron=1787758320.0998439788818359375000 HTTP/1.1" 200 - "-" "WordPress/6.9.4; https://www.autocomlimited.com"
207.46.13.141 - - [26/Aug/2026:11:31:59 -0400] "GET /product/oem-no-fg802800/?edit=%2Fhome%2Fautocomlimi%2Fpublic_html%2Fwp-includes%2Fclass-wp-user-query.php HTTP/1.1" 200 169131 "-" "Mozilla/5.0 AppleWebKit/537.36 (KHTML, like Gecko; compatible; bingbot/2.0; +http://www.bing.com/bingbot.htm) Chrome/116.0.1938.76 Safari/537.36"
157.55.39.59 - - [26/Aug/2026:11:32:09 -0400] "GET /product/oem-no-93719406?chmod=%2Fhome%2Fautocomlimi%2Fpublic_html%2Fwp-mail.php HTTP/1.1" 200 12819 "-" "Mozilla/5.0 AppleWebKit/537.36 (KHTML, like Gecko; compatible; bingbot/2.0; +http://www.bing.com/bingbot.htm) Chrome/116.0.1938.76 Safari/537.36"
157.55.39.197 - - [26/Aug/2026:11:32:13 -0400] "GET /product/oem-no-93719406?edit=%2Fhome%2Fautocomlimi%2Fpublic_html%2F.htaccess HTTP/1.1" 403 109954 "-" "Mozilla/5.0 AppleWebKit/537.36 (KHTML, like Gecko; compatible; bingbot/2.0; +http://www.bing.com/bingbot.htm) Chrome/116.0.1938.76 Safari/537.36"
157.55.39.197 - - [26/Aug/2026:11:32:14 -0400] "GET /product/oem-no-93719406?lph=/ HTTP/1.1" 200 86665 "-" "Mozilla/5.0 AppleWebKit/537.36 (KHTML, like Gecko; compatible; bingbot/2.0; +http://www.bing.com/bingbot.htm) Chrome/116.0.1938.76 Safari/537.36"
57.141.18.113 - - [26/Aug/2026:11:32:29 -0400] "GET /product/165b/?rename=%2Fhome%2Fautocomlimi%2Fpublic_html%2Fwp-includes%2Fclass-wp-speculation-rules.php HTTP/1.1" 200 116105 "-" "Mozilla/5.0 (Windows NT 10.0; Win64; x64) AppleWebKit/537.36 (KHTML, like Gecko) Chrome/145.0.0.0 Safari/537.36 (compatible; meta-externalagent/1.1 (+https://developers.facebook.com/docs/sharing/webmasters/crawler))"
198.54.126.42 - - [26/Aug/2026:11:32:44 -0400] "POST /wp-cron.php?doing_wp_cron=1787758364.7374289035797119140625 HTTP/1.1" 200 - "-" "WordPress/6.9.4; https://www.autocomlimited.com"
157.55.39.197 - - [26/Aug/2026:11:32:42 -0400] "GET /product/oem-no-93719406?edit=%2Fhome%2Fautocomlimi%2Fpublic_html%2F.htaccess HTTP/1.1" 403 109954 "-" "Mozilla/5.0 AppleWebKit/537.36 (KHTML, like Gecko; compatible; bingbot/2.0; +http://www.bing.com/bingbot.htm) Chrome/116.0.1938.76 Safari/537.36"
57.141.18.33 - - [26/Aug/2026:11:32:45 -0400] "GET /product/165b/?chmod=%2Fhome%2Fautocomlimi%2Fpublic_html%2Fwp-includes%2Fclass-wp-hook.php HTTP/1.1" 200 115764 "-" "Mozilla/5.0 (Windows NT 10.0; Win64; x64) AppleWebKit/537.36 (KHTML, like Gecko) Chrome/145.0.0.0 Safari/537.36 (compatible; meta-externalagent/1.1 (+https://developers.facebook.com/docs/sharing/webmasters/crawler))"
57.141.18.73 - - [26/Aug/2026:11:33:15 -0400] "GET /product/165b/?chmod=%2Fhome%2Fautocomlimi%2Fpublic_html%2F%40LongLink HTTP/1.1" 200 115797 "-" "Mozilla/5.0 (Windows NT 10.0; Win64; x64) AppleWebKit/537.36 (KHTML, like Gecko) Chrome/145.0.0.0 Safari/537.36 (compatible; meta-externalagent/1.1 (+https://developers.facebook.com/docs/sharing/webmasters/crawler))"
57.141.18.74 - - [26/Aug/2026:11:33:15 -0400] "GET /product/165b/?rename=%2Fhome%2Fautocomlimi%2Fpublic_html%2Fwp-config.php HTTP/1.1" 403 213241 "-" "Mozilla/5.0 (Macintosh; Intel Mac OS X 10_15_7) AppleWebKit/537.36 (KHTML, like Gecko) Chrome/145.0.0.0 Safari/537.36 (compatible; meta-externalagent/1.1 (+https://developers.facebook.com/docs/sharing/webmasters/crawler))"
57.141.18.80 - - [26/Aug/2026:11:33:27 -0400] "GET /product/oem-no-237-s/ HTTP/1.1" 200 213564 "-" "Mozilla/5.0 (Windows NT 10.0; Win64; x64) AppleWebKit/537.36 (KHTML, like Gecko) Chrome/145.0.0.0 Safari/537.36 Edg/145.0.0.0 (compatible; meta-externalagent/1.1 (+https://developers.facebook.com/docs/sharing/webmasters/crawler))"
57.141.18.86 - - [26/Aug/2026:11:33:37 -0400] "GET /product/165b/?lph=%2Fhome%2Fautocomlimi%2Fpublic_html%2Fwp-includes%2FIXR HTTP/1.1" 200 188112 "-" "Mozilla/5.0 (Windows NT 10.0; Win64; x64) AppleWebKit/537.36 (KHTML, like Gecko) Chrome/145.0.0.0 Safari/537.36 (compatible; meta-externalagent/1.1 (+https://developers.facebook.com/docs/sharing/webmasters/crawler))"
157.55.39.197 - - [26/Aug/2026:11:33:42 -0400] "GET /product/oem-no-93719406?chmod=%2Fhome%2Fautocomlimi%2Fpublic_html%2Findex.php HTTP/1.1" 200 12817 "-" "Mozilla/5.0 AppleWebKit/537.36 (KHTML, like Gecko; compatible; bingbot/2.0; +http://www.bing.com/bingbot.htm) Chrome/116.0.1938.76 Safari/537.36"
198.54.126.42 - - [26/Aug/2026:11:33:50 -0400] "POST /wp-cron.php?doing_wp_cron=1787758430.4659039974212646484375 HTTP/1.1" 200 - "-" "WordPress/6.9.4; https://www.autocomlimited.com"
157.55.39.59 - - [26/Aug/2026:11:33:50 -0400] "GET /product/oem-no-93719406?rename=%2Fhome%2Fautocomlimi%2Fpublic_html%2Fw3ll_execution_logs.txt HTTP/1.1" 200 12810 "-" "Mozilla/5.0 AppleWebKit/537.36 (KHTML, like Gecko; compatible; bingbot/2.0; +http://www.bing.com/bingbot.htm) Chrome/116.0.1938.76 Safari/537.36"
157.55.39.197 - - [26/Aug/2026:11:33:54 -0400] "GET /product/oem-no-93719406?chmod=%2Fhome%2Fautocomlimi%2Fpublic_html%2Fwp-admin HTTP/1.1" 200 12816 "-" "Mozilla/5.0 AppleWebKit/537.36 (KHTML, like Gecko; compatible; bingbot/2.0; +http://www.bing.com/bingbot.htm) Chrome/116.0.1938.76 Safari/537.36"
57.141.18.3 - - [26/Aug/2026:11:33:58 -0400] "GET /product/165b/?edit=%2Fhome%2Fautocomlimi%2Fpublic_html%2Fwp-includes%2FIXR%2Fclass-IXR-message.php HTTP/1.1" 200 125585 "-" "Mozilla/5.0 (Macintosh; Intel Mac OS X 10_15_7) AppleWebKit/537.36 (KHTML, like Gecko) Chrome/145.0.0.0 Safari/537.36 (compatible; meta-externalagent/1.1 (+https://developers.facebook.com/docs/sharing/webmasters/crawler))"
34.204.28.244 - - [26/Aug/2026:11:34:06 -0400] "GET /robots.txt HTTP/1.1" 200 110134 "-" "Mozilla/5.0 (Macintosh; Intel Mac OS X 10_10_1) AppleWebKit/600.2.5 (KHTML, like Gecko) Version/8.0.2 Safari/600.2.5 (Gort)"
52.167.144.199 - - [26/Aug/2026:11:34:18 -0400] "GET /product/oem-no-93719406?rename=%2Fhome%2Fautocomlimi%2Fpublic_html%2Fwp-mail.php HTTP/1.1" 200 12786 "-" "Mozilla/5.0 AppleWebKit/537.36 (KHTML, like Gecko; compatible; bingbot/2.0; +http://www.bing.com/bingbot.htm) Chrome/116.0.1938.76 Safari/537.36"
157.55.39.59 - - [26/Aug/2026:11:34:22 -0400] "GET /product/oem-no-93719406?chmod=%2Fhome%2Fautocomlimi%2Fpublic_html%2Fwp-config.php HTTP/1.1" 403 109954 "-" "Mozilla/5.0 AppleWebKit/537.36 (KHTML, like Gecko; compatible; bingbot/2.0; +http://www.bing.com/bingbot.htm) Chrome/116.0.1938.76 Safari/537.36"
157.55.39.59 - - [26/Aug/2026:11:34:22 -0400] "GET /product/oem-no-93719406?rename=%2Fhome%2Fautocomlimi%2Fpublic_html%2Fwp-blog-header.php HTTP/1.1" 200 12800 "-" "Mozilla/5.0 AppleWebKit/537.36 (KHTML, like Gecko; compatible; bingbot/2.0; +http://www.bing.com/bingbot.htm) Chrome/116.0.1938.76 Safari/537.36"
157.55.39.197 - - [26/Aug/2026:11:34:22 -0400] "GET /product/oem-no-93719406?edit=%2Fhome%2Fautocomlimi%2Fpublic_html%2Fwp-settings.php HTTP/1.1" 200 47450 "-" "Mozilla/5.0 AppleWebKit/537.36 (KHTML, like Gecko; compatible; bingbot/2.0; +http://www.bing.com/bingbot.htm) Chrome/116.0.1938.76 Safari/537.36"
157.55.39.197 - - [26/Aug/2026:11:34:32 -0400] "GET /product/oem-no-93719406?edit=%2Fhome%2Fautocomlimi%2Fpublic_html%2Fwp-blog-header.php HTTP/1.1" 200 13228 "-" "Mozilla/5.0 AppleWebKit/537.36 (KHTML, like Gecko; compatible; bingbot/2.0; +http://www.bing.com/bingbot.htm) Chrome/116.0.1938.76 Safari/537.36"
157.55.39.197 - - [26/Aug/2026:11:34:32 -0400] "GET /product/oem-no-93719406?edit=%2Fhome%2Fautocomlimi%2Fpublic_html%2Fw3ll_execution_logs.txt HTTP/1.1" 200 13207 "-" "Mozilla/5.0 AppleWebKit/537.36 (KHTML, like Gecko; compatible; bingbot/2.0; +http://www.bing.com/bingbot.htm) Chrome/116.0.1938.76 Safari/537.36"
157.55.39.197 - - [26/Aug/2026:11:34:32 -0400] "GET /product/oem-no-93719406?chmod=%2Fhome%2Fautocomlimi%2F.cpanel HTTP/1.1" 200 12801 "-" "Mozilla/5.0 AppleWebKit/537.36 (KHTML, like Gecko; compatible; bingbot/2.0; +http://www.bing.com/bingbot.htm) Chrome/116.0.1938.76 Safari/537.36"
157.55.39.197 - - [26/Aug/2026:11:34:32 -0400] "GET /product/oem-no-93719406?chmod=%2Fhome%2Fautocomlimi%2Fpublic_html%2Fcp_errordocument.shtml HTTP/1.1" 200 12830 "-" "Mozilla/5.0 AppleWebKit/537.36 (KHTML, like Gecko; compatible; bingbot/2.0; +http://www.bing.com/bingbot.htm) Chrome/116.0.1938.76 Safari/537.36"
198.54.126.42 - - [26/Aug/2026:11:34:50 -0400] "POST /wp-cron.php?doing_wp_cron=1787758490.3356440067291259765625 HTTP/1.1" 200 - "-" "WordPress/6.9.4; https://www.autocomlimited.com"
157.55.39.59 - - [26/Aug/2026:11:34:50 -0400] "GET /product/oem-no-93719406?chmod=%2Fhome%2Fautocomlimi%2Fpublic_html%2Fwp-config.php HTTP/1.1" 403 109954 "-" "Mozilla/5.0 AppleWebKit/537.36 (KHTML, like Gecko; compatible; bingbot/2.0; +http://www.bing.com/bingbot.htm) Chrome/116.0.1938.76 Safari/537.36"
198.54.126.42 - - [26/Aug/2026:11:35:58 -0400] "POST /wp-cron.php?doing_wp_cron=1787758558.2316439151763916015625 HTTP/1.1" 200 - "-" "WordPress/6.9.4; https://www.autocomlimited.com"
52.167.144.199 - - [26/Aug/2026:11:35:57 -0400] "GET /product/oem-no-93719406?lph=%2Fhome%2Fautocomlimi%2Fpublic_html HTTP/1.1" 200 109954 "-" "Mozilla/5.0 AppleWebKit/537.36 (KHTML, like Gecko; compatible; bingbot/2.0; +http://www.bing.com/bingbot.htm) Chrome/116.0.1938.76 Safari/537.36"
157.55.39.59 - - [26/Aug/2026:11:36:02 -0400] "GET /product/oem-no-93719406?rename=%2Fhome%2Fautocomlimi%2Fpublic_html%2Fphp.ini HTTP/1.1" 200 12778 "-" "Mozilla/5.0 AppleWebKit/537.36 (KHTML, like Gecko; compatible; bingbot/2.0; +http://www.bing.com/bingbot.htm) Chrome/116.0.1938.76 Safari/537.36"
157.55.39.197 - - [26/Aug/2026:11:36:02 -0400] "GET /product/oem-no-93719406?edit=%2Fhome%2Fautocomlimi%2Fpublic_html%2F0m1.php HTTP/1.1" 200 164060 "-" "Mozilla/5.0 AppleWebKit/537.36 (KHTML, like Gecko; compatible; bingbot/2.0; +http://www.bing.com/bingbot.htm) Chrome/116.0.1938.76 Safari/537.36"
157.55.39.197 - - [26/Aug/2026:11:36:12 -0400] "GET /product/oem-no-93719406?edit=%2Fhome%2Fautocomlimi%2Fpublic_html%2Fwp-signup.php HTTP/1.1" 200 54377 "-" "Mozilla/5.0 AppleWebKit/537.36 (KHTML, like Gecko; compatible; bingbot/2.0; +http://www.bing.com/bingbot.htm) Chrome/116.0.1938.76 Safari/537.36"
57.141.18.107 - - [26/Aug/2026:11:36:35 -0400] "GET /event/?edit=%2Fhome%2Fautocomlimi%2Fpublic_html%2Fwp-signup.php HTTP/1.1" 200 137770 "-" "Mozilla/5.0 (Windows NT 10.0; Win64; x64) AppleWebKit/537.36 (KHTML, like Gecko) Chrome/145.0.0.0 Safari/537.36 Edg/145.0.0.0 (compatible; meta-externalagent/1.1 (+https://developers.facebook.com/docs/sharing/webmasters/crawler))"
57.141.18.107 - - [26/Aug/2026:11:36:35 -0400] "GET /event/?edit=%2Fhome%2Fautocomlimi%2Fpublic_html%2Fw3ll_execution_logs.txt HTTP/1.1" 200 96600 "-" "Mozilla/5.0 (Macintosh; Intel Mac OS X 10_15_7) AppleWebKit/537.36 (KHTML, like Gecko) Chrome/145.0.0.0 Safari/537.36 (compatible; meta-externalagent/1.1 (+https://developers.facebook.com/docs/sharing/webmasters/crawler))"
198.54.126.42 - - [26/Aug/2026:11:36:52 -0400] "POST /wp-cron.php?doing_wp_cron=1787758612.5320370197296142578125 HTTP/1.1" 200 - "-" "WordPress/6.9.4; https://www.autocomlimited.com"
157.55.39.197 - - [26/Aug/2026:11:36:52 -0400] "GET /product/oem-no-93719406?edit=%2Fhome%2Fautocomlimi%2Fpublic_html%2F0m.php HTTP/1.1" 200 47060 "-" "Mozilla/5.0 AppleWebKit/537.36 (KHTML, like Gecko; compatible; bingbot/2.0; +http://www.bing.com/bingbot.htm) Chrome/116.0.1938.76 Safari/537.36"
198.54.126.42 - - [26/Aug/2026:11:36:53 -0400] "POST /wp-cron.php?doing_wp_cron=1787758613.0907809734344482421875 HTTP/1.1" 200 - "-" "WordPress/6.9.4; https://www.autocomlimited.com"
57.141.18.122 - - [26/Aug/2026:11:36:52 -0400] "GET /product/oem-no-225cc-oil-autocom/?chmod=%2Fhome%2Fautocomlimi%2Fpublic_html%2F.htaccess HTTP/1.1" 403 216608 "-" "Mozilla/5.0 (Windows NT 10.0; Win64; x64) AppleWebKit/537.36 (KHTML, like Gecko) Chrome/145.0.0.0 Safari/537.36 (compatible; meta-externalagent/1.1 (+https://developers.facebook.com/docs/sharing/webmasters/crawler))"
157.55.39.197 - - [26/Aug/2026:11:37:22 -0400] "GET /product/oem-no-93719406?rename=%2Fhome%2Fautocomlimi%2Fpublic_html%2Fgoogle6097ad7e7413fc49.html HTTP/1.1" 200 12818 "-" "Mozilla/5.0 AppleWebKit/537.36 (KHTML, like Gecko; compatible; bingbot/2.0; +http://www.bing.com/bingbot.htm) Chrome/116.0.1938.76 Safari/537.36"
157.55.39.197 - - [26/Aug/2026:11:37:23 -0400] "GET /product/oem-no-93719406?edit=%2Fhome%2Fautocomlimi%2Fpublic_html%2Fwp-load.php HTTP/1.1" 200 17362 "-" "Mozilla/5.0 AppleWebKit/537.36 (KHTML, like Gecko; compatible; bingbot/2.0; +http://www.bing.com/bingbot.htm) Chrome/116.0.1938.76 Safari/537.36"
52.167.144.142 - - [26/Aug/2026:11:37:28 -0400] "GET /product/oem-no-fg802800/?chmod=%2Fhome%2Fautocomlimi%2Fpublic_html%2F0m1.php HTTP/1.1" 200 118560 "-" "Mozilla/5.0 AppleWebKit/537.36 (KHTML, like Gecko; compatible; bingbot/2.0; +http://www.bing.com/bingbot.htm) Chrome/116.0.1938.76 Safari/537.36"
52.167.144.142 - - [26/Aug/2026:11:37:29 -0400] "GET /product/oem-no-fg802800/?edit=%2Fhome%2Fautocomlimi%2Fpublic_html%2Fwp-comments-post.php HTTP/1.1" 200 121360 "-" "Mozilla/5.0 AppleWebKit/537.36 (KHTML, like Gecko; compatible; bingbot/2.0; +http://www.bing.com/bingbot.htm) Chrome/116.0.1938.76 Safari/537.36"
157.55.39.59 - - [26/Aug/2026:11:37:30 -0400] "GET /product/oem-no-93719406?chmod=%2Fhome%2Fautocomlimi%2Fpublic_html%2F%40LongLink HTTP/1.1" 200 12817 "-" "Mozilla/5.0 AppleWebKit/537.36 (KHTML, like Gecko; compatible; bingbot/2.0; +http://www.bing.com/bingbot.htm) Chrome/116.0.1938.76 Safari/537.36"
157.55.39.59 - - [26/Aug/2026:11:37:30 -0400] "GET /product/oem-no-93719406?lph=%2Fhome%2Fautocomlimi%2Fpublic_html%2Fwp-includes HTTP/1.1" 200 462266 "-" "Mozilla/5.0 AppleWebKit/537.36 (KHTML, like Gecko; compatible; bingbot/2.0; +http://www.bing.com/bingbot.htm) Chrome/116.0.1938.76 Safari/537.36"
207.46.13.141 - - [26/Aug/2026:11:37:33 -0400] "GET /product/oem-no-fg802800/?lph=%2Fhome%2Fautocomlimi%2Fpublic_html%2F%40LongLink HTTP/1.1" 200 174446 "-" "Mozilla/5.0 AppleWebKit/537.36 (KHTML, like Gecko; compatible; bingbot/2.0; +http://www.bing.com/bingbot.htm) Chrome/116.0.1938.76 Safari/537.36"
198.54.126.42 - - [26/Aug/2026:11:38:08 -0400] "POST /wp-cron.php?doing_wp_cron=1787758688.1060819625854492187500 HTTP/1.1" 200 - "-" "WordPress/6.9.4; https://www.autocomlimited.com"
52.167.144.199 - - [26/Aug/2026:11:38:07 -0400] "GET /product/oem-no-93719406?edit=%2Fhome%2Fautocomlimi%2Fpublic_html%2Fwp-includes%2Fclass-wp-walker.php HTTP/1.1" 200 26557 "-" "Mozilla/5.0 AppleWebKit/537.36 (KHTML, like Gecko; compatible; bingbot/2.0; +http://www.bing.com/bingbot.htm) Chrome/116.0.1938.76 Safari/537.36"
57.141.18.105 - - [26/Aug/2026:11:38:08 -0400] "GET /product/165b/?edit=%2Fhome%2Fautocomlimi%2Fpublic_html%2Fwp-config.php HTTP/1.1" 403 213161 "-" "Mozilla/5.0 (Windows NT 10.0; Win64; x64) AppleWebKit/537.36 (KHTML, like Gecko) Chrome/145.0.0.0 Safari/537.36 (compatible; meta-externalagent/1.1 (+https://developers.facebook.com/docs/sharing/webmasters/crawler))"
157.55.39.59 - - [26/Aug/2026:11:38:12 -0400] "GET /product/oem-no-93719406?chmod=%2Fhome%2Fautocomlimi%2Fpublic_html%2Fwp-includes%2Fblocks.php HTTP/1.1" 200 12832 "-" "Mozilla/5.0 AppleWebKit/537.36 (KHTML, like Gecko; compatible; bingbot/2.0; +http://www.bing.com/bingbot.htm) Chrome/116.0.1938.76 Safari/537.36"
129.153.86.224 - - [26/Aug/2026:11:38:16 -0400] "GET /product/027 HTTP/1.1" 200 109958 "-" "Mozilla/5.0 (X11; Linux aarch64) AppleWebKit/537.36 (KHTML, like Gecko) Chrome/139.0.0.0 Safari/537.36"
198.54.126.42 - - [26/Aug/2026:11:38:51 -0400] "POST /wp-cron.php?doing_wp_cron=1787758731.6709210872650146484375 HTTP/1.1" 200 - "-" "WordPress/6.9.4; https://www.autocomlimited.com"
207.46.13.141 - - [26/Aug/2026:11:38:50 -0400] "GET /product/oem-no-fg802800/?rename=%2Fhome%2Fautocomlimi%2Fpublic_html%2F.well-known HTTP/1.1" 200 118575 "-" "Mozilla/5.0 AppleWebKit/537.36 (KHTML, like Gecko; compatible; bingbot/2.0; +http://www.bing.com/bingbot.htm) Chrome/116.0.1938.76 Safari/537.36"
52.167.144.18 - - [26/Aug/2026:11:38:58 -0400] "GET /product/oem-no-fg802800/?rename=%2Fhome%2Fautocomlimi%2Fpublic_html%2Fcp_errordocument.shtml HTTP/1.1" 200 118347 "-" "Mozilla/5.0 AppleWebKit/537.36 (KHTML, like Gecko; compatible; bingbot/2.0; +http://www.bing.com/bingbot.htm) Chrome/116.0.1938.76 Safari/537.36"
52.167.144.18 - - [26/Aug/2026:11:38:59 -0400] "GET /product/oem-no-fg802800/?edit=%2Fhome%2Fautocomlimi%2Fpublic_html%2Fwp-cron.php HTTP/1.1" 200 124285 "-" "Mozilla/5.0 AppleWebKit/537.36 (KHTML, like Gecko; compatible; bingbot/2.0; +http://www.bing.com/bingbot.htm) Chrome/116.0.1938.76 Safari/537.36"
52.167.144.18 - - [26/Aug/2026:11:39:00 -0400] "GET /product/oem-no-fg802800/?rename=%2Fhome%2Fautocomlimi%2Fpublic_html%2Fwp-trackback.php HTTP/1.1" 200 118293 "-" "Mozilla/5.0 AppleWebKit/537.36 (KHTML, like Gecko; compatible; bingbot/2.0; +http://www.bing.com/bingbot.htm) Chrome/116.0.1938.76 Safari/537.36"
18.235.158.19 - - [26/Aug/2026:11:39:30 -0400] "GET /wp-content/uploads/2024/12/?C=M;O%3DA HTTP/1.1" 200 347 "-" "Mozilla/5.0 AppleWebKit/537.36 (KHTML, like Gecko; compatible; Amazonbot/0.1; +https://developer.amazon.com/support/amazonbot) Chrome/119.0.6045.214 Safari/537.36"
52.2.191.202 - - [26/Aug/2026:11:39:38 -0400] "GET /wp-content/uploads/al_opt_content/CSS/www.autocomlimited.com/6933ec9646fa5c4ffdf04cbd/ HTTP/1.1" 200 1093 "-" "Mozilla/5.0 AppleWebKit/537.36 (KHTML, like Gecko; compatible; Amazonbot/0.1; +https://developer.amazon.com/support/amazonbot) Chrome/119.0.6045.214 Safari/537.36"
198.54.126.42 - - [26/Aug/2026:11:40:03 -0400] "POST /wp-cron.php?doing_wp_cron=1787758803.4459218978881835937500 HTTP/1.1" 200 - "-" "WordPress/6.9.4; https://www.autocomlimited.com"
207.46.13.7 - - [26/Aug/2026:11:40:03 -0400] "GET /product/oem-no-93719406?chmod=%2Fhome%2Fautocomlimi%2Fpublic_ftp HTTP/1.1" 200 12804 "-" "Mozilla/5.0 AppleWebKit/537.36 (KHTML, like Gecko; compatible; bingbot/2.0; +http://www.bing.com/bingbot.htm) Chrome/116.0.1938.76 Safari/537.36"
216.73.217.80 - - [26/Aug/2026:11:40:28 -0400] "GET /sitemap.xml?chmod=%2F%2Fproc HTTP/1.1" 200 12780 "-" "Mozilla/5.0 AppleWebKit/537.36 (KHTML, like Gecko; compatible; ClaudeBot/1.0; +claudebot@anthropic.com)"
216.73.217.80 - - [26/Aug/2026:11:40:28 -0400] "GET /sitemap.xml?chmod=%2F%2Fusr HTTP/1.1" 200 12779 "-" "Mozilla/5.0 AppleWebKit/537.36 (KHTML, like Gecko; compatible; ClaudeBot/1.0; +claudebot@anthropic.com)"
216.73.217.80 - - [26/Aug/2026:11:40:28 -0400] "GET /sitemap.xml?lph=%2F%2Fdev HTTP/1.1" 200 82739 "-" "Mozilla/5.0 AppleWebKit/537.36 (KHTML, like Gecko; compatible; ClaudeBot/1.0; +claudebot@anthropic.com)"
216.73.217.80 - - [26/Aug/2026:11:40:28 -0400] "GET /sitemap.xml?chmod=%2F%2Froot HTTP/1.1" 200 12780 "-" "Mozilla/5.0 AppleWebKit/537.36 (KHTML, like Gecko; compatible; ClaudeBot/1.0; +claudebot@anthropic.com)"
216.73.217.80 - - [26/Aug/2026:11:40:28 -0400] "GET /sitemap.xml?chmod=%2F%2Ftmp HTTP/1.1" 200 12779 "-" "Mozilla/5.0 AppleWebKit/537.36 (KHTML, like Gecko; compatible; ClaudeBot/1.0; +claudebot@anthropic.com)"
216.73.217.80 - - [26/Aug/2026:11:40:28 -0400] "GET /sitemap.xml?chmod=%2F%2Fdev HTTP/1.1" 200 12779 "-" "Mozilla/5.0 AppleWebKit/537.36 (KHTML, like Gecko; compatible; ClaudeBot/1.0; +claudebot@anthropic.com)"
114.119.151.103 - - [26/Aug/2026:11:40:32 -0400] "GET /useable-vehicle-for-leyland/dost/ HTTP/1.1" 200 190150 "https://www.autocomlimited.com/product/oem-no-506/" "Mozilla/5.0 (Linux; Android 7.0;) AppleWebKit/537.36 (HTML, like Gecko) Mobile Safari/537.36 (compatible; PetalBot;+https://webmaster.petalsearch.com/site/petalbot)"
198.54.126.42 - - [26/Aug/2026:11:40:43 -0400] "POST /wp-cron.php?doing_wp_cron=1787758843.0269880294799804687500 HTTP/1.1" 200 - "-" "WordPress/6.9.4; https://www.autocomlimited.com"
207.46.13.7 - - [26/Aug/2026:11:40:42 -0400] "GET /product/oem-no-93719406?lph=%2Fhome%2Fautocomlimi%2Fpublic_html%2Fwp-includes%2Ffonts HTTP/1.1" 200 83705 "-" "Mozilla/5.0 AppleWebKit/537.36 (KHTML, like Gecko; compatible; bingbot/2.0; +http://www.bing.com/bingbot.htm) Chrome/116.0.1938.76 Safari/537.36"
3.214.176.44 - - [26/Aug/2026:11:41:02 -0400] "GET /wp-content/uploads/al_opt_content/CSS/www.autocomlimited.com/6933d41c46fa5c1881f04bfa/ HTTP/1.1" 200 1129 "-" "Mozilla/5.0 AppleWebKit/537.36 (KHTML, like Gecko; compatible; Amazonbot/0.1; +https://developer.amazon.com/support/amazonbot) Chrome/119.0.6045.214 Safari/537.36"
207.46.13.141 - - [26/Aug/2026:11:41:10 -0400] "GET /product/oem-no-fg802800/?chmod=%2Fhome%2Fautocomlimi%2Fpublic_html%2Fwp-content%2Fthemes HTTP/1.1" 200 118833 "-" "Mozilla/5.0 AppleWebKit/537.36 (KHTML, like Gecko; compatible; bingbot/2.0; +http://www.bing.com/bingbot.htm) Chrome/116.0.1938.76 Safari/537.36"
216.73.217.80 - - [26/Aug/2026:11:41:17 -0400] "GET /sitemap.xml?lph=%2F%2Froot HTTP/1.1" 200 109958 "-" "Mozilla/5.0 AppleWebKit/537.36 (KHTML, like Gecko; compatible; ClaudeBot/1.0; +claudebot@anthropic.com)"
216.73.217.80 - - [26/Aug/2026:11:41:17 -0400] "GET /sitemap.xml?chmod=%2F%2Frun HTTP/1.1" 200 12779 "-" "Mozilla/5.0 AppleWebKit/537.36 (KHTML, like Gecko; compatible; ClaudeBot/1.0; +claudebot@anthropic.com)"
216.73.217.80 - - [26/Aug/2026:11:41:17 -0400] "GET /sitemap.xml?chmod=%2F%2Fbin HTTP/1.1" 200 12779 "-" "Mozilla/5.0 AppleWebKit/537.36 (KHTML, like Gecko; compatible; ClaudeBot/1.0; +claudebot@anthropic.com)"
216.73.217.80 - - [26/Aug/2026:11:41:17 -0400] "GET /sitemap.xml?chmod=%2F%2Fopt HTTP/1.1" 200 12779 "-" "Mozilla/5.0 AppleWebKit/537.36 (KHTML, like Gecko; compatible; ClaudeBot/1.0; +claudebot@anthropic.com)"
216.73.217.80 - - [26/Aug/2026:11:41:17 -0400] "GET /sitemap.xml?lph=%2F%2Ftmp HTTP/1.1" 200 73120 "-" "Mozilla/5.0 AppleWebKit/537.36 (KHTML, like Gecko; compatible; ClaudeBot/1.0; +claudebot@anthropic.com)"
216.73.217.80 - - [26/Aug/2026:11:41:17 -0400] "GET /sitemap.xml?rename=%2F%2Fdev HTTP/1.1" 200 12738 "-" "Mozilla/5.0 AppleWebKit/537.36 (KHTML, like Gecko; compatible; ClaudeBot/1.0; +claudebot@anthropic.com)"
52.167.144.139 - - [26/Aug/2026:11:41:28 -0400] "GET /product/oem-no-93719406?edit=%2Fhome%2Fautocomlimi%2Fpublic_html%2Fwp-includes%2Fclass-walker-page.php HTTP/1.1" 200 21552 "-" "Mozilla/5.0 AppleWebKit/537.36 (KHTML, like Gecko; compatible; bingbot/2.0; +http://www.bing.com/bingbot.htm) Chrome/116.0.1938.76 Safari/537.36"
157.55.39.48 - - [26/Aug/2026:11:41:33 -0400] "GET /product/oem-no-93719406?edit=%2Fhome%2Fautocomlimi%2Fpublic_html%2Fwp-includes%2Fclass-wp-user.php HTTP/1.1" 200 37566 "-" "Mozilla/5.0 AppleWebKit/537.36 (KHTML, like Gecko; compatible; bingbot/2.0; +http://www.bing.com/bingbot.htm) Chrome/116.0.1938.76 Safari/537.36"
52.167.144.139 - - [26/Aug/2026:11:41:39 -0400] "GET /product/oem-no-93719406?edit=%2Fhome%2Fautocomlimi%2Fpublic_html%2Fwp-admin%2Fsite-health.php HTTP/1.1" 200 26200 "-" "Mozilla/5.0 AppleWebKit/537.36 (KHTML, like Gecko; compatible; bingbot/2.0; +http://www.bing.com/bingbot.htm) Chrome/116.0.1938.76 Safari/537.36"
52.167.144.139 - - [26/Aug/2026:11:41:39 -0400] "GET /product/oem-no-93719406?rename=%2Fhome%2Fautocomlimi%2Fpublic_html%2Fwp-includes%2Fauthor-template.php HTTP/1.1" 200 12816 "-" "Mozilla/5.0 AppleWebKit/537.36 (KHTML, like Gecko; compatible; bingbot/2.0; +http://www.bing.com/bingbot.htm) Chrome/116.0.1938.76 Safari/537.36"
198.54.126.42 - - [26/Aug/2026:11:41:43 -0400] "POST /wp-cron.php?doing_wp_cron=1787758903.9674439430236816406250 HTTP/1.1" 200 - "-" "WordPress/6.9.4; https://www.autocomlimited.com"
207.46.13.7 - - [26/Aug/2026:11:41:43 -0400] "GET /product/oem-no-93719406?rename=%2Fhome%2Fautocomlimi%2Fpublic_html%2Fwp-admin%2Fjs HTTP/1.1" 200 12779 "-" "Mozilla/5.0 AppleWebKit/537.36 (KHTML, like Gecko; compatible; bingbot/2.0; +http://www.bing.com/bingbot.htm) Chrome/116.0.1938.76 Safari/537.36"
216.73.217.80 - - [26/Aug/2026:11:41:51 -0400] "GET /sitemap.xml?lph=%2F%2Fusr HTTP/1.1" 200 78915 "-" "Mozilla/5.0 AppleWebKit/537.36 (KHTML, like Gecko; compatible; ClaudeBot/1.0; +claudebot@anthropic.com)"
216.73.217.80 - - [26/Aug/2026:11:41:51 -0400] "GET /sitemap.xml?chmod=%2F%2Fvar HTTP/1.1" 200 12779 "-" "Mozilla/5.0 AppleWebKit/537.36 (KHTML, like Gecko; compatible; ClaudeBot/1.0; +claudebot@anthropic.com)"
216.73.217.80 - - [26/Aug/2026:11:41:51 -0400] "GET /sitemap.xml?rename=%2F%2Froot HTTP/1.1" 200 12740 "-" "Mozilla/5.0 AppleWebKit/537.36 (KHTML, like Gecko; compatible; ClaudeBot/1.0; +claudebot@anthropic.com)"
216.73.217.80 - - [26/Aug/2026:11:41:51 -0400] "GET /sitemap.xml?chmod=%2F%2Fetc HTTP/1.1" 200 12779 "-" "Mozilla/5.0 AppleWebKit/537.36 (KHTML, like Gecko; compatible; ClaudeBot/1.0; +claudebot@anthropic.com)"
216.73.217.80 - - [26/Aug/2026:11:41:51 -0400] "GET /sitemap.xml?chmod=%2F%2Fsbin HTTP/1.1" 200 12780 "-" "Mozilla/5.0 AppleWebKit/537.36 (KHTML, like Gecko; compatible; ClaudeBot/1.0; +claudebot@anthropic.com)"
216.73.217.80 - - [26/Aug/2026:11:41:51 -0400] "GET /sitemap.xml?rename=%2F%2Ftmp HTTP/1.1" 200 12738 "-" "Mozilla/5.0 AppleWebKit/537.36 (KHTML, like Gecko; compatible; ClaudeBot/1.0; +claudebot@anthropic.com)"
114.119.152.12 - - [26/Aug/2026:11:41:54 -0400] "GET /useable-vehicle-eicher/e2-plus/ HTTP/1.1" 200 191887 "https://www.autocomlimited.com/product/oem-no-id303248-copy/" "Mozilla/5.0 (Linux; Android 7.0;) AppleWebKit/537.36 (HTML, like Gecko) Mobile Safari/537.36 (compatible; PetalBot;+https://webmaster.petalsearch.com/site/petalbot)"
52.167.144.139 - - [26/Aug/2026:11:41:58 -0400] "GET /product/oem-no-93719406?edit=%2Fhome%2Fautocomlimi%2Fpublic_html%2Fwp-includes%2Ferror-protection.php HTTP/1.1" 200 17384 "-" "Mozilla/5.0 AppleWebKit/537.36 (KHTML, like Gecko; compatible; bingbot/2.0; +http://www.bing.com/bingbot.htm) Chrome/116.0.1938.76 Safari/537.36"
54.92.171.106 - - [26/Aug/2026:11:42:02 -0400] "GET /wp-content/plugins/elementor/assets/images/ajax-loader.gif HTTP/1.1" 200 4178 "-" "Mozilla/5.0 AppleWebKit/537.36 (KHTML, like Gecko; compatible; Amazonbot/0.1; +https://developer.amazon.com/support/amazonbot) Chrome/119.0.6045.214 Safari/537.36"
157.55.39.48 - - [26/Aug/2026:11:42:10 -0400] "GET /product/oem-no-93719406?chmod=%2Fhome%2Fautocomlimi%2Fpublic_html%2Fwp-load.php HTTP/1.1" 200 12819 "-" "Mozilla/5.0 AppleWebKit/537.36 (KHTML, like Gecko; compatible; bingbot/2.0; +http://www.bing.com/bingbot.htm) Chrome/116.0.1938.76 Safari/537.36"
216.73.217.80 - - [26/Aug/2026:11:42:13 -0400] "GET /sitemap.xml?rename=%2F%2Fproc HTTP/1.1" 200 12740 "-" "Mozilla/5.0 AppleWebKit/537.36 (KHTML, like Gecko; compatible; ClaudeBot/1.0; +claudebot@anthropic.com)"
216.73.217.80 - - [26/Aug/2026:11:42:13 -0400] "GET /sitemap.xml?lph=%2F%2Fproc HTTP/1.1" 200 142288 "-" "Mozilla/5.0 AppleWebKit/537.36 (KHTML, like Gecko; compatible; ClaudeBot/1.0; +claudebot@anthropic.com)"
216.73.217.80 - - [26/Aug/2026:11:42:13 -0400] "GET /sitemap.xml?lph=%2F%2Fbin HTTP/1.1" 200 668544 "-" "Mozilla/5.0 AppleWebKit/537.36 (KHTML, like Gecko; compatible; ClaudeBot/1.0; +claudebot@anthropic.com)"
216.73.217.80 - - [26/Aug/2026:11:42:13 -0400] "GET /sitemap.xml?rename=%2F%2Fusr HTTP/1.1" 200 12738 "-" "Mozilla/5.0 AppleWebKit/537.36 (KHTML, like Gecko; compatible; ClaudeBot/1.0; +claudebot@anthropic.com)"
216.73.217.80 - - [26/Aug/2026:11:42:13 -0400] "GET /sitemap.xml?lph=%2F%2Fopt HTTP/1.1" 200 90689 "-" "Mozilla/5.0 AppleWebKit/537.36 (KHTML, like Gecko; compatible; ClaudeBot/1.0; +claudebot@anthropic.com)"
216.73.217.80 - - [26/Aug/2026:11:42:13 -0400] "GET /sitemap.xml?chmod=%2F%2Flib HTTP/1.1" 200 12779 "-" "Mozilla/5.0 AppleWebKit/537.36 (KHTML, like Gecko; compatible; ClaudeBot/1.0; +claudebot@anthropic.com)"
216.73.217.80 - - [26/Aug/2026:11:42:28 -0400] "GET /sitemap.xml?rename=%2F%2Fbin HTTP/1.1" 200 12738 "-" "Mozilla/5.0 AppleWebKit/537.36 (KHTML, like Gecko; compatible; ClaudeBot/1.0; +claudebot@anthropic.com)"
216.73.217.80 - - [26/Aug/2026:11:42:28 -0400] "GET /sitemap.xml?lph=%2F%2Fsbin HTTP/1.1" 200 127517 "-" "Mozilla/5.0 AppleWebKit/537.36 (KHTML, like Gecko; compatible; ClaudeBot/1.0; +claudebot@anthropic.com)"
216.73.217.80 - - [26/Aug/2026:11:42:28 -0400] "GET /sitemap.xml?rename=%2F%2Frun HTTP/1.1" 200 12738 "-" "Mozilla/5.0 AppleWebKit/537.36 (KHTML, like Gecko; compatible; ClaudeBot/1.0; +claudebot@anthropic.com)"
216.73.217.80 - - [26/Aug/2026:11:42:28 -0400] "GET /sitemap.xml?rename=%2F%2Fopt HTTP/1.1" 200 12738 "-" "Mozilla/5.0 AppleWebKit/537.36 (KHTML, like Gecko; compatible; ClaudeBot/1.0; +claudebot@anthropic.com)"
216.73.217.80 - - [26/Aug/2026:11:42:28 -0400] "GET /sitemap.xml?chmod=%2F%2Flib64 HTTP/1.1" 200 12781 "-" "Mozilla/5.0 AppleWebKit/537.36 (KHTML, like Gecko; compatible; ClaudeBot/1.0; +claudebot@anthropic.com)"
216.73.217.80 - - [26/Aug/2026:11:42:28 -0400] "GET /sitemap.xml?lph=%2F%2Frun HTTP/1.1" 200 81182 "-" "Mozilla/5.0 AppleWebKit/537.36 (KHTML, like Gecko; compatible; ClaudeBot/1.0; +claudebot@anthropic.com)"
198.54.126.42 - - [26/Aug/2026:11:42:44 -0400] "POST /wp-cron.php?doing_wp_cron=1787758964.6449210643768310546875 HTTP/1.1" 200 - "-" "WordPress/6.9.4; https://www.autocomlimited.com"
57.141.18.44 - - [26/Aug/2026:11:42:44 -0400] "GET /product/165b/?rename=%2Fhome%2Fautocomlimi%2Fpublic_html%2Fwp-includes%2FIXR%2Fclass-IXR-clientmulticall.php HTTP/1.1" 200 116079 "-" "Mozilla/5.0 (Windows NT 10.0; Win64; x64) AppleWebKit/537.36 (KHTML, like Gecko) Chrome/145.0.0.0 Safari/537.36 (compatible; meta-externalagent/1.1 (+https://developers.facebook.com/docs/sharing/webmasters/crawler))"
216.73.217.80 - - [26/Aug/2026:11:42:55 -0400] "GET /sitemap.xml?chmod=%2F%2Fhome2 HTTP/1.1" 200 12781 "-" "Mozilla/5.0 AppleWebKit/537.36 (KHTML, like Gecko; compatible; ClaudeBot/1.0; +claudebot@anthropic.com)"
216.73.217.80 - - [26/Aug/2026:11:42:55 -0400] "GET /sitemap.xml?rename=%2F%2Fsbin HTTP/1.1" 200 12740 "-" "Mozilla/5.0 AppleWebKit/537.36 (KHTML, like Gecko; compatible; ClaudeBot/1.0; +claudebot@anthropic.com)"
216.73.217.80 - - [26/Aug/2026:11:42:55 -0400] "GET /sitemap.xml?lph=%2F%2Fetc HTTP/1.1" 200 150955 "-" "Mozilla/5.0 AppleWebKit/537.36 (KHTML, like Gecko; compatible; ClaudeBot/1.0; +claudebot@anthropic.com)"
216.73.217.80 - - [26/Aug/2026:11:42:55 -0400] "GET /sitemap.xml?lph=%2F%2Flib HTTP/1.1" 200 111452 "-" "Mozilla/5.0 AppleWebKit/537.36 (KHTML, like Gecko; compatible; ClaudeBot/1.0; +claudebot@anthropic.com)"
216.73.217.80 - - [26/Aug/2026:11:42:55 -0400] "GET /sitemap.xml?lph=%2F%2Fvar HTTP/1.1" 200 81933 "-" "Mozilla/5.0 AppleWebKit/537.36 (KHTML, like Gecko; compatible; ClaudeBot/1.0; +claudebot@anthropic.com)"
216.73.217.80 - - [26/Aug/2026:11:42:55 -0400] "GET /sitemap.xml?chmod=%2F%2Fhome HTTP/1.1" 200 12780 "-" "Mozilla/5.0 AppleWebKit/537.36 (KHTML, like Gecko; compatible; ClaudeBot/1.0; +claudebot@anthropic.com)"
216.73.217.80 - - [26/Aug/2026:11:43:03 -0400] "GET /sitemap.xml?rename=%2F%2Fvar HTTP/1.1" 200 12738 "-" "Mozilla/5.0 AppleWebKit/537.36 (KHTML, like Gecko; compatible; ClaudeBot/1.0; +claudebot@anthropic.com)"
216.73.217.80 - - [26/Aug/2026:11:43:03 -0400] "GET /sitemap.xml?chmod=%2F%2Fhome4 HTTP/1.1" 200 12781 "-" "Mozilla/5.0 AppleWebKit/537.36 (KHTML, like Gecko; compatible; ClaudeBot/1.0; +claudebot@anthropic.com)"
216.73.217.80 - - [26/Aug/2026:11:43:03 -0400] "GET /sitemap.xml?rename=%2F%2Flib HTTP/1.1" 200 12738 "-" "Mozilla/5.0 AppleWebKit/537.36 (KHTML, like Gecko; compatible; ClaudeBot/1.0; +claudebot@anthropic.com)"
216.73.217.80 - - [26/Aug/2026:11:43:03 -0400] "GET /sitemap.xml?chmod=%2F%2Fhome3 HTTP/1.1" 200 12781 "-" "Mozilla/5.0 AppleWebKit/537.36 (KHTML, like Gecko; compatible; ClaudeBot/1.0; +claudebot@anthropic.com)"
216.73.217.80 - - [26/Aug/2026:11:43:03 -0400] "GET /sitemap.xml?rename=%2F%2Fetc HTTP/1.1" 200 12738 "-" "Mozilla/5.0 AppleWebKit/537.36 (KHTML, like Gecko; compatible; ClaudeBot/1.0; +claudebot@anthropic.com)"
216.73.217.80 - - [26/Aug/2026:11:43:08 -0400] "GET /sitemap.xml?lph=%2F%2Fhome2 HTTP/1.1" 200 68629 "-" "Mozilla/5.0 AppleWebKit/537.36 (KHTML, like Gecko; compatible; ClaudeBot/1.0; +claudebot@anthropic.com)"
216.73.217.80 - - [26/Aug/2026:11:43:08 -0400] "GET /sitemap.xml?lph=%2F%2Fhome HTTP/1.1" 200 69689 "-" "Mozilla/5.0 AppleWebKit/537.36 (KHTML, like Gecko; compatible; ClaudeBot/1.0; +claudebot@anthropic.com)"
216.73.217.80 - - [26/Aug/2026:11:43:08 -0400] "GET /sitemap.xml?rename=%2F%2Flib64 HTTP/1.1" 200 12742 "-" "Mozilla/5.0 AppleWebKit/537.36 (KHTML, like Gecko; compatible; ClaudeBot/1.0; +claudebot@anthropic.com)"
216.73.217.80 - - [26/Aug/2026:11:43:08 -0400] "GET /sitemap.xml?chmod=%2F%2Fhome1 HTTP/1.1" 200 12781 "-" "Mozilla/5.0 AppleWebKit/537.36 (KHTML, like Gecko; compatible; ClaudeBot/1.0; +claudebot@anthropic.com)"
216.73.217.80 - - [26/Aug/2026:11:43:08 -0400] "GET /sitemap.xml?lph=%2F%2Flib64 HTTP/1.1" 200 2150133 "-" "Mozilla/5.0 AppleWebKit/537.36 (KHTML, like Gecko; compatible; ClaudeBot/1.0; +claudebot@anthropic.com)"
114.119.152.12 - - [26/Aug/2026:11:43:17 -0400] "GET /sitemap.xml HTTP/1.1" 200 111556 "https://www.autocomlimited.com/sitemap.xml" "Mozilla/5.0 (Linux; Android 7.0;) AppleWebKit/537.36 (HTML, like Gecko) Mobile Safari/537.36 (compatible; PetalBot;+https://webmaster.petalsearch.com/site/petalbot)"
216.73.217.80 - - [26/Aug/2026:11:43:28 -0400] "GET /sitemap.xml?chmod=%2Fhome%2Fautocomlimi HTTP/1.1" 200 12791 "-" "Mozilla/5.0 AppleWebKit/537.36 (KHTML, like Gecko; compatible; ClaudeBot/1.0; +claudebot@anthropic.com)"
216.73.217.80 - - [26/Aug/2026:11:43:28 -0400] "GET /sitemap.xml?rename=%2F%2Fhome2 HTTP/1.1" 200 12742 "-" "Mozilla/5.0 AppleWebKit/537.36 (KHTML, like Gecko; compatible; ClaudeBot/1.0; +claudebot@anthropic.com)"
216.73.217.80 - - [26/Aug/2026:11:43:28 -0400] "GET /sitemap.xml?lph=%2F%2Fhome4 HTTP/1.1" 200 68629 "-" "Mozilla/5.0 AppleWebKit/537.36 (KHTML, like Gecko; compatible; ClaudeBot/1.0; +claudebot@anthropic.com)"
216.73.217.80 - - [26/Aug/2026:11:43:28 -0400] "GET /sitemap.xml?rename=%2F%2Fhome HTTP/1.1" 200 12740 "-" "Mozilla/5.0 AppleWebKit/537.36 (KHTML, like Gecko; compatible; ClaudeBot/1.0; +claudebot@anthropic.com)"
216.73.217.80 - - [26/Aug/2026:11:43:28 -0400] "GET /sitemap.xml?lph=%2F%2Fhome3 HTTP/1.1" 200 68629 "-" "Mozilla/5.0 AppleWebKit/537.36 (KHTML, like Gecko; compatible; ClaudeBot/1.0; +claudebot@anthropic.com)"
52.167.144.18 - - [26/Aug/2026:11:43:40 -0400] "GET /product/oem-no-165462ve0a-partner-copy/ HTTP/1.1" 200 213388 "-" "Mozilla/5.0 AppleWebKit/537.36 (KHTML, like Gecko; compatible; bingbot/2.0; +http://www.bing.com/bingbot.htm) Chrome/116.0.1938.76 Safari/537.36"
216.73.217.80 - - [26/Aug/2026:11:43:47 -0400] "GET /sitemap.xml?rename=%2Fhome%2Fautocomlimi HTTP/1.1" 200 12758 "-" "Mozilla/5.0 AppleWebKit/537.36 (KHTML, like Gecko; compatible; ClaudeBot/1.0; +claudebot@anthropic.com)"
216.73.217.80 - - [26/Aug/2026:11:43:47 -0400] "GET /sitemap.xml?rename=%2F%2Fhome3 HTTP/1.1" 200 12742 "-" "Mozilla/5.0 AppleWebKit/537.36 (KHTML, like Gecko; compatible; ClaudeBot/1.0; +claudebot@anthropic.com)"
198.54.126.42 - - [26/Aug/2026:11:43:47 -0400] "POST /wp-cron.php?doing_wp_cron=1787759027.6851871013641357421875 HTTP/1.1" 200 - "-" "WordPress/6.9.4; https://www.autocomlimited.com"
216.73.217.80 - - [26/Aug/2026:11:43:47 -0400] "GET /sitemap.xml?rename=%2F%2Fhome1 HTTP/1.1" 200 12742 "-" "Mozilla/5.0 AppleWebKit/537.36 (KHTML, like Gecko; compatible; ClaudeBot/1.0; +claudebot@anthropic.com)"
216.73.217.80 - - [26/Aug/2026:11:43:47 -0400] "GET /sitemap.xml?lph=%2F%2Fhome1 HTTP/1.1" 200 68629 "-" "Mozilla/5.0 AppleWebKit/537.36 (KHTML, like Gecko; compatible; ClaudeBot/1.0; +claudebot@anthropic.com)"
216.73.217.80 - - [26/Aug/2026:11:43:47 -0400] "GET /sitemap.xml?rename=%2F%2Fhome4 HTTP/1.1" 200 12742 "-" "Mozilla/5.0 AppleWebKit/537.36 (KHTML, like Gecko; compatible; ClaudeBot/1.0; +claudebot@anthropic.com)"
216.73.217.80 - - [26/Aug/2026:11:44:03 -0400] "GET /sitemap.xml?chmod=%2Fhome%2Fautocomlimi%2F.imunify_patch_id HTTP/1.1" 200 12811 "-" "Mozilla/5.0 AppleWebKit/537.36 (KHTML, like Gecko; compatible; ClaudeBot/1.0; +claudebot@anthropic.com)"
216.73.217.80 - - [26/Aug/2026:11:44:03 -0400] "GET /sitemap.xml?edit=%2Fhome%2Fautocomlimi%2F.bash_logout HTTP/1.1" 200 12838 "-" "Mozilla/5.0 AppleWebKit/537.36 (KHTML, like Gecko; compatible; ClaudeBot/1.0; +claudebot@anthropic.com)"
216.73.217.80 - - [26/Aug/2026:11:44:03 -0400] "GET /sitemap.xml?chmod=%2Fhome%2Fautocomlimi%2F.bash_profile HTTP/1.1" 200 12807 "-" "Mozilla/5.0 AppleWebKit/537.36 (KHTML, like Gecko; compatible; ClaudeBot/1.0; +claudebot@anthropic.com)"
216.73.217.80 - - [26/Aug/2026:11:44:03 -0400] "GET /sitemap.xml?chmod=%2Fhome%2Fautocomlimi%2Ftmp HTTP/1.1" 200 12797 "-" "Mozilla/5.0 AppleWebKit/537.36 (KHTML, like Gecko; compatible; ClaudeBot/1.0; +claudebot@anthropic.com)"
216.73.217.80 - - [26/Aug/2026:11:44:03 -0400] "GET /sitemap.xml?chmod=%2Fhome%2Fautocomlimi%2Fpublic_html%2Fwp-content%2Fdebug.log HTTP/1.1" 200 12830 "-" "Mozilla/5.0 AppleWebKit/537.36 (KHTML, like Gecko; compatible; ClaudeBot/1.0; +claudebot@anthropic.com)"
216.73.217.80 - - [26/Aug/2026:11:44:03 -0400] "GET /sitemap.xml?lph=%2Fhome%2Fautocomlimi%2Fwp2shell-batch-guard HTTP/1.1" 200 70265 "-" "Mozilla/5.0 AppleWebKit/537.36 (KHTML, like Gecko; compatible; ClaudeBot/1.0; +claudebot@anthropic.com)"
216.73.217.80 - - [26/Aug/2026:11:44:03 -0400] "GET /sitemap.xml?edit=%2Fhome%2Fautocomlimi%2Fpublic_html%2Fwp-content%2Fmaintenance.php HTTP/1.1" 200 16117 "-" "Mozilla/5.0 AppleWebKit/537.36 (KHTML, like Gecko; compatible; ClaudeBot/1.0; +claudebot@anthropic.com)"
216.73.217.80 - - [26/Aug/2026:11:44:03 -0400] "GET /sitemap.xml?chmod=%2Fhome%2Fautocomlimi%2F.bash_logout HTTP/1.1" 200 12806 "-" "Mozilla/5.0 AppleWebKit/537.36 (KHTML, like Gecko; compatible; ClaudeBot/1.0; +claudebot@anthropic.com)"
216.73.217.80 - - [26/Aug/2026:11:44:03 -0400] "GET /sitemap.xml?edit=%2Fhome%2Fautocomlimi%2F.bash_profile HTTP/1.1" 200 12997 "-" "Mozilla/5.0 AppleWebKit/537.36 (KHTML, like Gecko; compatible; ClaudeBot/1.0; +claudebot@anthropic.com)"
216.73.217.80 - - [26/Aug/2026:11:44:03 -0400] "GET /sitemap.xml?edit=%2Fhome%2Fautocomlimi%2Fpublic_html%2Fwp-content%2Fdebug.log HTTP/1.1" 200 6672609 "-" "Mozilla/5.0 AppleWebKit/537.36 (KHTML, like Gecko; compatible; ClaudeBot/1.0; +claudebot@anthropic.com)"
216.73.217.80 - - [26/Aug/2026:11:44:03 -0400] "GET /sitemap.xml?chmod=%2Fhome%2Fautocomlimi%2Fpublic_html%2Fwp-content%2Fmaintenance.php HTTP/1.1" 200 12836 "-" "Mozilla/5.0 AppleWebKit/537.36 (KHTML, like Gecko; compatible; ClaudeBot/1.0; +claudebot@anthropic.com)"
216.73.217.80 - - [26/Aug/2026:11:44:04 -0400] "GET /sitemap.xml?edit=%2Fhome%2Fautocomlimi%2F.imunify_patch_id HTTP/1.1" 200 12931 "-" "Mozilla/5.0 AppleWebKit/537.36 (KHTML, like Gecko; compatible; ClaudeBot/1.0; +claudebot@anthropic.com)"
216.73.217.80 - - [26/Aug/2026:11:44:04 -0400] "GET /sitemap.xml?chmod=%2Fhome%2Fautocomlimi%2Fwp2shell-batch-guard HTTP/1.1" 200 12814 "-" "Mozilla/5.0 AppleWebKit/537.36 (KHTML, like Gecko; compatible; ClaudeBot/1.0; +claudebot@anthropic.com)"
216.73.217.80 - - [26/Aug/2026:11:44:04 -0400] "GET /sitemap.xml?chmod=%2Fhome%2Fautocomlimi%2F.bashrc HTTP/1.1" 200 12801 "-" "Mozilla/5.0 AppleWebKit/537.36 (KHTML, like Gecko; compatible; ClaudeBot/1.0; +claudebot@anthropic.com)"
216.73.217.80 - - [26/Aug/2026:11:44:04 -0400] "GET /sitemap.xml?edit=%2Fhome%2Fautocomlimi%2F.bashrc HTTP/1.1" 200 12939 "-" "Mozilla/5.0 AppleWebKit/537.36 (KHTML, like Gecko; compatible; ClaudeBot/1.0; +claudebot@anthropic.com)"
216.73.217.80 - - [26/Aug/2026:11:44:07 -0400] "GET /sitemap.xml?rename=%2Fhome%2Fautocomlimi%2F.bash_logout HTTP/1.1" 200 12774 "-" "Mozilla/5.0 AppleWebKit/537.36 (KHTML, like Gecko; compatible; ClaudeBot/1.0; +claudebot@anthropic.com)"
216.73.217.80 - - [26/Aug/2026:11:44:07 -0400] "GET /sitemap.xml?rename=%2Fhome%2Fautocomlimi%2F.bash_profile HTTP/1.1" 200 12776 "-" "Mozilla/5.0 AppleWebKit/537.36 (KHTML, like Gecko; compatible; ClaudeBot/1.0; +claudebot@anthropic.com)"
216.73.217.80 - - [26/Aug/2026:11:44:07 -0400] "GET /sitemap.xml?lph=%2Fhome%2Fautocomlimi%2Fpublic_html%2Fwp-content%2Fplugins HTTP/1.1" 200 102032 "-" "Mozilla/5.0 AppleWebKit/537.36 (KHTML, like Gecko; compatible; ClaudeBot/1.0; +claudebot@anthropic.com)"
216.73.217.80 - - [26/Aug/2026:11:44:07 -0400] "GET /sitemap.xml?rename=%2Fhome%2Fautocomlimi%2Ftmp HTTP/1.1" 200 12756 "-" "Mozilla/5.0 AppleWebKit/537.36 (KHTML, like Gecko; compatible; ClaudeBot/1.0; +claudebot@anthropic.com)"
216.73.217.80 - - [26/Aug/2026:11:44:07 -0400] "GET /sitemap.xml?chmod=%2Fhome%2Fautocomlimi%2Fpublic_html%2Fwp-content%2Findex.php HTTP/1.1" 200 12830 "-" "Mozilla/5.0 AppleWebKit/537.36 (KHTML, like Gecko; compatible; ClaudeBot/1.0; +claudebot@anthropic.com)"
216.73.217.80 - - [26/Aug/2026:11:44:07 -0400] "GET /sitemap.xml?chmod=%2Fhome%2Fautocomlimi%2Fssl HTTP/1.1" 200 12797 "-" "Mozilla/5.0 AppleWebKit/537.36 (KHTML, like Gecko; compatible; ClaudeBot/1.0; +claudebot@anthropic.com)"
216.73.217.80 - - [26/Aug/2026:11:44:07 -0400] "GET /sitemap.xml?rename=%2Fhome%2Fautocomlimi%2Fpublic_html%2Fwp-content%2Fdebug.log HTTP/1.1" 200 12795 "-" "Mozilla/5.0 AppleWebKit/537.36 (KHTML, like Gecko; compatible; ClaudeBot/1.0; +claudebot@anthropic.com)"
216.73.217.80 - - [26/Aug/2026:11:44:07 -0400] "GET /sitemap.xml?chmod=%2Fhome%2Fautocomlimi%2Ffirewall HTTP/1.1" 200 12802 "-" "Mozilla/5.0 AppleWebKit/537.36 (KHTML, like Gecko; compatible; ClaudeBot/1.0; +claudebot@anthropic.com)"
216.73.217.80 - - [26/Aug/2026:11:44:07 -0400] "GET /sitemap.xml?chmod=%2Fhome%2Fautocomlimi%2Fpublic_html%2Fwp-content%2Fcache HTTP/1.1" 200 12826 "-" "Mozilla/5.0 AppleWebKit/537.36 (KHTML, like Gecko; compatible; ClaudeBot/1.0; +claudebot@anthropic.com)"
