4.232.148.111 - - [26/Aug/2026:10:21:31 -0400] "GET /autoload_classmap/function.php HTTP/1.1" 200 183904 "-" "Mozilla/5.0 (Windows NT 10.0; Win64; x64) AppleWebKit/537.36 (KHTML, like Gecko) Chrome/120.0.0.0 Safari/537.36"
57.141.18.119 - - [26/Aug/2026:10:21:32 -0400] "GET /wp-content/uploads/2025/12/AB-425.png HTTP/1.1" 200 665192 "https://www.autocomlimited.com/product/oem-no-425/" "Mozilla/5.0 (Windows NT 10.0; Win64; x64) AppleWebKit/537.36 (KHTML, like Gecko) Chrome/145.0.0.0 Safari/537.36 (compatible; meta-externalagent/1.1 (+https://developers.facebook.com/docs/sharing/webmasters/crawler))"
4.232.148.111 - - [26/Aug/2026:10:21:32 -0400] "GET /dvve.php HTTP/1.1" 200 183767 "-" "Mozilla/5.0 (Windows NT 10.0; Win64; x64) AppleWebKit/537.36 (KHTML, like Gecko) Chrome/120.0.0.0 Safari/537.36"
57.141.18.9 - - [26/Aug/2026:10:21:31 -0400] "POST /wp-admin/admin-ajax.php HTTP/1.1" 200 206921 "https://www.autocomlimited.com/product/oem-no-425/" "Mozilla/5.0 (Windows NT 10.0; Win64; x64) AppleWebKit/537.36 (KHTML, like Gecko) Chrome/145.0.0.0 Safari/537.36 (compatible; meta-externalagent/1.1 (+https://developers.facebook.com/docs/sharing/webmasters/crawler))"
4.232.148.111 - - [26/Aug/2026:10:21:32 -0400] "GET /wp-includes/PHPMailer/ HTTP/1.1" 200 501 "-" "Mozilla/5.0 (Windows NT 10.0; Win64; x64) AppleWebKit/537.36 (KHTML, like Gecko) Chrome/120.0.0.0 Safari/537.36"
57.141.18.110 - - [26/Aug/2026:10:21:32 -0400] "POST /?wc-ajax=get_refreshed_fragments HTTP/1.1" 200 110953 "https://www.autocomlimited.com/product/oem-no-425/" "Mozilla/5.0 (Windows NT 10.0; Win64; x64) AppleWebKit/537.36 (KHTML, like Gecko) Chrome/145.0.0.0 Safari/537.36 (compatible; meta-externalagent/1.1 (+https://developers.facebook.com/docs/sharing/webmasters/crawler))"
4.232.148.111 - - [26/Aug/2026:10:21:33 -0400] "GET /ws77.php HTTP/1.1" 200 183767 "-" "Mozilla/5.0 (Windows NT 10.0; Win64; x64) AppleWebKit/537.36 (KHTML, like Gecko) Chrome/120.0.0.0 Safari/537.36"
4.232.148.111 - - [26/Aug/2026:10:21:33 -0400] "GET /.well-known/acme-challenge/index.php HTTP/1.1" 200 109959 "-" "Mozilla/5.0 (Windows NT 10.0; Win64; x64) AppleWebKit/537.36 (KHTML, like Gecko) Chrome/120.0.0.0 Safari/537.36"
4.232.148.111 - - [26/Aug/2026:10:21:34 -0400] "GET /admin/function.php HTTP/1.1" 200 183832 "-" "Mozilla/5.0 (Windows NT 10.0; Win64; x64) AppleWebKit/537.36 (KHTML, like Gecko) Chrome/120.0.0.0 Safari/537.36"
4.232.148.111 - - [26/Aug/2026:10:21:35 -0400] "GET /wp-includes/css/ HTTP/1.1" 200 973 "-" "Mozilla/5.0 (Windows NT 10.0; Win64; x64) AppleWebKit/537.36 (KHTML, like Gecko) Chrome/120.0.0.0 Safari/537.36"
57.141.18.38 - - [26/Aug/2026:10:21:35 -0400] "GET /wp-content/uploads/2021/02/17801-56020.fw_-255x255.png HTTP/1.1" 200 61235 "https://www.autocomlimited.com/product/oem-no-425/" "Mozilla/5.0 (Windows NT 10.0; Win64; x64) AppleWebKit/537.36 (KHTML, like Gecko) Chrome/145.0.0.0 Safari/537.36 (compatible; meta-externalagent/1.1 (+https://developers.facebook.com/docs/sharing/webmasters/crawler))"
4.232.148.111 - - [26/Aug/2026:10:21:35 -0400] "GET /xx.php HTTP/1.1" 200 183755 "-" "Mozilla/5.0 (Windows NT 10.0; Win64; x64) AppleWebKit/537.36 (KHTML, like Gecko) Chrome/120.0.0.0 Safari/537.36"
57.141.18.0 - - [26/Aug/2026:10:21:36 -0400] "GET /wp-content/uploads/2021/02/16546-ED500.fw_-1-255x255.png HTTP/1.1" 200 54891 "https://www.autocomlimited.com/product/oem-no-425/" "Mozilla/5.0 (Windows NT 10.0; Win64; x64) AppleWebKit/537.36 (KHTML, like Gecko) Chrome/145.0.0.0 Safari/537.36 (compatible; meta-externalagent/1.1 (+https://developers.facebook.com/docs/sharing/webmasters/crawler))"
4.232.148.111 - - [26/Aug/2026:10:21:36 -0400] "GET /wp-content/about.php HTTP/1.1" 200 183844 "-" "Mozilla/5.0 (Windows NT 10.0; Win64; x64) AppleWebKit/537.36 (KHTML, like Gecko) Chrome/120.0.0.0 Safari/537.36"
57.141.18.124 - - [26/Aug/2026:10:21:36 -0400] "GET /wp-content/uploads/2026/01/Banna-1.jpg HTTP/1.1" 200 183906 "https://www.autocomlimited.com/product/oem-no-425/" "Mozilla/5.0 (Windows NT 10.0; Win64; x64) AppleWebKit/537.36 (KHTML, like Gecko) Chrome/145.0.0.0 Safari/537.36 (compatible; meta-externalagent/1.1 (+https://developers.facebook.com/docs/sharing/webmasters/crawler))"
57.141.18.72 - - [26/Aug/2026:10:21:36 -0400] "GET /product/oem-no-425/null HTTP/1.1" 200 183806 "https://www.autocomlimited.com/product/oem-no-425/" "Mozilla/5.0 (Windows NT 10.0; Win64; x64) AppleWebKit/537.36 (KHTML, like Gecko) Chrome/145.0.0.0 Safari/537.36 (compatible; meta-externalagent/1.1 (+https://developers.facebook.com/docs/sharing/webmasters/crawler))"
4.232.148.111 - - [26/Aug/2026:10:21:36 -0400] "GET /wp-includes/assets/index.php HTTP/1.1" 200 109959 "-" "Mozilla/5.0 (Windows NT 10.0; Win64; x64) AppleWebKit/537.36 (KHTML, like Gecko) Chrome/120.0.0.0 Safari/537.36"
57.141.18.59 - - [26/Aug/2026:10:21:36 -0400] "GET /wp-content/uploads/2026/01/Banna-1.jpg HTTP/1.1" 200 183906 "https://www.autocomlimited.com/product/oem-no-425/" "Mozilla/5.0 (Windows NT 10.0; Win64; x64) AppleWebKit/537.36 (KHTML, like Gecko) Chrome/145.0.0.0 Safari/537.36 (compatible; meta-externalagent/1.1 (+https://developers.facebook.com/docs/sharing/webmasters/crawler))"
4.232.148.111 - - [26/Aug/2026:10:21:37 -0400] "GET /wp-the.php HTTP/1.1" 200 183779 "-" "Mozilla/5.0 (Windows NT 10.0; Win64; x64) AppleWebKit/537.36 (KHTML, like Gecko) Chrome/120.0.0.0 Safari/537.36"
4.232.148.111 - - [26/Aug/2026:10:21:38 -0400] "GET /ws81.php HTTP/1.1" 200 183767 "-" "Mozilla/5.0 (Windows NT 10.0; Win64; x64) AppleWebKit/537.36 (KHTML, like Gecko) Chrome/120.0.0.0 Safari/537.36"
4.232.148.111 - - [26/Aug/2026:10:21:38 -0400] "GET /3.php HTTP/1.1" 200 183749 "-" "Mozilla/5.0 (Windows NT 10.0; Win64; x64) AppleWebKit/537.36 (KHTML, like Gecko) Chrome/120.0.0.0 Safari/537.36"
4.232.148.111 - - [26/Aug/2026:10:21:39 -0400] "GET /a1.php HTTP/1.1" 200 183755 "-" "Mozilla/5.0 (Windows NT 10.0; Win64; x64) AppleWebKit/537.36 (KHTML, like Gecko) Chrome/120.0.0.0 Safari/537.36"
4.232.148.111 - - [26/Aug/2026:10:21:40 -0400] "GET /ca5.php HTTP/1.1" 200 183761 "-" "Mozilla/5.0 (Windows NT 10.0; Win64; x64) AppleWebKit/537.36 (KHTML, like Gecko) Chrome/120.0.0.0 Safari/537.36"
4.232.148.111 - - [26/Aug/2026:10:21:40 -0400] "GET /install.php HTTP/1.1" 200 183785 "-" "Mozilla/5.0 (Windows NT 10.0; Win64; x64) AppleWebKit/537.36 (KHTML, like Gecko) Chrome/120.0.0.0 Safari/537.36"
4.232.148.111 - - [26/Aug/2026:10:21:41 -0400] "GET /radio.php HTTP/1.1" 200 183773 "-" "Mozilla/5.0 (Windows NT 10.0; Win64; x64) AppleWebKit/537.36 (KHTML, like Gecko) Chrome/120.0.0.0 Safari/537.36"
4.232.148.111 - - [26/Aug/2026:10:21:42 -0400] "GET /wp-signin.php HTTP/1.1" 200 183797 "-" "Mozilla/5.0 (Windows NT 10.0; Win64; x64) AppleWebKit/537.36 (KHTML, like Gecko) Chrome/120.0.0.0 Safari/537.36"
4.232.148.111 - - [26/Aug/2026:10:21:43 -0400] "GET /Ov-Simple1.php HTTP/1.1" 200 183803 "-" "Mozilla/5.0 (Windows NT 10.0; Win64; x64) AppleWebKit/537.36 (KHTML, like Gecko) Chrome/120.0.0.0 Safari/537.36"
4.232.148.111 - - [26/Aug/2026:10:21:43 -0400] "GET /fm.php HTTP/1.1" 200 183755 "-" "Mozilla/5.0 (Windows NT 10.0; Win64; x64) AppleWebKit/537.36 (KHTML, like Gecko) Chrome/120.0.0.0 Safari/537.36"
4.232.148.111 - - [26/Aug/2026:10:21:44 -0400] "GET /ftde.php HTTP/1.1" 200 183767 "-" "Mozilla/5.0 (Windows NT 10.0; Win64; x64) AppleWebKit/537.36 (KHTML, like Gecko) Chrome/120.0.0.0 Safari/537.36"
4.232.148.111 - - [26/Aug/2026:10:21:45 -0400] "GET /hplfuns.php HTTP/1.1" 200 183785 "-" "Mozilla/5.0 (Windows NT 10.0; Win64; x64) AppleWebKit/537.36 (KHTML, like Gecko) Chrome/120.0.0.0 Safari/537.36"
4.232.148.111 - - [26/Aug/2026:10:21:45 -0400] "GET /log.php HTTP/1.1" 200 183761 "-" "Mozilla/5.0 (Windows NT 10.0; Win64; x64) AppleWebKit/537.36 (KHTML, like Gecko) Chrome/120.0.0.0 Safari/537.36"
4.232.148.111 - - [26/Aug/2026:10:21:46 -0400] "GET /test.php HTTP/1.1" 200 183767 "-" "Mozilla/5.0 (Windows NT 10.0; Win64; x64) AppleWebKit/537.36 (KHTML, like Gecko) Chrome/120.0.0.0 Safari/537.36"
198.54.126.42 - - [26/Aug/2026:10:21:47 -0400] "POST /wp-cron.php?doing_wp_cron=1787754107.3365778923034667968750 HTTP/1.1" 200 - "-" "WordPress/6.9.4; https://www.autocomlimited.com"
4.232.148.111 - - [26/Aug/2026:10:21:46 -0400] "GET /txets.php HTTP/1.1" 200 183773 "-" "Mozilla/5.0 (Windows NT 10.0; Win64; x64) AppleWebKit/537.36 (KHTML, like Gecko) Chrome/120.0.0.0 Safari/537.36"
4.232.148.111 - - [26/Aug/2026:10:21:47 -0400] "GET /wp-admin.php HTTP/1.1" 200 183791 "-" "Mozilla/5.0 (Windows NT 10.0; Win64; x64) AppleWebKit/537.36 (KHTML, like Gecko) Chrome/120.0.0.0 Safari/537.36"
4.232.148.111 - - [26/Aug/2026:10:21:48 -0400] "GET /wp-config-sample.php HTTP/1.1" 200 183839 "-" "Mozilla/5.0 (Windows NT 10.0; Win64; x64) AppleWebKit/537.36 (KHTML, like Gecko) Chrome/120.0.0.0 Safari/537.36"
4.232.148.111 - - [26/Aug/2026:10:21:49 -0400] "GET /wp-content/packed.php HTTP/1.1" 200 183850 "-" "Mozilla/5.0 (Windows NT 10.0; Win64; x64) AppleWebKit/537.36 (KHTML, like Gecko) Chrome/120.0.0.0 Safari/537.36"
4.232.148.111 - - [26/Aug/2026:10:21:50 -0400] "GET /wp-includes/IXR/ HTTP/1.1" 200 594 "-" "Mozilla/5.0 (Windows NT 10.0; Win64; x64) AppleWebKit/537.36 (KHTML, like Gecko) Chrome/120.0.0.0 Safari/537.36"
216.73.217.80 - - [26/Aug/2026:10:21:49 -0400] "GET /sitemap.xml HTTP/1.1" 200 111556 "-" "Mozilla/5.0 AppleWebKit/537.36 (KHTML, like Gecko; compatible; ClaudeBot/1.0; +claudebot@anthropic.com)"
57.141.18.121 - - [26/Aug/2026:10:22:02 -0400] "GET /product/oem-no-425/?rename=%2Fhome%2Fautocomlimi%2Fpublic_html%2Fphp.ini HTTP/1.1" 200 115978 "-" "Mozilla/5.0 (Windows NT 10.0; Win64; x64) AppleWebKit/537.36 (KHTML, like Gecko) Chrome/145.0.0.0 Safari/537.36 (compatible; meta-externalagent/1.1 (+https://developers.facebook.com/docs/sharing/webmasters/crawler))"
57.141.18.81 - - [26/Aug/2026:10:22:04 -0400] "GET /product/oem-no-425/?edit=%2Fhome%2Fautocomlimi%2Fpublic_html%2Fwp-trackback.php HTTP/1.1" 200 121909 "-" "Mozilla/5.0 (X11; Linux x86_64) AppleWebKit/537.36 (KHTML, like Gecko) Chrome/145.0.0.0 Safari/537.36 (compatible; meta-externalagent/1.1 (+https://developers.facebook.com/docs/sharing/webmasters/crawler))"
198.54.126.42 - - [26/Aug/2026:10:23:25 -0400] "POST /wp-cron.php?doing_wp_cron=1787754205.3491749763488769531250 HTTP/1.1" 200 - "-" "WordPress/6.9.4; https://www.autocomlimited.com"
57.141.18.25 - - [26/Aug/2026:10:23:24 -0400] "GET /product/oem-no-425/?rename=%2Fhome%2Fautocomlimi%2Fpublic_html%2Fwp-comments-post.php HTTP/1.1" 200 116030 "-" "Mozilla/5.0 (Macintosh; Intel Mac OS X 10_15_7) AppleWebKit/537.36 (KHTML, like Gecko) Chrome/145.0.0.0 Safari/537.36 (compatible; meta-externalagent/1.1 (+https://developers.facebook.com/docs/sharing/webmasters/crawler))"
198.54.126.42 - - [26/Aug/2026:10:25:22 -0400] "POST /wp-cron.php?doing_wp_cron=1787754322.5122110843658447265625 HTTP/1.1" 200 - "-" "WordPress/6.9.4; https://www.autocomlimited.com"
57.141.18.86 - - [26/Aug/2026:10:25:21 -0400] "GET /product/oem-no-1004-710/ HTTP/1.1" 200 213512 "-" "Mozilla/5.0 (Windows NT 10.0; Win64; x64) AppleWebKit/537.36 (KHTML, like Gecko) Chrome/145.0.0.0 Safari/537.36 (compatible; meta-externalagent/1.1 (+https://developers.facebook.com/docs/sharing/webmasters/crawler))"
57.141.18.1 - - [26/Aug/2026:10:25:39 -0400] "GET /product/oem-no-1004-710/?chmod=%2Fhome%2Fautocomlimi%2Fpublic_html%2Fwp-settings.php HTTP/1.1" 200 116137 "-" "Mozilla/5.0 (Windows NT 10.0; Win64; x64) AppleWebKit/537.36 (KHTML, like Gecko) Chrome/145.0.0.0 Safari/537.36 (compatible; meta-externalagent/1.1 (+https://developers.facebook.com/docs/sharing/webmasters/crawler))"
198.54.126.42 - - [26/Aug/2026:10:25:47 -0400] "POST /wp-cron.php?doing_wp_cron=1787754347.0769939422607421875000 HTTP/1.1" 200 - "-" "WordPress/6.9.4; https://www.autocomlimited.com"
57.141.18.1 - - [26/Aug/2026:10:25:45 -0400] "GET /product/oem-no-1004-710/?rename=%2Fhome%2Fautocomlimi%2Fpublic_html%2Fphp.ini HTTP/1.1" 200 116131 "-" "Mozilla/5.0 (Windows NT 10.0; Win64; x64) AppleWebKit/537.36 (KHTML, like Gecko) Chrome/145.0.0.0 Safari/537.36 (compatible; meta-externalagent/1.1 (+https://developers.facebook.com/docs/sharing/webmasters/crawler))"
57.141.18.25 - - [26/Aug/2026:10:25:45 -0400] "GET /product/oem-no-1004-710/?rename=%2Fhome%2Fautocomlimi%2Fpublic_html%2F%40LongLink HTTP/1.1" 200 116415 "-" "Mozilla/5.0 (Macintosh; Intel Mac OS X 10_15_7) AppleWebKit/537.36 (KHTML, like Gecko) Chrome/145.0.0.0 Safari/537.36 (compatible; meta-externalagent/1.1 (+https://developers.facebook.com/docs/sharing/webmasters/crawler))"
198.54.126.42 - - [26/Aug/2026:10:26:09 -0400] "POST /wp-cron.php?doing_wp_cron=1787754369.4579720497131347656250 HTTP/1.1" 200 - "-" "WordPress/6.9.4; https://www.autocomlimited.com"
161.153.11.8 - - [26/Aug/2026:10:26:09 -0400] "GET /useable-vehicle-eicher/tractor HTTP/1.1" 200 109958 "-" "Mozilla/5.0 (X11; Linux aarch64) AppleWebKit/537.36 (KHTML, like Gecko) Chrome/139.0.0.0 Safari/537.36"
85.208.96.206 - - [26/Aug/2026:10:26:13 -0400] "GET /product/oem-no-2654403/ HTTP/1.1" 200 212942 "-" "Mozilla/5.0 (compatible; SemrushBot/7~bl; +http://www.semrush.com/bot.html)"
52.139.37.240 - - [26/Aug/2026:10:26:27 -0400] "GET /wp-blog-header.php HTTP/1.1" 200 109954 "-" "Mozilla/5.0 (Windows NT 10.0; Win64; x64) AppleWebKit/537.36 (KHTML, like Gecko) Chrome/120.0.0.0 Safari/537.36"
52.139.37.240 - - [26/Aug/2026:10:26:28 -0400] "GET /wp-trackback.php HTTP/1.1" 200 110089 "-" "Mozilla/5.0 (Windows NT 10.0; Win64; x64) AppleWebKit/537.36 (KHTML, like Gecko) Chrome/120.0.0.0 Safari/537.36"
52.139.37.240 - - [26/Aug/2026:10:26:28 -0400] "GET /wp-signup.php HTTP/1.1" 200 109954 "-" "Mozilla/5.0 (Windows NT 10.0; Win64; x64) AppleWebKit/537.36 (KHTML, like Gecko) Chrome/120.0.0.0 Safari/537.36"
52.139.37.240 - - [26/Aug/2026:10:26:29 -0400] "GET /wp-cron.php HTTP/1.1" 200 - "-" "Mozilla/5.0 (Windows NT 10.0; Win64; x64) AppleWebKit/537.36 (KHTML, like Gecko) Chrome/120.0.0.0 Safari/537.36"
52.139.37.240 - - [26/Aug/2026:10:26:29 -0400] "GET /wp-load.php HTTP/1.1" 200 109954 "-" "Mozilla/5.0 (Windows NT 10.0; Win64; x64) AppleWebKit/537.36 (KHTML, like Gecko) Chrome/120.0.0.0 Safari/537.36"
52.139.37.240 - - [26/Aug/2026:10:26:30 -0400] "GET /wp-mail.php HTTP/1.1" 200 112508 "-" "Mozilla/5.0 (Windows NT 10.0; Win64; x64) AppleWebKit/537.36 (KHTML, like Gecko) Chrome/120.0.0.0 Safari/537.36"
52.139.37.240 - - [26/Aug/2026:10:26:30 -0400] "GET /edit.php HTTP/1.1" 200 109954 "-" "Mozilla/5.0 (Windows NT 10.0; Win64; x64) AppleWebKit/537.36 (KHTML, like Gecko) Chrome/120.0.0.0 Safari/537.36"
52.139.37.240 - - [26/Aug/2026:10:26:31 -0400] "GET /wp-activate.php HTTP/1.1" 302 - "-" "Mozilla/5.0 (Windows NT 10.0; Win64; x64) AppleWebKit/537.36 (KHTML, like Gecko) Chrome/120.0.0.0 Safari/537.36"
52.139.37.240 - - [26/Aug/2026:10:26:31 -0400] "GET /plugins.php HTTP/1.1" 200 109954 "-" "Mozilla/5.0 (Windows NT 10.0; Win64; x64) AppleWebKit/537.36 (KHTML, like Gecko) Chrome/120.0.0.0 Safari/537.36"
52.139.37.240 - - [26/Aug/2026:10:26:31 -0400] "GET /post.php HTTP/1.1" 200 109954 "-" "Mozilla/5.0 (Windows NT 10.0; Win64; x64) AppleWebKit/537.36 (KHTML, like Gecko) Chrome/120.0.0.0 Safari/537.36"
52.139.37.240 - - [26/Aug/2026:10:26:31 -0400] "GET /admin.php HTTP/1.1" 200 109954 "-" "Mozilla/5.0 (Windows NT 10.0; Win64; x64) AppleWebKit/537.36 (KHTML, like Gecko) Chrome/120.0.0.0 Safari/537.36"
52.139.37.240 - - [26/Aug/2026:10:26:32 -0400] "GET /about.php HTTP/1.1" 200 109954 "-" "Mozilla/5.0 (Windows NT 10.0; Win64; x64) AppleWebKit/537.36 (KHTML, like Gecko) Chrome/120.0.0.0 Safari/537.36"
52.139.37.240 - - [26/Aug/2026:10:26:32 -0400] "GET /wp-2019.php HTTP/1.1" 200 109954 "-" "Mozilla/5.0 (Windows NT 10.0; Win64; x64) AppleWebKit/537.36 (KHTML, like Gecko) Chrome/120.0.0.0 Safari/537.36"
52.139.37.240 - - [26/Aug/2026:10:26:33 -0400] "GET /atomlib.php HTTP/1.1" 200 109954 "-" "Mozilla/5.0 (Windows NT 10.0; Win64; x64) AppleWebKit/537.36 (KHTML, like Gecko) Chrome/120.0.0.0 Safari/537.36"
52.139.37.240 - - [26/Aug/2026:10:26:33 -0400] "GET /simple.php HTTP/1.1" 200 109954 "-" "Mozilla/5.0 (Windows NT 10.0; Win64; x64) AppleWebKit/537.36 (KHTML, like Gecko) Chrome/120.0.0.0 Safari/537.36"
52.139.37.240 - - [26/Aug/2026:10:26:33 -0400] "GET /log.php HTTP/1.1" 200 109954 "-" "Mozilla/5.0 (Windows NT 10.0; Win64; x64) AppleWebKit/537.36 (KHTML, like Gecko) Chrome/120.0.0.0 Safari/537.36"
52.139.37.240 - - [26/Aug/2026:10:26:34 -0400] "GET /index.php HTTP/1.1" 200 109954 "-" "Mozilla/5.0 (Windows NT 10.0; Win64; x64) AppleWebKit/537.36 (KHTML, like Gecko) Chrome/120.0.0.0 Safari/537.36"
52.139.37.240 - - [26/Aug/2026:10:26:34 -0400] "GET /mail.php HTTP/1.1" 200 109954 "-" "Mozilla/5.0 (Windows NT 10.0; Win64; x64) AppleWebKit/537.36 (KHTML, like Gecko) Chrome/120.0.0.0 Safari/537.36"
52.139.37.240 - - [26/Aug/2026:10:26:35 -0400] "GET /lufix.php HTTP/1.1" 200 109954 "-" "Mozilla/5.0 (Windows NT 10.0; Win64; x64) AppleWebKit/537.36 (KHTML, like Gecko) Chrome/120.0.0.0 Safari/537.36"
52.139.37.240 - - [26/Aug/2026:10:26:35 -0400] "GET /doc.php HTTP/1.1" 200 109954 "-" "Mozilla/5.0 (Windows NT 10.0; Win64; x64) AppleWebKit/537.36 (KHTML, like Gecko) Chrome/120.0.0.0 Safari/537.36"
52.139.37.240 - - [26/Aug/2026:10:26:36 -0400] "GET /bak.php HTTP/1.1" 200 109954 "-" "Mozilla/5.0 (Windows NT 10.0; Win64; x64) AppleWebKit/537.36 (KHTML, like Gecko) Chrome/120.0.0.0 Safari/537.36"
52.139.37.240 - - [26/Aug/2026:10:26:36 -0400] "GET /content.php HTTP/1.1" 200 109954 "-" "Mozilla/5.0 (Windows NT 10.0; Win64; x64) AppleWebKit/537.36 (KHTML, like Gecko) Chrome/120.0.0.0 Safari/537.36"
52.139.37.240 - - [26/Aug/2026:10:26:37 -0400] "GET /upfile.php HTTP/1.1" 200 109954 "-" "Mozilla/5.0 (Windows NT 10.0; Win64; x64) AppleWebKit/537.36 (KHTML, like Gecko) Chrome/120.0.0.0 Safari/537.36"
52.139.37.240 - - [26/Aug/2026:10:26:37 -0400] "GET /wp.php HTTP/1.1" 200 109954 "-" "Mozilla/5.0 (Windows NT 10.0; Win64; x64) AppleWebKit/537.36 (KHTML, like Gecko) Chrome/120.0.0.0 Safari/537.36"
52.139.37.240 - - [26/Aug/2026:10:26:37 -0400] "GET /wp-conflg.php HTTP/1.1" 200 109954 "-" "Mozilla/5.0 (Windows NT 10.0; Win64; x64) AppleWebKit/537.36 (KHTML, like Gecko) Chrome/120.0.0.0 Safari/537.36"
52.139.37.240 - - [26/Aug/2026:10:26:38 -0400] "GET /bypass.php HTTP/1.1" 200 109954 "-" "Mozilla/5.0 (Windows NT 10.0; Win64; x64) AppleWebKit/537.36 (KHTML, like Gecko) Chrome/120.0.0.0 Safari/537.36"
52.139.37.240 - - [26/Aug/2026:10:26:38 -0400] "GET /404.php HTTP/1.1" 200 109954 "-" "Mozilla/5.0 (Windows NT 10.0; Win64; x64) AppleWebKit/537.36 (KHTML, like Gecko) Chrome/120.0.0.0 Safari/537.36"
52.139.37.240 - - [26/Aug/2026:10:26:38 -0400] "GET /updates.php HTTP/1.1" 200 109954 "-" "Mozilla/5.0 (Windows NT 10.0; Win64; x64) AppleWebKit/537.36 (KHTML, like Gecko) Chrome/120.0.0.0 Safari/537.36"
52.139.37.240 - - [26/Aug/2026:10:26:39 -0400] "GET /radio.php HTTP/1.1" 200 109954 "-" "Mozilla/5.0 (Windows NT 10.0; Win64; x64) AppleWebKit/537.36 (KHTML, like Gecko) Chrome/120.0.0.0 Safari/537.36"
52.139.37.240 - - [26/Aug/2026:10:26:39 -0400] "GET /xmrlpc.php HTTP/1.1" 200 109954 "-" "Mozilla/5.0 (Windows NT 10.0; Win64; x64) AppleWebKit/537.36 (KHTML, like Gecko) Chrome/120.0.0.0 Safari/537.36"
52.139.37.240 - - [26/Aug/2026:10:26:39 -0400] "GET /ae.php HTTP/1.1" 200 109954 "-" "Mozilla/5.0 (Windows NT 10.0; Win64; x64) AppleWebKit/537.36 (KHTML, like Gecko) Chrome/120.0.0.0 Safari/537.36"
52.139.37.240 - - [26/Aug/2026:10:26:40 -0400] "GET /moon.php HTTP/1.1" 200 109954 "-" "Mozilla/5.0 (Windows NT 10.0; Win64; x64) AppleWebKit/537.36 (KHTML, like Gecko) Chrome/120.0.0.0 Safari/537.36"
52.139.37.240 - - [26/Aug/2026:10:26:40 -0400] "GET /blog.php HTTP/1.1" 200 109954 "-" "Mozilla/5.0 (Windows NT 10.0; Win64; x64) AppleWebKit/537.36 (KHTML, like Gecko) Chrome/120.0.0.0 Safari/537.36"
52.139.37.240 - - [26/Aug/2026:10:26:41 -0400] "GET /ini.php HTTP/1.1" 200 109954 "-" "Mozilla/5.0 (Windows NT 10.0; Win64; x64) AppleWebKit/537.36 (KHTML, like Gecko) Chrome/120.0.0.0 Safari/537.36"
52.139.37.240 - - [26/Aug/2026:10:26:41 -0400] "GET /as.php HTTP/1.1" 200 109954 "-" "Mozilla/5.0 (Windows NT 10.0; Win64; x64) AppleWebKit/537.36 (KHTML, like Gecko) Chrome/120.0.0.0 Safari/537.36"
52.139.37.240 - - [26/Aug/2026:10:26:41 -0400] "GET /shell.php HTTP/1.1" 200 109954 "-" "Mozilla/5.0 (Windows NT 10.0; Win64; x64) AppleWebKit/537.36 (KHTML, like Gecko) Chrome/120.0.0.0 Safari/537.36"
52.139.37.240 - - [26/Aug/2026:10:26:42 -0400] "GET /ws.php HTTP/1.1" 200 109954 "-" "Mozilla/5.0 (Windows NT 10.0; Win64; x64) AppleWebKit/537.36 (KHTML, like Gecko) Chrome/120.0.0.0 Safari/537.36"
52.139.37.240 - - [26/Aug/2026:10:26:42 -0400] "GET /dropdown.php HTTP/1.1" 200 109954 "-" "Mozilla/5.0 (Windows NT 10.0; Win64; x64) AppleWebKit/537.36 (KHTML, like Gecko) Chrome/120.0.0.0 Safari/537.36"
198.54.126.42 - - [26/Aug/2026:10:26:43 -0400] "POST /wp-cron.php?doing_wp_cron=1787754403.3111178874969482421875 HTTP/1.1" 200 - "-" "WordPress/6.9.4; https://www.autocomlimited.com"
52.139.37.240 - - [26/Aug/2026:10:26:42 -0400] "GET /makeasmtp.php HTTP/1.1" 200 109954 "-" "Mozilla/5.0 (Windows NT 10.0; Win64; x64) AppleWebKit/537.36 (KHTML, like Gecko) Chrome/120.0.0.0 Safari/537.36"
52.139.37.240 - - [26/Aug/2026:10:26:43 -0400] "GET /wp-sigunq.php HTTP/1.1" 200 109954 "-" "Mozilla/5.0 (Windows NT 10.0; Win64; x64) AppleWebKit/537.36 (KHTML, like Gecko) Chrome/120.0.0.0 Safari/537.36"
52.139.37.240 - - [26/Aug/2026:10:26:43 -0400] "GET /wso112233.php HTTP/1.1" 200 109954 "-" "Mozilla/5.0 (Windows NT 10.0; Win64; x64) AppleWebKit/537.36 (KHTML, like Gecko) Chrome/120.0.0.0 Safari/537.36"
52.139.37.240 - - [26/Aug/2026:10:26:44 -0400] "GET /alfanew.php HTTP/1.1" 200 109954 "-" "Mozilla/5.0 (Windows NT 10.0; Win64; x64) AppleWebKit/537.36 (KHTML, like Gecko) Chrome/120.0.0.0 Safari/537.36"
52.139.37.240 - - [26/Aug/2026:10:26:44 -0400] "GET /fw.php HTTP/1.1" 200 109954 "-" "Mozilla/5.0 (Windows NT 10.0; Win64; x64) AppleWebKit/537.36 (KHTML, like Gecko) Chrome/120.0.0.0 Safari/537.36"
52.139.37.240 - - [26/Aug/2026:10:26:45 -0400] "GET /wp-content/plugins/google-seo-rank/module.php HTTP/1.1" 200 109954 "-" "Mozilla/5.0 (Windows NT 10.0; Win64; x64) AppleWebKit/537.36 (KHTML, like Gecko) Chrome/120.0.0.0 Safari/537.36"
52.139.37.240 - - [26/Aug/2026:10:26:45 -0400] "GET /simple.php HTTP/1.1" 200 109954 "-" "Mozilla/5.0 (Windows NT 10.0; Win64; x64) AppleWebKit/537.36 (KHTML, like Gecko) Chrome/120.0.0.0 Safari/537.36"
157.55.39.60 - - [26/Aug/2026:10:27:36 -0400] "GET /product/oem-no-0588631-akij?phrase=2027 HTTP/1.1" 200 109954 "-" "Mozilla/5.0 AppleWebKit/537.36 (KHTML, like Gecko; compatible; bingbot/2.0; +http://www.bing.com/bingbot.htm) Chrome/116.0.1938.76 Safari/537.36"
35.169.240.53 - - [26/Aug/2026:10:27:38 -0400] "GET /wp-json/oembed/1.0/embed?url=https://www.autocomlimited.com/product/oem-no-87139-28010/ HTTP/1.1" 200 112428 "-" "Mozilla/5.0 AppleWebKit/537.36 (KHTML, like Gecko; compatible; Amazonbot/0.1; +https://developer.amazon.com/support/amazonbot) Chrome/119.0.6045.214 Safari/537.36"
198.54.126.42 - - [26/Aug/2026:10:29:44 -0400] "POST /wp-cron.php?doing_wp_cron=1787754584.1951971054077148437500 HTTP/1.1" 200 - "-" "WordPress/6.9.4; https://www.autocomlimited.com"
207.46.13.6 - - [26/Aug/2026:10:29:43 -0400] "GET /product/oem-no-0588631-akij?rename=%2Fhome%2Fautocomlimi%2Fpublic_html%2Fphp.ini HTTP/1.1" 200 12778 "-" "Mozilla/5.0 AppleWebKit/537.36 (KHTML, like Gecko; compatible; bingbot/2.0; +http://www.bing.com/bingbot.htm) Chrome/116.0.1938.76 Safari/537.36"
207.46.13.6 - - [26/Aug/2026:10:29:44 -0400] "GET /product/oem-no-0588631-akij?chmod=%2Fhome%2Fautocomlimi%2Fpublic_html%2Ferror_log HTTP/1.1" 200 12817 "-" "Mozilla/5.0 AppleWebKit/537.36 (KHTML, like Gecko; compatible; bingbot/2.0; +http://www.bing.com/bingbot.htm) Chrome/116.0.1938.76 Safari/537.36"
207.46.13.6 - - [26/Aug/2026:10:29:44 -0400] "GET /product/oem-no-0588631-akij?edit=%2Fhome%2Fautocomlimi%2Fpublic_html%2F0m3.php HTTP/1.1" 200 21659 "-" "Mozilla/5.0 AppleWebKit/537.36 (KHTML, like Gecko; compatible; bingbot/2.0; +http://www.bing.com/bingbot.htm) Chrome/116.0.1938.76 Safari/537.36"
207.46.13.6 - - [26/Aug/2026:10:29:45 -0400] "GET /product/oem-no-0588631-akij?edit=%2Fhome%2Fautocomlimi%2Fpublic_html%2Flicense.txt HTTP/1.1" 200 32929 "-" "Mozilla/5.0 AppleWebKit/537.36 (KHTML, like Gecko; compatible; bingbot/2.0; +http://www.bing.com/bingbot.htm) Chrome/116.0.1938.76 Safari/537.36"
207.46.13.6 - - [26/Aug/2026:10:29:45 -0400] "GET /product/oem-no-0588631-akij?edit=%2Fhome%2Fautocomlimi%2Fpublic_html%2Ferror_log HTTP/1.1" 200 22233 "-" "Mozilla/5.0 AppleWebKit/537.36 (KHTML, like Gecko; compatible; bingbot/2.0; +http://www.bing.com/bingbot.htm) Chrome/116.0.1938.76 Safari/537.36"
207.46.13.6 - - [26/Aug/2026:10:29:45 -0400] "GET /product/oem-no-0588631-akij?chmod=%2Fhome%2Fautocomlimi%2Fpublic_html%2Freadme.html HTTP/1.1" 200 12819 "-" "Mozilla/5.0 AppleWebKit/537.36 (KHTML, like Gecko; compatible; bingbot/2.0; +http://www.bing.com/bingbot.htm) Chrome/116.0.1938.76 Safari/537.36"
207.46.13.6 - - [26/Aug/2026:10:29:45 -0400] "GET /product/oem-no-0588631-akij?edit=%2Fhome%2Fautocomlimi%2Fpublic_html%2Fwp-load.php HTTP/1.1" 200 17362 "-" "Mozilla/5.0 AppleWebKit/537.36 (KHTML, like Gecko; compatible; bingbot/2.0; +http://www.bing.com/bingbot.htm) Chrome/116.0.1938.76 Safari/537.36"
207.46.13.6 - - [26/Aug/2026:10:29:46 -0400] "GET /product/oem-no-0588631-akij?rename=%2Fhome%2Fautocomlimi%2Fpublic_html%2F0m1.php HTTP/1.1" 200 12778 "-" "Mozilla/5.0 AppleWebKit/537.36 (KHTML, like Gecko; compatible; bingbot/2.0; +http://www.bing.com/bingbot.htm) Chrome/116.0.1938.76 Safari/537.36"
207.46.13.6 - - [26/Aug/2026:10:29:46 -0400] "GET /product/oem-no-0588631-akij?chmod=%2Fhome%2Fautocomlimi%2Fpublic_html%2F0m3.php HTTP/1.1" 200 12815 "-" "Mozilla/5.0 AppleWebKit/537.36 (KHTML, like Gecko; compatible; bingbot/2.0; +http://www.bing.com/bingbot.htm) Chrome/116.0.1938.76 Safari/537.36"
207.46.13.6 - - [26/Aug/2026:10:29:46 -0400] "GET /product/oem-no-0588631-akij?edit=%2Fhome%2Fautocomlimi%2Fpublic_html%2F.htaccess HTTP/1.1" 403 109954 "-" "Mozilla/5.0 AppleWebKit/537.36 (KHTML, like Gecko; compatible; bingbot/2.0; +http://www.bing.com/bingbot.htm) Chrome/116.0.1938.76 Safari/537.36"
207.46.13.6 - - [26/Aug/2026:10:29:46 -0400] "GET /product/oem-no-0588631-akij?chmod=%2Fhome%2Fautocomlimi%2Fpublic_html%2Fwp-activate.php HTTP/1.1" 200 12823 "-" "Mozilla/5.0 AppleWebKit/537.36 (KHTML, like Gecko; compatible; bingbot/2.0; +http://www.bing.com/bingbot.htm) Chrome/116.0.1938.76 Safari/537.36"
207.46.13.6 - - [26/Aug/2026:10:29:47 -0400] "GET /product/oem-no-0588631-akij?rename=%2Fhome%2Fautocomlimi%2Fpublic_html%2F.well-known HTTP/1.1" 200 12786 "-" "Mozilla/5.0 AppleWebKit/537.36 (KHTML, like Gecko; compatible; bingbot/2.0; +http://www.bing.com/bingbot.htm) Chrome/116.0.1938.76 Safari/537.36"
207.46.13.6 - - [26/Aug/2026:10:29:47 -0400] "GET /product/oem-no-0588631-akij?chmod=%2Fhome%2Fautocomlimi%2Fpublic_html%2Fcgi-bin HTTP/1.1" 200 12815 "-" "Mozilla/5.0 AppleWebKit/537.36 (KHTML, like Gecko; compatible; bingbot/2.0; +http://www.bing.com/bingbot.htm) Chrome/116.0.1938.76 Safari/537.36"
207.46.13.6 - - [26/Aug/2026:10:29:47 -0400] "GET /product/oem-no-0588631-akij?lph=%2Fhome%2Fautocomlimi%2Fpublic_html%2Fwp-includes HTTP/1.1" 200 462266 "-" "Mozilla/5.0 AppleWebKit/537.36 (KHTML, like Gecko; compatible; bingbot/2.0; +http://www.bing.com/bingbot.htm) Chrome/116.0.1938.76 Safari/537.36"
207.46.13.6 - - [26/Aug/2026:10:29:48 -0400] "GET /product/oem-no-0588631-akij?rename=%2Fhome%2Fautocomlimi%2Fpublic_html%2Fwp-activate.php HTTP/1.1" 200 12794 "-" "Mozilla/5.0 AppleWebKit/537.36 (KHTML, like Gecko; compatible; bingbot/2.0; +http://www.bing.com/bingbot.htm) Chrome/116.0.1938.76 Safari/537.36"
207.46.13.6 - - [26/Aug/2026:10:29:48 -0400] "GET /product/oem-no-0588631-akij?chmod=%2Fhome%2Fautocomlimi%2Fpublic_html%2Fwp-load.php HTTP/1.1" 200 12819 "-" "Mozilla/5.0 AppleWebKit/537.36 (KHTML, like Gecko; compatible; bingbot/2.0; +http://www.bing.com/bingbot.htm) Chrome/116.0.1938.76 Safari/537.36"
207.46.13.6 - - [26/Aug/2026:10:29:48 -0400] "GET /product/oem-no-0588631-akij?edit=%2Fhome%2Fautocomlimi%2Fpublic_html%2Fwp-links-opml.php HTTP/1.1" 200 15902 "-" "Mozilla/5.0 AppleWebKit/537.36 (KHTML, like Gecko; compatible; bingbot/2.0; +http://www.bing.com/bingbot.htm) Chrome/116.0.1938.76 Safari/537.36"
207.46.13.6 - - [26/Aug/2026:10:29:48 -0400] "GET /product/oem-no-0588631-akij?rename=%2Fhome%2Fautocomlimi%2Fpublic_html%2Fwp-blog-header.php HTTP/1.1" 200 12800 "-" "Mozilla/5.0 AppleWebKit/537.36 (KHTML, like Gecko; compatible; bingbot/2.0; +http://www.bing.com/bingbot.htm) Chrome/116.0.1938.76 Safari/537.36"
207.46.13.6 - - [26/Aug/2026:10:29:49 -0400] "GET /product/oem-no-0588631-akij?rename=%2Fhome%2Fautocomlimi%2Fpublic_html%2Fwp-includes HTTP/1.1" 200 12786 "-" "Mozilla/5.0 AppleWebKit/537.36 (KHTML, like Gecko; compatible; bingbot/2.0; +http://www.bing.com/bingbot.htm) Chrome/116.0.1938.76 Safari/537.36"
207.46.13.6 - - [26/Aug/2026:10:29:49 -0400] "GET /product/oem-no-0588631-akij?chmod=%2Fhome%2Fautocomlimi%2Fpublic_html%2Fwp-mail.php HTTP/1.1" 200 12819 "-" "Mozilla/5.0 AppleWebKit/537.36 (KHTML, like Gecko; compatible; bingbot/2.0; +http://www.bing.com/bingbot.htm) Chrome/116.0.1938.76 Safari/537.36"
207.46.13.6 - - [26/Aug/2026:10:29:49 -0400] "GET /product/oem-no-0588631-akij?lph=%2Fhome%2Fautocomlimi%2Fpublic_html%2F.well-known HTTP/1.1" 200 70144 "-" "Mozilla/5.0 AppleWebKit/537.36 (KHTML, like Gecko; compatible; bingbot/2.0; +http://www.bing.com/bingbot.htm) Chrome/116.0.1938.76 Safari/537.36"
207.46.13.6 - - [26/Aug/2026:10:29:49 -0400] "GET /product/oem-no-0588631-akij?chmod=%2Fhome%2Fautocomlimi%2Fpublic_html%2F0m1.php HTTP/1.1" 200 12815 "-" "Mozilla/5.0 AppleWebKit/537.36 (KHTML, like Gecko; compatible; bingbot/2.0; +http://www.bing.com/bingbot.htm) Chrome/116.0.1938.76 Safari/537.36"
207.46.13.6 - - [26/Aug/2026:10:29:50 -0400] "GET /product/oem-no-0588631-akij?rename=%2Fhome%2Fautocomlimi%2Fpublic_html%2Fcgi-bin HTTP/1.1" 200 12778 "-" "Mozilla/5.0 AppleWebKit/537.36 (KHTML, like Gecko; compatible; bingbot/2.0; +http://www.bing.com/bingbot.htm) Chrome/116.0.1938.76 Safari/537.36"
207.46.13.6 - - [26/Aug/2026:10:29:50 -0400] "GET /product/oem-no-0588631-akij?rename=%2Fhome%2Fautocomlimi%2Fpublic_html%2Fgoogle6097ad7e7413fc49.html HTTP/1.1" 200 12818 "-" "Mozilla/5.0 AppleWebKit/537.36 (KHTML, like Gecko; compatible; bingbot/2.0; +http://www.bing.com/bingbot.htm) Chrome/116.0.1938.76 Safari/537.36"
207.46.13.6 - - [26/Aug/2026:10:29:50 -0400] "GET /product/oem-no-0588631-akij?rename=%2Fhome%2Fautocomlimi%2Fpublic_html%2Fwp-links-opml.php HTTP/1.1" 200 12798 "-" "Mozilla/5.0 AppleWebKit/537.36 (KHTML, like Gecko; compatible; bingbot/2.0; +http://www.bing.com/bingbot.htm) Chrome/116.0.1938.76 Safari/537.36"
207.46.13.6 - - [26/Aug/2026:10:29:51 -0400] "GET /product/oem-no-0588631-akij?rename=%2Fhome%2Fautocomlimi%2Fpublic_html%2Freadme.html HTTP/1.1" 200 12786 "-" "Mozilla/5.0 AppleWebKit/537.36 (KHTML, like Gecko; compatible; bingbot/2.0; +http://www.bing.com/bingbot.htm) Chrome/116.0.1938.76 Safari/537.36"
207.46.13.6 - - [26/Aug/2026:10:29:51 -0400] "GET /product/oem-no-0588631-akij?rename=%2Fhome%2Fautocomlimi%2Fpublic_html%2Fwp-login.php HTTP/1.1" 200 12788 "-" "Mozilla/5.0 AppleWebKit/537.36 (KHTML, like Gecko; compatible; bingbot/2.0; +http://www.bing.com/bingbot.htm) Chrome/116.0.1938.76 Safari/537.36"
207.46.13.6 - - [26/Aug/2026:10:29:51 -0400] "GET /product/oem-no-0588631-akij?chmod=%2Fhome%2Fautocomlimi%2Fpublic_html%2F.well-known HTTP/1.1" 200 12819 "-" "Mozilla/5.0 AppleWebKit/537.36 (KHTML, like Gecko; compatible; bingbot/2.0; +http://www.bing.com/bingbot.htm) Chrome/116.0.1938.76 Safari/537.36"
207.46.13.6 - - [26/Aug/2026:10:29:51 -0400] "GET /product/oem-no-0588631-akij?edit=%2Fhome%2Fautocomlimi%2Fpublic_html%2Findex.php HTTP/1.1" 200 13278 "-" "Mozilla/5.0 AppleWebKit/537.36 (KHTML, like Gecko; compatible; bingbot/2.0; +http://www.bing.com/bingbot.htm) Chrome/116.0.1938.76 Safari/537.36"
207.46.13.6 - - [26/Aug/2026:10:29:52 -0400] "GET /product/oem-no-0588631-akij?rename=%2Fhome%2Fautocomlimi%2Fpublic_html%2F.htaccess HTTP/1.1" 403 109954 "-" "Mozilla/5.0 AppleWebKit/537.36 (KHTML, like Gecko; compatible; bingbot/2.0; +http://www.bing.com/bingbot.htm) Chrome/116.0.1938.76 Safari/537.36"
207.46.13.6 - - [26/Aug/2026:10:29:54 -0400] "GET /product/oem-no-0588631-akij?edit=%2Fhome%2Fautocomlimi%2Fpublic_html%2Fwp-signup.php HTTP/1.1" 200 54377 "-" "Mozilla/5.0 AppleWebKit/537.36 (KHTML, like Gecko; compatible; bingbot/2.0; +http://www.bing.com/bingbot.htm) Chrome/116.0.1938.76 Safari/537.36"
207.46.13.6 - - [26/Aug/2026:10:30:13 -0400] "GET /product/oem-no-0588631-akij?chmod=%2Fhome%2Fautocomlimi%2Fpublic_html%2Fwp-admin HTTP/1.1" 200 12816 "-" "Mozilla/5.0 AppleWebKit/537.36 (KHTML, like Gecko; compatible; bingbot/2.0; +http://www.bing.com/bingbot.htm) Chrome/116.0.1938.76 Safari/537.36"
207.46.13.6 - - [26/Aug/2026:10:30:13 -0400] "GET /product/oem-no-0588631-akij?lph=%2Fhome%2Fautocomlimi%2Fpublic_html%2Fcgi-bin HTTP/1.1" 200 68878 "-" "Mozilla/5.0 AppleWebKit/537.36 (KHTML, like Gecko; compatible; bingbot/2.0; +http://www.bing.com/bingbot.htm) Chrome/116.0.1938.76 Safari/537.36"
207.46.13.6 - - [26/Aug/2026:10:30:14 -0400] "GET /product/oem-no-0588631-akij?rename=%2Fhome%2Fautocomlimi%2Fpublic_html%2Fwp-load.php HTTP/1.1" 200 12786 "-" "Mozilla/5.0 AppleWebKit/537.36 (KHTML, like Gecko; compatible; bingbot/2.0; +http://www.bing.com/bingbot.htm) Chrome/116.0.1938.76 Safari/537.36"
207.46.13.6 - - [26/Aug/2026:10:30:14 -0400] "GET /product/oem-no-0588631-akij?chmod=%2Fhome%2Fautocomlimi%2Fpublic_html%2Fwp-content HTTP/1.1" 200 12818 "-" "Mozilla/5.0 AppleWebKit/537.36 (KHTML, like Gecko; compatible; bingbot/2.0; +http://www.bing.com/bingbot.htm) Chrome/116.0.1938.76 Safari/537.36"
207.46.13.6 - - [26/Aug/2026:10:30:14 -0400] "GET /product/oem-no-0588631-akij?chmod=%2Fhome%2Fautocomlimi%2Fpublic_html%2F0m.php HTTP/1.1" 200 12814 "-" "Mozilla/5.0 AppleWebKit/537.36 (KHTML, like Gecko; compatible; bingbot/2.0; +http://www.bing.com/bingbot.htm) Chrome/116.0.1938.76 Safari/537.36"
207.46.13.6 - - [26/Aug/2026:10:30:14 -0400] "GET /product/oem-no-0588631-akij?chmod=%2Fhome%2Fautocomlimi%2Fpublic_html%2Fwp-signup.php HTTP/1.1" 200 12821 "-" "Mozilla/5.0 AppleWebKit/537.36 (KHTML, like Gecko; compatible; bingbot/2.0; +http://www.bing.com/bingbot.htm) Chrome/116.0.1938.76 Safari/537.36"
207.46.13.6 - - [26/Aug/2026:10:30:15 -0400] "GET /product/oem-no-0588631-akij?chmod=%2Fhome%2Fautocomlimi%2Fpublic_html%2Fwp-links-opml.php HTTP/1.1" 200 12825 "-" "Mozilla/5.0 AppleWebKit/537.36 (KHTML, like Gecko; compatible; bingbot/2.0; +http://www.bing.com/bingbot.htm) Chrome/116.0.1938.76 Safari/537.36"
207.46.13.6 - - [26/Aug/2026:10:30:20 -0400] "GET /product/oem-no-0588631-akij?lph=%2Fhome%2Fautocomlimi%2Fpublic_html%2Fwp-includes%2Ffonts HTTP/1.1" 200 83705 "-" "Mozilla/5.0 AppleWebKit/537.36 (KHTML, like Gecko; compatible; bingbot/2.0; +http://www.bing.com/bingbot.htm) Chrome/116.0.1938.76 Safari/537.36"
207.46.13.6 - - [26/Aug/2026:10:30:20 -0400] "GET /product/oem-no-0588631-akij?edit=%2Fhome%2Fautocomlimi%2Fpublic_html%2Fwp-includes%2Fclass-wp-customize-nav-menus.php HTTP/1.1" 200 82002 "-" "Mozilla/5.0 AppleWebKit/537.36 (KHTML, like Gecko; compatible; bingbot/2.0; +http://www.bing.com/bingbot.htm) Chrome/116.0.1938.76 Safari/537.36"
207.46.13.6 - - [26/Aug/2026:10:30:21 -0400] "GET /product/oem-no-0588631-akij?edit=%2Fhome%2Fautocomlimi%2Fpublic_html%2Fwp-includes%2Fmeta.php HTTP/1.1" 200 83614 "-" "Mozilla/5.0 AppleWebKit/537.36 (KHTML, like Gecko; compatible; bingbot/2.0; +http://www.bing.com/bingbot.htm) Chrome/116.0.1938.76 Safari/537.36"
207.46.13.6 - - [26/Aug/2026:10:30:22 -0400] "GET /product/oem-no-0588631-akij?edit=%2Fhome%2Fautocomlimi%2Fpublic_html%2F.htaccess HTTP/1.1" 403 109954 "-" "Mozilla/5.0 AppleWebKit/537.36 (KHTML, like Gecko; compatible; bingbot/2.0; +http://www.bing.com/bingbot.htm) Chrome/116.0.1938.76 Safari/537.36"
207.46.13.6 - - [26/Aug/2026:10:30:23 -0400] "GET /product/oem-no-0588631-akij?chmod=%2Fhome%2Fautocomlimi%2Fpublic_html%2Fwp-config.php HTTP/1.1" 403 109954 "-" "Mozilla/5.0 AppleWebKit/537.36 (KHTML, like Gecko; compatible; bingbot/2.0; +http://www.bing.com/bingbot.htm) Chrome/116.0.1938.76 Safari/537.36"
207.46.13.6 - - [26/Aug/2026:10:30:25 -0400] "GET /product/oem-no-0588631-akij?chmod=%2Fhome%2Fautocomlimi%2Fpublic_html%2Fwp-includes%2Fshortcodes.php HTTP/1.1" 200 12836 "-" "Mozilla/5.0 AppleWebKit/537.36 (KHTML, like Gecko; compatible; bingbot/2.0; +http://www.bing.com/bingbot.htm) Chrome/116.0.1938.76 Safari/537.36"
207.46.13.6 - - [26/Aug/2026:10:30:25 -0400] "GET /product/oem-no-0588631-akij?rename=%2Fhome%2Fautocomlimi%2Fpublic_html%2F.htaccess HTTP/1.1" 403 109954 "-" "Mozilla/5.0 AppleWebKit/537.36 (KHTML, like Gecko; compatible; bingbot/2.0; +http://www.bing.com/bingbot.htm) Chrome/116.0.1938.76 Safari/537.36"
207.46.13.6 - - [26/Aug/2026:10:30:26 -0400] "GET /product/oem-no-0588631-akij?chmod=%2Fhome%2Fautocomlimi%2Fpublic_html%2Fwp-includes%2Fclass-wp-theme-json-resolver.php HTTP/1.1" 200 12854 "-" "Mozilla/5.0 AppleWebKit/537.36 (KHTML, like Gecko; compatible; bingbot/2.0; +http://www.bing.com/bingbot.htm) Chrome/116.0.1938.76 Safari/537.36"
157.55.39.60 - - [26/Aug/2026:10:30:30 -0400] "GET /product/oem-no-0588631-akij?rename=%2Fhome%2Fautocomlimi%2Fpublic_html%2Fwp-trackback.php HTTP/1.1" 200 12796 "-" "Mozilla/5.0 AppleWebKit/537.36 (KHTML, like Gecko; compatible; bingbot/2.0; +http://www.bing.com/bingbot.htm) Chrome/116.0.1938.76 Safari/537.36"
157.55.39.60 - - [26/Aug/2026:10:30:31 -0400] "GET /product/oem-no-0588631-akij?chmod=%2Fhome%2Fautocomlimi%2Fpublic_html%2Fwp-blog-header.php HTTP/1.1" 200 12826 "-" "Mozilla/5.0 AppleWebKit/537.36 (KHTML, like Gecko; compatible; bingbot/2.0; +http://www.bing.com/bingbot.htm) Chrome/116.0.1938.76 Safari/537.36"
157.55.39.60 - - [26/Aug/2026:10:30:31 -0400] "GET /product/oem-no-0588631-akij?edit=%2Fhome%2Fautocomlimi%2Fpublic_html%2Fcp_errordocument.shtml HTTP/1.1" 200 24618 "-" "Mozilla/5.0 AppleWebKit/537.36 (KHTML, like Gecko; compatible; bingbot/2.0; +http://www.bing.com/bingbot.htm) Chrome/116.0.1938.76 Safari/537.36"
157.55.39.60 - - [26/Aug/2026:10:30:31 -0400] "GET /product/oem-no-0588631-akij?chmod=%2Fhome%2Fautocomlimi%2Fpublic_html%2Fcp_errordocument.shtml HTTP/1.1" 200 12830 "-" "Mozilla/5.0 AppleWebKit/537.36 (KHTML, like Gecko; compatible; bingbot/2.0; +http://www.bing.com/bingbot.htm) Chrome/116.0.1938.76 Safari/537.36"
157.55.39.60 - - [26/Aug/2026:10:30:32 -0400] "GET /product/oem-no-0588631-akij?lph=%2Fhome%2Fautocomlimi%2Fpublic_html%2Fwp-content HTTP/1.1" 200 82709 "-" "Mozilla/5.0 AppleWebKit/537.36 (KHTML, like Gecko; compatible; bingbot/2.0; +http://www.bing.com/bingbot.htm) Chrome/116.0.1938.76 Safari/537.36"
157.55.39.60 - - [26/Aug/2026:10:30:32 -0400] "GET /product/oem-no-0588631-akij?chmod=%2Fhome%2Fautocomlimi%2Fpublic_html%2F.htaccess HTTP/1.1" 403 109954 "-" "Mozilla/5.0 AppleWebKit/537.36 (KHTML, like Gecko; compatible; bingbot/2.0; +http://www.bing.com/bingbot.htm) Chrome/116.0.1938.76 Safari/537.36"
157.55.39.60 - - [26/Aug/2026:10:30:32 -0400] "GET /product/oem-no-0588631-akij?rename=%2Fhome%2Fautocomlimi%2Fpublic_html%2Ferror_log HTTP/1.1" 200 12782 "-" "Mozilla/5.0 AppleWebKit/537.36 (KHTML, like Gecko; compatible; bingbot/2.0; +http://www.bing.com/bingbot.htm) Chrome/116.0.1938.76 Safari/537.36"
157.55.39.60 - - [26/Aug/2026:10:30:33 -0400] "GET /product/oem-no-0588631-akij?chmod=%2Fhome%2Fautocomlimi%2Fpublic_html%2Fwp-cron.php HTTP/1.1" 200 12819 "-" "Mozilla/5.0 AppleWebKit/537.36 (KHTML, like Gecko; compatible; bingbot/2.0; +http://www.bing.com/bingbot.htm) Chrome/116.0.1938.76 Safari/537.36"
157.55.39.60 - - [26/Aug/2026:10:30:33 -0400] "GET /product/oem-no-0588631-akij?edit=%2Fhome%2Fautocomlimi%2Fpublic_html%2Fw3ll_execution_logs.txt HTTP/1.1" 200 13207 "-" "Mozilla/5.0 AppleWebKit/537.36 (KHTML, like Gecko; compatible; bingbot/2.0; +http://www.bing.com/bingbot.htm) Chrome/116.0.1938.76 Safari/537.36"
157.55.39.60 - - [26/Aug/2026:10:30:33 -0400] "GET /product/oem-no-0588631-akij?chmod=%2Fhome%2Fautocomlimi%2Fpublic_html%2Fgoogle6097ad7e7413fc49.html HTTP/1.1" 200 12835 "-" "Mozilla/5.0 AppleWebKit/537.36 (KHTML, like Gecko; compatible; bingbot/2.0; +http://www.bing.com/bingbot.htm) Chrome/116.0.1938.76 Safari/537.36"
157.55.39.60 - - [26/Aug/2026:10:30:34 -0400] "GET /product/oem-no-0588631-akij?edit=%2Fhome%2Fautocomlimi%2Fpublic_html%2Fgoogle6097ad7e7413fc49.html HTTP/1.1" 200 12916 "-" "Mozilla/5.0 AppleWebKit/537.36 (KHTML, like Gecko; compatible; bingbot/2.0; +http://www.bing.com/bingbot.htm) Chrome/116.0.1938.76 Safari/537.36"
157.55.39.60 - - [26/Aug/2026:10:30:34 -0400] "GET /product/oem-no-0588631-akij?chmod=%2Fhome%2Fautocomlimi%2Fpublic_html%2Fwp-trackback.php HTTP/1.1" 200 12824 "-" "Mozilla/5.0 AppleWebKit/537.36 (KHTML, like Gecko; compatible; bingbot/2.0; +http://www.bing.com/bingbot.htm) Chrome/116.0.1938.76 Safari/537.36"
157.55.39.60 - - [26/Aug/2026:10:30:34 -0400] "GET /product/oem-no-0588631-akij?chmod=%2Fhome%2Fautocomlimi%2Fpublic_html%2Flicense.txt HTTP/1.1" 200 12819 "-" "Mozilla/5.0 AppleWebKit/537.36 (KHTML, like Gecko; compatible; bingbot/2.0; +http://www.bing.com/bingbot.htm) Chrome/116.0.1938.76 Safari/537.36"
157.55.39.60 - - [26/Aug/2026:10:30:35 -0400] "GET /product/oem-no-0588631-akij?rename=%2Fhome%2Fautocomlimi%2Fpublic_html%2Fw3ll_execution_logs.txt HTTP/1.1" 200 12810 "-" "Mozilla/5.0 AppleWebKit/537.36 (KHTML, like Gecko; compatible; bingbot/2.0; +http://www.bing.com/bingbot.htm) Chrome/116.0.1938.76 Safari/537.36"
20.15.133.165 - - [26/Aug/2026:10:30:35 -0400] "GET /robots.txt HTTP/1.1" 200 109954 "-" "Mozilla/5.0 AppleWebKit/537.36 (KHTML, like Gecko; compatible; bingbot/2.0; +http://www.bing.com/bingbot.htm) Chrome/116.0.1938.76 Safari/537.36"
157.55.39.60 - - [26/Aug/2026:10:30:35 -0400] "GET /product/oem-no-0588631-akij?lph=/ HTTP/1.1" 200 86665 "-" "Mozilla/5.0 AppleWebKit/537.36 (KHTML, like Gecko; compatible; bingbot/2.0; +http://www.bing.com/bingbot.htm) Chrome/116.0.1938.76 Safari/537.36"
157.55.39.60 - - [26/Aug/2026:10:30:35 -0400] "GET /product/oem-no-0588631-akij?lph=%2Fhome%2Fautocomlimi%2Fpublic_html%2Fwp-admin HTTP/1.1" 200 206917 "-" "Mozilla/5.0 AppleWebKit/537.36 (KHTML, like Gecko; compatible; bingbot/2.0; +http://www.bing.com/bingbot.htm) Chrome/116.0.1938.76 Safari/537.36"
157.55.39.60 - - [26/Aug/2026:10:30:36 -0400] "GET /product/oem-no-0588631-akij?rename=%2Fhome%2Fautocomlimi%2Fpublic_html%2Fwp-cron.php HTTP/1.1" 200 12786 "-" "Mozilla/5.0 AppleWebKit/537.36 (KHTML, like Gecko; compatible; bingbot/2.0; +http://www.bing.com/bingbot.htm) Chrome/116.0.1938.76 Safari/537.36"
157.55.39.60 - - [26/Aug/2026:10:30:36 -0400] "GET /product/oem-no-0588631-akij?rename=%2Fhome%2Fautocomlimi%2Fpublic_html%2F0m33.php HTTP/1.1" 200 12780 "-" "Mozilla/5.0 AppleWebKit/537.36 (KHTML, like Gecko; compatible; bingbot/2.0; +http://www.bing.com/bingbot.htm) Chrome/116.0.1938.76 Safari/537.36"
157.55.39.60 - - [26/Aug/2026:10:30:36 -0400] "GET /product/oem-no-0588631-akij?edit=%2Fhome%2Fautocomlimi%2Fpublic_html%2Fphp.ini HTTP/1.1" 200 13449 "-" "Mozilla/5.0 AppleWebKit/537.36 (KHTML, like Gecko; compatible; bingbot/2.0; +http://www.bing.com/bingbot.htm) Chrome/116.0.1938.76 Safari/537.36"
157.55.39.60 - - [26/Aug/2026:10:30:36 -0400] "GET /product/oem-no-0588631-akij?rename=%2Fhome%2Fautocomlimi%2Fpublic_html%2F0m3.php HTTP/1.1" 200 12778 "-" "Mozilla/5.0 AppleWebKit/537.36 (KHTML, like Gecko; compatible; bingbot/2.0; +http://www.bing.com/bingbot.htm) Chrome/116.0.1938.76 Safari/537.36"
157.55.39.60 - - [26/Aug/2026:10:30:37 -0400] "GET /product/oem-no-0588631-akij?rename=%2Fhome%2Fautocomlimi%2Fpublic_html%2Findex.php HTTP/1.1" 200 12782 "-" "Mozilla/5.0 AppleWebKit/537.36 (KHTML, like Gecko; compatible; bingbot/2.0; +http://www.bing.com/bingbot.htm) Chrome/116.0.1938.76 Safari/537.36"
157.55.39.60 - - [26/Aug/2026:10:30:37 -0400] "GET /product/oem-no-0588631-akij?rename=%2Fhome%2Fautocomlimi%2Fpublic_html%2F0m.php HTTP/1.1" 200 12776 "-" "Mozilla/5.0 AppleWebKit/537.36 (KHTML, like Gecko; compatible; bingbot/2.0; +http://www.bing.com/bingbot.htm) Chrome/116.0.1938.76 Safari/537.36"
157.55.39.60 - - [26/Aug/2026:10:30:37 -0400] "GET /product/oem-no-0588631-akij?edit=%2Fhome%2Fautocomlimi%2Fpublic_html%2Fwp-settings.php HTTP/1.1" 200 47450 "-" "Mozilla/5.0 AppleWebKit/537.36 (KHTML, like Gecko; compatible; bingbot/2.0; +http://www.bing.com/bingbot.htm) Chrome/116.0.1938.76 Safari/537.36"
157.55.39.60 - - [26/Aug/2026:10:30:37 -0400] "GET /product/oem-no-0588631-akij?rename=%2Fhome%2Fautocomlimi%2Fpublic_html%2F%40LongLink HTTP/1.1" 200 12782 "-" "Mozilla/5.0 AppleWebKit/537.36 (KHTML, like Gecko; compatible; bingbot/2.0; +http://www.bing.com/bingbot.htm) Chrome/116.0.1938.76 Safari/537.36"
157.55.39.60 - - [26/Aug/2026:10:30:38 -0400] "GET /product/oem-no-0588631-akij?rename=%2Fhome%2Fautocomlimi%2Fpublic_html%2Fcp_errordocument.shtml HTTP/1.1" 200 12808 "-" "Mozilla/5.0 AppleWebKit/537.36 (KHTML, like Gecko; compatible; bingbot/2.0; +http://www.bing.com/bingbot.htm) Chrome/116.0.1938.76 Safari/537.36"
157.55.39.60 - - [26/Aug/2026:10:30:38 -0400] "GET /product/oem-no-0588631-akij?lph=%2Fhome%2Fautocomlimi%2Fpublic_html%2F%40LongLink HTTP/1.1" 200 68888 "-" "Mozilla/5.0 AppleWebKit/537.36 (KHTML, like Gecko; compatible; bingbot/2.0; +http://www.bing.com/bingbot.htm) Chrome/116.0.1938.76 Safari/537.36"
157.55.39.60 - - [26/Aug/2026:10:30:38 -0400] "GET /product/oem-no-0588631-akij?rename=%2Fhome%2Fautocomlimi%2Fpublic_html%2Flicense.txt HTTP/1.1" 200 12786 "-" "Mozilla/5.0 AppleWebKit/537.36 (KHTML, like Gecko; compatible; bingbot/2.0; +http://www.bing.com/bingbot.htm) Chrome/116.0.1938.76 Safari/537.36"
157.55.39.60 - - [26/Aug/2026:10:30:38 -0400] "GET /product/oem-no-0588631-akij?chmod=%2Fhome%2Fautocomlimi%2Fpublic_html%2F0m33.php HTTP/1.1" 200 12816 "-" "Mozilla/5.0 AppleWebKit/537.36 (KHTML, like Gecko; compatible; bingbot/2.0; +http://www.bing.com/bingbot.htm) Chrome/116.0.1938.76 Safari/537.36"
157.55.39.60 - - [26/Aug/2026:10:30:39 -0400] "GET /product/oem-no-0588631-akij?edit=%2Fhome%2Fautocomlimi%2Fpublic_html%2Fwp-cron.php HTTP/1.1" 200 18809 "-" "Mozilla/5.0 AppleWebKit/537.36 (KHTML, like Gecko; compatible; bingbot/2.0; +http://www.bing.com/bingbot.htm) Chrome/116.0.1938.76 Safari/537.36"
157.55.39.60 - - [26/Aug/2026:10:30:39 -0400] "GET /product/oem-no-0588631-akij?edit=%2Fhome%2Fautocomlimi%2Fpublic_html%2Fwp-includes%2Fsitemaps.php HTTP/1.1" 200 16271 "-" "Mozilla/5.0 AppleWebKit/537.36 (KHTML, like Gecko; compatible; bingbot/2.0; +http://www.bing.com/bingbot.htm) Chrome/116.0.1938.76 Safari/537.36"
20.15.133.184 - - [26/Aug/2026:10:30:42 -0400] "GET /product/oem-no-0588631-akij?rename=%2Fhome%2Fautocomlimi%2Fpublic_html%2Fwp-comments-post.php HTTP/1.1" 200 12804 "-" "Mozilla/5.0 AppleWebKit/537.36 (KHTML, like Gecko; compatible; bingbot/2.0; +http://www.bing.com/bingbot.htm) Chrome/116.0.1938.76 Safari/537.36"
198.54.126.42 - - [26/Aug/2026:10:30:44 -0400] "POST /wp-cron.php?doing_wp_cron=1787754644.1236228942871093750000 HTTP/1.1" 200 - "-" "WordPress/6.9.4; https://www.autocomlimited.com"
207.46.13.6 - - [26/Aug/2026:10:30:43 -0400] "GET /product/oem-no-0588631-akij?chmod=%2Fhome%2Fautocomlimi%2Fpublic_html%2Fwp-config.php HTTP/1.1" 403 109954 "-" "Mozilla/5.0 AppleWebKit/537.36 (KHTML, like Gecko; compatible; bingbot/2.0; +http://www.bing.com/bingbot.htm) Chrome/116.0.1938.76 Safari/537.36"
157.55.39.60 - - [26/Aug/2026:10:30:46 -0400] "GET /product/oem-no-0588631-akij?edit=%2Fhome%2Fautocomlimi%2Fpublic_html%2F0m.php HTTP/1.1" 200 47060 "-" "Mozilla/5.0 AppleWebKit/537.36 (KHTML, like Gecko; compatible; bingbot/2.0; +http://www.bing.com/bingbot.htm) Chrome/116.0.1938.76 Safari/537.36"
57.141.18.107 - - [26/Aug/2026:10:30:58 -0400] "GET /product/oem-no-p-10001123a-bm101/ HTTP/1.1" 200 213481 "-" "Mozilla/5.0 (Windows NT 10.0; Win64; x64) AppleWebKit/537.36 (KHTML, like Gecko) Chrome/145.0.0.0 Safari/537.36 (compatible; meta-externalagent/1.1 (+https://developers.facebook.com/docs/sharing/webmasters/crawler))"
207.46.13.6 - - [26/Aug/2026:10:31:00 -0400] "GET /product/oem-no-0588631-akij?chmod=%2Fhome%2Fautocomlimi%2Fpublic_html%2Fwp-content%2Fcache HTTP/1.1" 200 12826 "-" "Mozilla/5.0 AppleWebKit/537.36 (KHTML, like Gecko; compatible; bingbot/2.0; +http://www.bing.com/bingbot.htm) Chrome/116.0.1938.76 Safari/537.36"
207.46.13.6 - - [26/Aug/2026:10:31:01 -0400] "GET /product/oem-no-0588631-akij?chmod=%2Fhome%2Fautocomlimi%2Fpublic_html%2Fwp-admin%2Fsite-health-info.php HTTP/1.1" 200 12839 "-" "Mozilla/5.0 AppleWebKit/537.36 (KHTML, like Gecko; compatible; bingbot/2.0; +http://www.bing.com/bingbot.htm) Chrome/116.0.1938.76 Safari/537.36"
207.46.13.6 - - [26/Aug/2026:10:31:02 -0400] "GET /product/oem-no-0588631-akij?edit=%2Fhome%2Fautocomlimi%2Fpublic_html%2Fwp-admin%2Fwidgets-form.php HTTP/1.1" 200 37844 "-" "Mozilla/5.0 AppleWebKit/537.36 (KHTML, like Gecko; compatible; bingbot/2.0; +http://www.bing.com/bingbot.htm) Chrome/116.0.1938.76 Safari/537.36"
157.55.39.60 - - [26/Aug/2026:10:31:06 -0400] "GET /product/oem-no-0588631-akij?edit=%2Fhome%2Fautocomlimi%2Fpublic_html%2F0m33.php HTTP/1.1" 200 162882 "-" "Mozilla/5.0 AppleWebKit/537.36 (KHTML, like Gecko; compatible; bingbot/2.0; +http://www.bing.com/bingbot.htm) Chrome/116.0.1938.76 Safari/537.36"
157.55.39.60 - - [26/Aug/2026:10:31:07 -0400] "GET /product/oem-no-0588631-akij?chmod=%2Fhome%2Fautocomlimi%2Fpublic_html%2Findex.php HTTP/1.1" 200 12817 "-" "Mozilla/5.0 AppleWebKit/537.36 (KHTML, like Gecko; compatible; bingbot/2.0; +http://www.bing.com/bingbot.htm) Chrome/116.0.1938.76 Safari/537.36"
