216.73.217.80 - - [26/Aug/2026:11:52:52 -0400] "GET /sitemap.xml?edit=%2Fhome%2Fautocomlimi%2Fpublic_html%2Fwp-includes%2Fkses.php HTTP/1.1" 200 111245 "-" "Mozilla/5.0 AppleWebKit/537.36 (KHTML, like Gecko; compatible; ClaudeBot/1.0; +claudebot@anthropic.com)"
216.73.217.80 - - [26/Aug/2026:11:52:51 -0400] "GET /sitemap.xml?rename=%2Fhome%2Fautocomlimi%2Fpublic_html%2Fwp-includes%2Fpost.php HTTP/1.1" 200 12794 "-" "Mozilla/5.0 AppleWebKit/537.36 (KHTML, like Gecko; compatible; ClaudeBot/1.0; +claudebot@anthropic.com)"
216.73.217.80 - - [26/Aug/2026:11:52:52 -0400] "GET /sitemap.xml?rename=%2Fhome%2Fautocomlimi%2Fpublic_html%2Fwp-includes%2Ffeed-rss2.php HTTP/1.1" 200 12804 "-" "Mozilla/5.0 AppleWebKit/537.36 (KHTML, like Gecko; compatible; ClaudeBot/1.0; +claudebot@anthropic.com)"
216.73.217.80 - - [26/Aug/2026:11:52:53 -0400] "GET /sitemap.xml?rename=%2Fhome%2Fautocomlimi%2Fpublic_html%2Fwp-includes%2Fhtml-api HTTP/1.1" 200 12794 "-" "Mozilla/5.0 AppleWebKit/537.36 (KHTML, like Gecko; compatible; ClaudeBot/1.0; +claudebot@anthropic.com)"
216.73.217.80 - - [26/Aug/2026:11:52:53 -0400] "GET /sitemap.xml?rename=%2Fhome%2Fautocomlimi%2Fpublic_html%2Fwp-includes%2Fclass.wp-dependencies.php HTTP/1.1" 200 12828 "-" "Mozilla/5.0 AppleWebKit/537.36 (KHTML, like Gecko; compatible; ClaudeBot/1.0; +claudebot@anthropic.com)"
216.73.217.80 - - [26/Aug/2026:11:52:52 -0400] "GET /sitemap.xml?chmod=%2Fhome%2Fautocomlimi%2Fpublic_html%2Fwp-includes%2Flink-template.php HTTP/1.1" 200 12839 "-" "Mozilla/5.0 AppleWebKit/537.36 (KHTML, like Gecko; compatible; ClaudeBot/1.0; +claudebot@anthropic.com)"
216.73.217.80 - - [26/Aug/2026:11:52:53 -0400] "GET /sitemap.xml?rename=%2Fhome%2Fautocomlimi%2Fpublic_html%2Fwp-includes%2Fcompat.php HTTP/1.1" 200 12798 "-" "Mozilla/5.0 AppleWebKit/537.36 (KHTML, like Gecko; compatible; ClaudeBot/1.0; +claudebot@anthropic.com)"
216.73.217.80 - - [26/Aug/2026:11:52:53 -0400] "GET /sitemap.xml?chmod=%2Fhome%2Fautocomlimi%2Fpublic_html%2Fwp-admin%2Fnav-menus.php HTTP/1.1" 200 12832 "-" "Mozilla/5.0 AppleWebKit/537.36 (KHTML, like Gecko; compatible; ClaudeBot/1.0; +claudebot@anthropic.com)"
216.73.217.80 - - [26/Aug/2026:11:52:54 -0400] "GET /sitemap.xml?chmod=%2Fhome%2Fautocomlimi%2Fpublic_html%2Fwp-includes%2Flocale.php HTTP/1.1" 200 12832 "-" "Mozilla/5.0 AppleWebKit/537.36 (KHTML, like Gecko; compatible; ClaudeBot/1.0; +claudebot@anthropic.com)"
216.73.217.80 - - [26/Aug/2026:11:52:53 -0400] "GET /sitemap.xml?rename=%2Fhome%2Fautocomlimi%2Fpublic_html%2Fwp-admin%2Fload-styles.php HTTP/1.1" 200 12805 "-" "Mozilla/5.0 AppleWebKit/537.36 (KHTML, like Gecko; compatible; ClaudeBot/1.0; +claudebot@anthropic.com)"
216.73.217.80 - - [26/Aug/2026:11:52:52 -0400] "GET /sitemap.xml?edit=%2Fhome%2Fautocomlimi%2Fpublic_html%2Fwp-includes%2Fdefault-filters.php HTTP/1.1" 200 60710 "-" "Mozilla/5.0 AppleWebKit/537.36 (KHTML, like Gecko; compatible; ClaudeBot/1.0; +claudebot@anthropic.com)"
216.73.217.80 - - [26/Aug/2026:11:52:54 -0400] "GET /sitemap.xml?rename=%2Fhome%2Fautocomlimi%2Fpublic_html%2Fwp-includes%2Fclass-wp-feed-cache-transient.php HTTP/1.1" 200 12844 "-" "Mozilla/5.0 AppleWebKit/537.36 (KHTML, like Gecko; compatible; ClaudeBot/1.0; +claudebot@anthropic.com)"
216.73.217.80 - - [26/Aug/2026:11:52:52 -0400] "GET /sitemap.xml?edit=%2Fhome%2Fautocomlimi%2Fpublic_html%2Fwp-includes%2Fpost-formats.php HTTP/1.1" 200 20878 "-" "Mozilla/5.0 AppleWebKit/537.36 (KHTML, like Gecko; compatible; ClaudeBot/1.0; +claudebot@anthropic.com)"
216.73.217.80 - - [26/Aug/2026:11:52:54 -0400] "GET /sitemap.xml?chmod=%2Fhome%2Fautocomlimi%2Fpublic_html%2Fwp-admin%2Flink-manager.php HTTP/1.1" 200 12835 "-" "Mozilla/5.0 AppleWebKit/537.36 (KHTML, like Gecko; compatible; ClaudeBot/1.0; +claudebot@anthropic.com)"
216.73.217.80 - - [26/Aug/2026:11:52:55 -0400] "GET /sitemap.xml?rename=%2Fhome%2Fautocomlimi%2Fpublic_html%2Fwp-includes%2Fversion.php HTTP/1.1" 200 12800 "-" "Mozilla/5.0 AppleWebKit/537.36 (KHTML, like Gecko; compatible; ClaudeBot/1.0; +claudebot@anthropic.com)"
216.73.217.80 - - [26/Aug/2026:11:52:54 -0400] "GET /sitemap.xml?edit=%2Fhome%2Fautocomlimi%2Fpublic_html%2Fwp-admin%2Foptions-privacy.php HTTP/1.1" 200 25568 "-" "Mozilla/5.0 AppleWebKit/537.36 (KHTML, like Gecko; compatible; ClaudeBot/1.0; +claudebot@anthropic.com)"
216.73.217.80 - - [26/Aug/2026:11:52:52 -0400] "GET /sitemap.xml?chmod=%2Fhome%2Fautocomlimi%2Fpublic_html%2Fwp-includes%2Fvars.php HTTP/1.1" 200 12830 "-" "Mozilla/5.0 AppleWebKit/537.36 (KHTML, like Gecko; compatible; ClaudeBot/1.0; +claudebot@anthropic.com)"
216.73.217.80 - - [26/Aug/2026:11:52:55 -0400] "GET /sitemap.xml?chmod=%2Fhome%2Fautocomlimi%2Fpublic_html%2Fwp-includes%2Ffonts.php HTTP/1.1" 200 12831 "-" "Mozilla/5.0 AppleWebKit/537.36 (KHTML, like Gecko; compatible; ClaudeBot/1.0; +claudebot@anthropic.com)"
216.73.217.80 - - [26/Aug/2026:11:52:55 -0400] "GET /sitemap.xml?rename=%2Fhome%2Fautocomlimi%2Fpublic_html%2Fwp-includes%2Fclass-wp-customize-manager.php HTTP/1.1" 200 12838 "-" "Mozilla/5.0 AppleWebKit/537.36 (KHTML, like Gecko; compatible; ClaudeBot/1.0; +claudebot@anthropic.com)"
216.73.217.80 - - [26/Aug/2026:11:52:55 -0400] "GET /sitemap.xml?chmod=%2Fhome%2Fautocomlimi%2Fpublic_html%2Fwp-admin%2Fmedia.php HTTP/1.1" 200 12828 "-" "Mozilla/5.0 AppleWebKit/537.36 (KHTML, like Gecko; compatible; ClaudeBot/1.0; +claudebot@anthropic.com)"
216.73.217.80 - - [26/Aug/2026:11:52:54 -0400] "GET /sitemap.xml?edit=%2Fhome%2Fautocomlimi%2Fpublic_html%2Fwp-includes%2Fvars.php HTTP/1.1" 200 20429 "-" "Mozilla/5.0 AppleWebKit/537.36 (KHTML, like Gecko; compatible; ClaudeBot/1.0; +claudebot@anthropic.com)"
216.73.217.80 - - [26/Aug/2026:11:52:52 -0400] "GET /sitemap.xml?rename=%2Fhome%2Fautocomlimi%2Fpublic_html%2Fwp-includes%2Fms-network.php HTTP/1.1" 200 12806 "-" "Mozilla/5.0 AppleWebKit/537.36 (KHTML, like Gecko; compatible; ClaudeBot/1.0; +claudebot@anthropic.com)"
216.73.217.80 - - [26/Aug/2026:11:52:56 -0400] "GET /sitemap.xml?rename=%2Fhome%2Fautocomlimi%2Fpublic_html%2Fwp-admin%2Fedit-tags.php HTTP/1.1" 200 12801 "-" "Mozilla/5.0 AppleWebKit/537.36 (KHTML, like Gecko; compatible; ClaudeBot/1.0; +claudebot@anthropic.com)"
216.73.217.80 - - [26/Aug/2026:11:52:55 -0400] "GET /sitemap.xml?edit=%2Fhome%2Fautocomlimi%2Fpublic_html%2Fwp-includes%2Flink-template.php HTTP/1.1" 200 188937 "-" "Mozilla/5.0 AppleWebKit/537.36 (KHTML, like Gecko; compatible; ClaudeBot/1.0; +claudebot@anthropic.com)"
216.73.217.80 - - [26/Aug/2026:11:52:56 -0400] "GET /sitemap.xml?chmod=%2Fhome%2Fautocomlimi%2Fpublic_html%2Fwp-includes%2Fclass-wp-image-editor-gd.php HTTP/1.1" 200 12850 "-" "Mozilla/5.0 AppleWebKit/537.36 (KHTML, like Gecko; compatible; ClaudeBot/1.0; +claudebot@anthropic.com)"
216.73.217.80 - - [26/Aug/2026:11:52:56 -0400] "GET /sitemap.xml?chmod=%2Fhome%2Fautocomlimi%2Fpublic_html%2Fwp-includes%2Fclass-wp-site-query.php HTTP/1.1" 200 12845 "-" "Mozilla/5.0 AppleWebKit/537.36 (KHTML, like Gecko; compatible; ClaudeBot/1.0; +claudebot@anthropic.com)"
216.73.217.80 - - [26/Aug/2026:11:52:53 -0400] "GET /sitemap.xml?chmod=%2Fhome%2Fautocomlimi%2Fpublic_html%2Fwp-includes%2Fclass-walker-category-dropdown.php HTTP/1.1" 200 12856 "-" "Mozilla/5.0 AppleWebKit/537.36 (KHTML, like Gecko; compatible; ClaudeBot/1.0; +claudebot@anthropic.com)"
216.73.217.80 - - [26/Aug/2026:11:52:56 -0400] "GET /sitemap.xml?chmod=%2Fhome%2Fautocomlimi%2Fpublic_html%2Fwp-includes%2Ftemplate-canvas.php HTTP/1.1" 200 12841 "-" "Mozilla/5.0 AppleWebKit/537.36 (KHTML, like Gecko; compatible; ClaudeBot/1.0; +claudebot@anthropic.com)"
216.73.217.80 - - [26/Aug/2026:11:52:56 -0400] "GET /sitemap.xml?chmod=%2Fhome%2Fautocomlimi%2Fpublic_html%2Fwp-admin%2Fms-themes.php HTTP/1.1" 200 12832 "-" "Mozilla/5.0 AppleWebKit/537.36 (KHTML, like Gecko; compatible; ClaudeBot/1.0; +claudebot@anthropic.com)"
216.73.217.80 - - [26/Aug/2026:11:52:57 -0400] "GET /sitemap.xml?rename=%2Fhome%2Fautocomlimi%2Fpublic_html%2Fwp-includes%2Fclass-snoopy.php HTTP/1.1" 200 12810 "-" "Mozilla/5.0 AppleWebKit/537.36 (KHTML, like Gecko; compatible; ClaudeBot/1.0; +claudebot@anthropic.com)"
216.73.217.80 - - [26/Aug/2026:11:52:57 -0400] "GET /sitemap.xml?rename=%2Fhome%2Fautocomlimi%2Fpublic_html%2Fwp-includes%2Ferror-protection.php HTTP/1.1" 200 12818 "-" "Mozilla/5.0 AppleWebKit/537.36 (KHTML, like Gecko; compatible; ClaudeBot/1.0; +claudebot@anthropic.com)"
216.73.217.80 - - [26/Aug/2026:11:52:53 -0400] "GET /sitemap.xml?rename=%2Fhome%2Fautocomlimi%2Fpublic_html%2Fwp-includes%2Fblocks.php HTTP/1.1" 200 12798 "-" "Mozilla/5.0 AppleWebKit/537.36 (KHTML, like Gecko; compatible; ClaudeBot/1.0; +claudebot@anthropic.com)"
216.73.217.80 - - [26/Aug/2026:11:52:58 -0400] "GET /sitemap.xml?rename=%2Fhome%2Fautocomlimi%2Fpublic_html%2Fwp-includes%2Fclass-wp-rewrite.php HTTP/1.1" 200 12818 "-" "Mozilla/5.0 AppleWebKit/537.36 (KHTML, like Gecko; compatible; ClaudeBot/1.0; +claudebot@anthropic.com)"
216.73.217.80 - - [26/Aug/2026:11:52:56 -0400] "GET /sitemap.xml?rename=%2Fhome%2Fautocomlimi%2Fpublic_html%2Fwp-includes%2Fclass-wp-block-patterns-registry.php HTTP/1.1" 200 12850 "-" "Mozilla/5.0 AppleWebKit/537.36 (KHTML, like Gecko; compatible; ClaudeBot/1.0; +claudebot@anthropic.com)"
216.73.217.80 - - [26/Aug/2026:11:52:58 -0400] "GET /sitemap.xml?edit=%2Fhome%2Fautocomlimi%2Fpublic_html%2Fwp-includes%2Fmedia-template.php HTTP/1.1" 200 98863 "-" "Mozilla/5.0 AppleWebKit/537.36 (KHTML, like Gecko; compatible; ClaudeBot/1.0; +claudebot@anthropic.com)"
216.73.217.80 - - [26/Aug/2026:11:52:58 -0400] "GET /sitemap.xml?chmod=%2Fhome%2Fautocomlimi%2Fpublic_html%2Fwp-admin%2Fcredits.php HTTP/1.1" 200 12830 "-" "Mozilla/5.0 AppleWebKit/537.36 (KHTML, like Gecko; compatible; ClaudeBot/1.0; +claudebot@anthropic.com)"
216.73.217.80 - - [26/Aug/2026:11:52:58 -0400] "GET /sitemap.xml?chmod=%2Fhome%2Fautocomlimi%2Fpublic_html%2Fwp-includes%2Fclass-wp-block-bindings-registry.php HTTP/1.1" 200 12858 "-" "Mozilla/5.0 AppleWebKit/537.36 (KHTML, like Gecko; compatible; ClaudeBot/1.0; +claudebot@anthropic.com)"
216.73.217.80 - - [26/Aug/2026:11:52:58 -0400] "GET /sitemap.xml?edit=%2Fhome%2Fautocomlimi%2Fpublic_html%2Fwp-includes%2Fms-site.php HTTP/1.1" 200 58099 "-" "Mozilla/5.0 AppleWebKit/537.36 (KHTML, like Gecko; compatible; ClaudeBot/1.0; +claudebot@anthropic.com)"
216.73.217.80 - - [26/Aug/2026:11:52:58 -0400] "GET /sitemap.xml?edit=%2Fhome%2Fautocomlimi%2Fpublic_html%2Fwp-includes%2Fclass-wp-locale-switcher.php HTTP/1.1" 200 19859 "-" "Mozilla/5.0 AppleWebKit/537.36 (KHTML, like Gecko; compatible; ClaudeBot/1.0; +claudebot@anthropic.com)"
216.73.217.80 - - [26/Aug/2026:11:52:58 -0400] "GET /sitemap.xml?chmod=%2Fhome%2Fautocomlimi%2Fpublic_html%2Fwp-admin%2Fms-sites.php HTTP/1.1" 200 12831 "-" "Mozilla/5.0 AppleWebKit/537.36 (KHTML, like Gecko; compatible; ClaudeBot/1.0; +claudebot@anthropic.com)"
198.54.126.42 - - [26/Aug/2026:11:52:59 -0400] "POST /wp-cron.php?doing_wp_cron=1787759579.3569369316101074218750 HTTP/1.1" 200 - "-" "WordPress/6.9.4; https://www.autocomlimited.com"
216.73.217.80 - - [26/Aug/2026:11:52:59 -0400] "GET /sitemap.xml?rename=%2Fhome%2Fautocomlimi%2Fpublic_html%2Fwp-includes%2Fclass-walker-nav-menu.php HTTP/1.1" 200 12828 "-" "Mozilla/5.0 AppleWebKit/537.36 (KHTML, like Gecko; compatible; ClaudeBot/1.0; +claudebot@anthropic.com)"
198.54.126.42 - - [26/Aug/2026:11:52:59 -0400] "POST /wp-cron.php?doing_wp_cron=1787759579.5549509525299072265625 HTTP/1.1" 200 - "-" "WordPress/6.9.4; https://www.autocomlimited.com"
216.73.217.80 - - [26/Aug/2026:11:52:59 -0400] "GET /sitemap.xml?rename=%2Fhome%2Fautocomlimi%2Fpublic_html%2Fwp-includes%2Ftheme-templates.php HTTP/1.1" 200 12816 "-" "Mozilla/5.0 AppleWebKit/537.36 (KHTML, like Gecko; compatible; ClaudeBot/1.0; +claudebot@anthropic.com)"
198.54.126.42 - - [26/Aug/2026:11:52:59 -0400] "POST /wp-cron.php?doing_wp_cron=1787759579.7146189212799072265625 HTTP/1.1" 200 - "-" "WordPress/6.9.4; https://www.autocomlimited.com"
216.73.217.80 - - [26/Aug/2026:11:52:59 -0400] "GET /sitemap.xml?rename=%2Fhome%2Fautocomlimi%2Fpublic_html%2Fwp-admin%2Fprofile.php HTTP/1.1" 200 12797 "-" "Mozilla/5.0 AppleWebKit/537.36 (KHTML, like Gecko; compatible; ClaudeBot/1.0; +claudebot@anthropic.com)"
216.73.217.80 - - [26/Aug/2026:11:52:59 -0400] "GET /sitemap.xml?rename=%2Fhome%2Fautocomlimi%2Fpublic_html%2Fwp-includes%2Fgeneral-template.php HTTP/1.1" 200 12818 "-" "Mozilla/5.0 AppleWebKit/537.36 (KHTML, like Gecko; compatible; ClaudeBot/1.0; +claudebot@anthropic.com)"
216.73.217.80 - - [26/Aug/2026:11:52:59 -0400] "GET /sitemap.xml?rename=%2Fhome%2Fautocomlimi%2Fpublic_html%2Fwp-includes%2Fpost-template.php HTTP/1.1" 200 12812 "-" "Mozilla/5.0 AppleWebKit/537.36 (KHTML, like Gecko; compatible; ClaudeBot/1.0; +claudebot@anthropic.com)"
216.73.217.80 - - [26/Aug/2026:11:52:59 -0400] "GET /sitemap.xml?chmod=%2Fhome%2Fautocomlimi%2Fpublic_html%2Fwp-includes%2Fclass-wp-locale.php HTTP/1.1" 200 12841 "-" "Mozilla/5.0 AppleWebKit/537.36 (KHTML, like Gecko; compatible; ClaudeBot/1.0; +claudebot@anthropic.com)"
216.73.217.80 - - [26/Aug/2026:11:52:59 -0400] "GET /sitemap.xml?chmod=%2Fhome%2Fautocomlimi%2Fpublic_html%2Fwp-admin%2Flink-add.php HTTP/1.1" 200 12831 "-" "Mozilla/5.0 AppleWebKit/537.36 (KHTML, like Gecko; compatible; ClaudeBot/1.0; +claudebot@anthropic.com)"
216.73.217.80 - - [26/Aug/2026:11:52:59 -0400] "GET /sitemap.xml?lph=%2Fhome%2Fautocomlimi%2Fpublic_html%2Fwp-includes%2Fblock-patterns HTTP/1.1" 200 79901 "-" "Mozilla/5.0 AppleWebKit/537.36 (KHTML, like Gecko; compatible; ClaudeBot/1.0; +claudebot@anthropic.com)"
216.73.217.80 - - [26/Aug/2026:11:53:00 -0400] "GET /sitemap.xml?chmod=%2Fhome%2Fautocomlimi%2Fpublic_html%2Fwp-includes%2Fl10n.php HTTP/1.1" 200 12830 "-" "Mozilla/5.0 AppleWebKit/537.36 (KHTML, like Gecko; compatible; ClaudeBot/1.0; +claudebot@anthropic.com)"
216.73.217.80 - - [26/Aug/2026:11:53:00 -0400] "GET /sitemap.xml?chmod=%2Fhome%2Fautocomlimi%2Fpublic_html%2Fwp-includes%2Fclass-wp-block-supports.php HTTP/1.1" 200 12849 "-" "Mozilla/5.0 AppleWebKit/537.36 (KHTML, like Gecko; compatible; ClaudeBot/1.0; +claudebot@anthropic.com)"
216.73.217.80 - - [26/Aug/2026:11:53:00 -0400] "GET /sitemap.xml?chmod=%2Fhome%2Fautocomlimi%2Fpublic_html%2Fwp-includes%2FRequests HTTP/1.1" 200 12830 "-" "Mozilla/5.0 AppleWebKit/537.36 (KHTML, like Gecko; compatible; ClaudeBot/1.0; +claudebot@anthropic.com)"
216.73.217.80 - - [26/Aug/2026:11:53:00 -0400] "GET /sitemap.xml?chmod=%2Fhome%2Fautocomlimi%2Fpublic_html%2Fwp-admin%2Fmedia-upload.php HTTP/1.1" 200 12835 "-" "Mozilla/5.0 AppleWebKit/537.36 (KHTML, like Gecko; compatible; ClaudeBot/1.0; +claudebot@anthropic.com)"
216.73.217.80 - - [26/Aug/2026:11:53:00 -0400] "GET /sitemap.xml?chmod=%2Fhome%2Fautocomlimi%2Fpublic_html%2Fwp-includes%2Fclass-wp-session-tokens.php HTTP/1.1" 200 12849 "-" "Mozilla/5.0 AppleWebKit/537.36 (KHTML, like Gecko; compatible; ClaudeBot/1.0; +claudebot@anthropic.com)"
216.73.217.80 - - [26/Aug/2026:11:53:01 -0400] "GET /sitemap.xml?chmod=%2Fhome%2Fautocomlimi%2Fpublic_html%2Fwp-includes%2Fms-files.php HTTP/1.1" 200 12834 "-" "Mozilla/5.0 AppleWebKit/537.36 (KHTML, like Gecko; compatible; ClaudeBot/1.0; +claudebot@anthropic.com)"
216.73.217.80 - - [26/Aug/2026:11:53:00 -0400] "GET /sitemap.xml?edit=%2Fhome%2Fautocomlimi%2Fpublic_html%2Fwp-admin%2Fcredits.php HTTP/1.1" 200 18933 "-" "Mozilla/5.0 AppleWebKit/537.36 (KHTML, like Gecko; compatible; ClaudeBot/1.0; +claudebot@anthropic.com)"
216.73.217.80 - - [26/Aug/2026:11:52:59 -0400] "GET /sitemap.xml?chmod=%2Fhome%2Fautocomlimi%2Fpublic_html%2Fwp-includes%2FSimplePie HTTP/1.1" 200 12831 "-" "Mozilla/5.0 AppleWebKit/537.36 (KHTML, like Gecko; compatible; ClaudeBot/1.0; +claudebot@anthropic.com)"
216.73.217.80 - - [26/Aug/2026:11:53:00 -0400] "GET /sitemap.xml?edit=%2Fhome%2Fautocomlimi%2Fpublic_html%2Fwp-admin%2Fms-sites.php HTTP/1.1" 200 13108 "-" "Mozilla/5.0 AppleWebKit/537.36 (KHTML, like Gecko; compatible; ClaudeBot/1.0; +claudebot@anthropic.com)"
216.73.217.80 - - [26/Aug/2026:11:53:01 -0400] "GET /sitemap.xml?chmod=%2Fhome%2Fautocomlimi%2Fpublic_html%2Fwp-admin%2Ffreedoms.php HTTP/1.1" 200 12831 "-" "Mozilla/5.0 AppleWebKit/537.36 (KHTML, like Gecko; compatible; ClaudeBot/1.0; +claudebot@anthropic.com)"
216.73.217.80 - - [26/Aug/2026:11:53:00 -0400] "GET /sitemap.xml?rename=%2Fhome%2Fautocomlimi%2Fpublic_html%2Fwp-admin%2Fadmin-ajax.php HTTP/1.1" 200 12803 "-" "Mozilla/5.0 AppleWebKit/537.36 (KHTML, like Gecko; compatible; ClaudeBot/1.0; +claudebot@anthropic.com)"
216.73.217.80 - - [26/Aug/2026:11:53:01 -0400] "GET /sitemap.xml?edit=%2Fhome%2Fautocomlimi%2Fpublic_html%2Fwp-includes%2Fclass-wp-locale.php HTTP/1.1" 200 32055 "-" "Mozilla/5.0 AppleWebKit/537.36 (KHTML, like Gecko; compatible; ClaudeBot/1.0; +claudebot@anthropic.com)"
216.73.217.80 - - [26/Aug/2026:11:53:00 -0400] "GET /sitemap.xml?rename=%2Fhome%2Fautocomlimi%2Fpublic_html%2Fwp-includes%2Fclass-wp-dependencies.php HTTP/1.1" 200 12828 "-" "Mozilla/5.0 AppleWebKit/537.36 (KHTML, like Gecko; compatible; ClaudeBot/1.0; +claudebot@anthropic.com)"
216.73.217.80 - - [26/Aug/2026:11:53:01 -0400] "GET /sitemap.xml?edit=%2Fhome%2Fautocomlimi%2Fpublic_html%2Fwp-includes%2Fclass-wp-block-supports.php HTTP/1.1" 200 18796 "-" "Mozilla/5.0 AppleWebKit/537.36 (KHTML, like Gecko; compatible; ClaudeBot/1.0; +claudebot@anthropic.com)"
216.73.217.80 - - [26/Aug/2026:11:53:02 -0400] "GET /sitemap.xml?edit=%2Fhome%2Fautocomlimi%2Fpublic_html%2Fwp-admin%2Fmedia-upload.php HTTP/1.1" 200 17179 "-" "Mozilla/5.0 AppleWebKit/537.36 (KHTML, like Gecko; compatible; ClaudeBot/1.0; +claudebot@anthropic.com)"
216.73.217.80 - - [26/Aug/2026:11:53:01 -0400] "GET /sitemap.xml?rename=%2Fhome%2Fautocomlimi%2Fpublic_html%2Fwp-includes%2Fwp-db.php HTTP/1.1" 200 12796 "-" "Mozilla/5.0 AppleWebKit/537.36 (KHTML, like Gecko; compatible; ClaudeBot/1.0; +claudebot@anthropic.com)"
216.73.217.80 - - [26/Aug/2026:11:53:01 -0400] "GET /sitemap.xml?edit=%2Fhome%2Fautocomlimi%2Fpublic_html%2Fwp-admin%2Flink-add.php HTTP/1.1" 200 13977 "-" "Mozilla/5.0 AppleWebKit/537.36 (KHTML, like Gecko; compatible; ClaudeBot/1.0; +claudebot@anthropic.com)"
216.73.217.80 - - [26/Aug/2026:11:53:02 -0400] "GET /sitemap.xml?chmod=%2Fhome%2Fautocomlimi%2Fpublic_html%2Fwp-admin%2Foptions-discussion.php HTTP/1.1" 200 12841 "-" "Mozilla/5.0 AppleWebKit/537.36 (KHTML, like Gecko; compatible; ClaudeBot/1.0; +claudebot@anthropic.com)"
216.73.217.80 - - [26/Aug/2026:11:53:02 -0400] "GET /sitemap.xml?chmod=%2Fhome%2Fautocomlimi%2Fpublic_html%2Fwp-includes%2Fclass-wp-widget-factory.php HTTP/1.1" 200 12849 "-" "Mozilla/5.0 AppleWebKit/537.36 (KHTML, like Gecko; compatible; ClaudeBot/1.0; +claudebot@anthropic.com)"
216.73.217.80 - - [26/Aug/2026:11:53:03 -0400] "GET /sitemap.xml?edit=%2Fhome%2Fautocomlimi%2Fpublic_html%2Fwp-admin%2Fms-delete-site.php HTTP/1.1" 200 18300 "-" "Mozilla/5.0 AppleWebKit/537.36 (KHTML, like Gecko; compatible; ClaudeBot/1.0; +claudebot@anthropic.com)"
216.73.217.80 - - [26/Aug/2026:11:53:00 -0400] "GET /sitemap.xml?chmod=%2Fhome%2Fautocomlimi%2Fpublic_html%2Fwp-admin%2Fms-delete-site.php HTTP/1.1" 200 12837 "-" "Mozilla/5.0 AppleWebKit/537.36 (KHTML, like Gecko; compatible; ClaudeBot/1.0; +claudebot@anthropic.com)"
216.73.217.80 - - [26/Aug/2026:11:53:03 -0400] "GET /sitemap.xml?rename=%2Fhome%2Fautocomlimi%2Fpublic_html%2Fwp-includes%2Fms-functions.php HTTP/1.1" 200 12810 "-" "Mozilla/5.0 AppleWebKit/537.36 (KHTML, like Gecko; compatible; ClaudeBot/1.0; +claudebot@anthropic.com)"
216.73.217.80 - - [26/Aug/2026:11:53:02 -0400] "GET /sitemap.xml?edit=%2Fhome%2Fautocomlimi%2Fpublic_html%2Fwp-includes%2Fclass-wp-session-tokens.php HTTP/1.1" 200 20467 "-" "Mozilla/5.0 AppleWebKit/537.36 (KHTML, like Gecko; compatible; ClaudeBot/1.0; +claudebot@anthropic.com)"
114.119.132.103 - - [26/Aug/2026:11:53:03 -0400] "GET /product/905/ HTTP/1.1" 200 213545 "https://www.autocomlimited.com/product/905/" "Mozilla/5.0 (Linux; Android 7.0;) AppleWebKit/537.36 (HTML, like Gecko) Mobile Safari/537.36 (compatible; PetalBot;+https://webmaster.petalsearch.com/site/petalbot)"
216.73.217.80 - - [26/Aug/2026:11:53:03 -0400] "GET /sitemap.xml?chmod=%2Fhome%2Fautocomlimi%2Fpublic_html%2Fwp-admin%2Fnetwork HTTP/1.1" 200 12826 "-" "Mozilla/5.0 AppleWebKit/537.36 (KHTML, like Gecko; compatible; ClaudeBot/1.0; +claudebot@anthropic.com)"
216.73.217.80 - - [26/Aug/2026:11:53:02 -0400] "GET /sitemap.xml?lph=%2Fhome%2Fautocomlimi%2Fpublic_html%2Fwp-admin%2Fcss HTTP/1.1" 200 213136 "-" "Mozilla/5.0 AppleWebKit/537.36 (KHTML, like Gecko; compatible; ClaudeBot/1.0; +claudebot@anthropic.com)"
216.73.217.80 - - [26/Aug/2026:11:53:03 -0400] "GET /sitemap.xml?lph=%2Fhome%2Fautocomlimi%2Fpublic_html%2Fwp-includes%2Fphp-compat HTTP/1.1" 200 70455 "-" "Mozilla/5.0 AppleWebKit/537.36 (KHTML, like Gecko; compatible; ClaudeBot/1.0; +claudebot@anthropic.com)"
216.73.217.80 - - [26/Aug/2026:11:53:01 -0400] "GET /sitemap.xml?rename=%2Fhome%2Fautocomlimi%2Fpublic_html%2Fwp-includes%2Fdeprecated.php HTTP/1.1" 200 12806 "-" "Mozilla/5.0 AppleWebKit/537.36 (KHTML, like Gecko; compatible; ClaudeBot/1.0; +claudebot@anthropic.com)"
216.73.217.80 - - [26/Aug/2026:11:53:02 -0400] "GET /sitemap.xml?edit=%2Fhome%2Fautocomlimi%2Fpublic_html%2Fwp-includes%2Fl10n.php HTTP/1.1" 200 86396 "-" "Mozilla/5.0 AppleWebKit/537.36 (KHTML, like Gecko; compatible; ClaudeBot/1.0; +claudebot@anthropic.com)"
216.73.217.80 - - [26/Aug/2026:11:53:04 -0400] "GET /sitemap.xml?edit=%2Fhome%2Fautocomlimi%2Fpublic_html%2Fwp-includes%2Fms-files.php HTTP/1.1" 200 16237 "-" "Mozilla/5.0 AppleWebKit/537.36 (KHTML, like Gecko; compatible; ClaudeBot/1.0; +claudebot@anthropic.com)"
157.55.39.59 - - [26/Aug/2026:11:53:04 -0400] "GET /product/oem-no-165462ve0a-partner-copy/?rename=%2Fhome%2Fautocomlimi%2Fpublic_html%2Fwp-config.php HTTP/1.1" 403 213632 "-" "Mozilla/5.0 AppleWebKit/537.36 (KHTML, like Gecko; compatible; bingbot/2.0; +http://www.bing.com/bingbot.htm) Chrome/116.0.1938.76 Safari/537.36"
216.73.217.80 - - [26/Aug/2026:11:53:04 -0400] "GET /sitemap.xml?rename=%2Fhome%2Fautocomlimi%2Fpublic_html%2Fwp-includes%2Fclass-wp-styles.php HTTP/1.1" 200 12816 "-" "Mozilla/5.0 AppleWebKit/537.36 (KHTML, like Gecko; compatible; ClaudeBot/1.0; +claudebot@anthropic.com)"
216.73.217.80 - - [26/Aug/2026:11:53:03 -0400] "GET /sitemap.xml?rename=%2Fhome%2Fautocomlimi%2Fpublic_html%2Fwp-includes%2Frevision.php HTTP/1.1" 200 12802 "-" "Mozilla/5.0 AppleWebKit/537.36 (KHTML, like Gecko; compatible; ClaudeBot/1.0; +claudebot@anthropic.com)"
216.73.217.80 - - [26/Aug/2026:11:53:02 -0400] "GET /sitemap.xml?chmod=%2Fhome%2Fautocomlimi%2Fpublic_html%2Fwp-includes%2Fmedia.php HTTP/1.1" 200 12831 "-" "Mozilla/5.0 AppleWebKit/537.36 (KHTML, like Gecko; compatible; ClaudeBot/1.0; +claudebot@anthropic.com)"
216.73.217.80 - - [26/Aug/2026:11:53:00 -0400] "GET /sitemap.xml?edit=%2Fhome%2Fautocomlimi%2Fpublic_html%2Fwp-includes%2Fclass-wp-block-bindings-registry.php HTTP/1.1" 200 21862 "-" "Mozilla/5.0 AppleWebKit/537.36 (KHTML, like Gecko; compatible; ClaudeBot/1.0; +claudebot@anthropic.com)"
216.73.217.80 - - [26/Aug/2026:11:53:04 -0400] "GET /sitemap.xml?rename=%2Fhome%2Fautocomlimi%2Fpublic_html%2Fwp-includes%2Fblock-bindings.php HTTP/1.1" 200 12814 "-" "Mozilla/5.0 AppleWebKit/537.36 (KHTML, like Gecko; compatible; ClaudeBot/1.0; +claudebot@anthropic.com)"
157.55.39.59 - - [26/Aug/2026:11:53:04 -0400] "GET /product/oem-no-165462ve0a-partner-copy/?chmod=%2Fhome%2Fautocomlimi%2Fpublic_html%2Fwp-load.php HTTP/1.1" 200 116222 "-" "Mozilla/5.0 AppleWebKit/537.36 (KHTML, like Gecko; compatible; bingbot/2.0; +http://www.bing.com/bingbot.htm) Chrome/116.0.1938.76 Safari/537.36"
216.73.217.80 - - [26/Aug/2026:11:53:02 -0400] "GET /sitemap.xml?rename=%2Fhome%2Fautocomlimi%2Fpublic_html%2Fwp-admin%2Flink-parse-opml.php HTTP/1.1" 200 12813 "-" "Mozilla/5.0 AppleWebKit/537.36 (KHTML, like Gecko; compatible; ClaudeBot/1.0; +claudebot@anthropic.com)"
216.73.217.80 - - [26/Aug/2026:11:53:04 -0400] "GET /sitemap.xml?chmod=%2Fhome%2Fautocomlimi%2Fpublic_html%2Fwp-admin%2Fincludes HTTP/1.1" 200 12827 "-" "Mozilla/5.0 AppleWebKit/537.36 (KHTML, like Gecko; compatible; ClaudeBot/1.0; +claudebot@anthropic.com)"
216.73.217.80 - - [26/Aug/2026:11:53:04 -0400] "GET /sitemap.xml?rename=%2Fhome%2Fautocomlimi%2Fpublic_html%2Fwp-includes%2Ffeed-atom.php HTTP/1.1" 200 12804 "-" "Mozilla/5.0 AppleWebKit/537.36 (KHTML, like Gecko; compatible; ClaudeBot/1.0; +claudebot@anthropic.com)"
216.73.217.80 - - [26/Aug/2026:11:53:04 -0400] "GET /sitemap.xml?edit=%2Fhome%2Fautocomlimi%2Fpublic_html%2Fwp-admin%2Ffreedoms.php HTTP/1.1" 200 19326 "-" "Mozilla/5.0 AppleWebKit/537.36 (KHTML, like Gecko; compatible; ClaudeBot/1.0; +claudebot@anthropic.com)"
157.55.39.59 - - [26/Aug/2026:11:53:05 -0400] "GET /product/oem-no-165462ve0a-partner-copy/?lph=%2Fhome%2Fautocomlimi%2Fpublic_html%2F.well-known HTTP/1.1" 200 173824 "-" "Mozilla/5.0 AppleWebKit/537.36 (KHTML, like Gecko; compatible; bingbot/2.0; +http://www.bing.com/bingbot.htm) Chrome/116.0.1938.76 Safari/537.36"
216.73.217.80 - - [26/Aug/2026:11:53:04 -0400] "GET /sitemap.xml?edit=%2Fhome%2Fautocomlimi%2Fpublic_html%2Fwp-includes%2Fclass-wp-widget-factory.php HTTP/1.1" 200 16361 "-" "Mozilla/5.0 AppleWebKit/537.36 (KHTML, like Gecko; compatible; ClaudeBot/1.0; +claudebot@anthropic.com)"
216.73.217.80 - - [26/Aug/2026:11:53:03 -0400] "GET /sitemap.xml?chmod=%2Fhome%2Fautocomlimi%2Fpublic_html%2Fwp-admin%2Foptions-writing.php HTTP/1.1" 200 12838 "-" "Mozilla/5.0 AppleWebKit/537.36 (KHTML, like Gecko; compatible; ClaudeBot/1.0; +claudebot@anthropic.com)"
157.55.39.59 - - [26/Aug/2026:11:53:06 -0400] "GET /product/oem-no-165462ve0a-partner-copy/?chmod=%2Fhome%2Fautocomlimi%2Fpublic_html%2Fwp-activate.php HTTP/1.1" 200 116191 "-" "Mozilla/5.0 AppleWebKit/537.36 (KHTML, like Gecko; compatible; bingbot/2.0; +http://www.bing.com/bingbot.htm) Chrome/116.0.1938.76 Safari/537.36"
216.73.217.80 - - [26/Aug/2026:11:53:07 -0400] "GET /sitemap.xml?edit=%2Fhome%2Fautocomlimi%2Fpublic_html%2Fwp-includes%2Fclass-wp-block-templates-registry.php HTTP/1.1" 200 20639 "-" "Mozilla/5.0 AppleWebKit/537.36 (KHTML, like Gecko; compatible; ClaudeBot/1.0; +claudebot@anthropic.com)"
216.73.217.80 - - [26/Aug/2026:11:53:07 -0400] "GET /sitemap.xml?rename=%2Fhome%2Fautocomlimi%2Fpublic_html%2Fwp-includes%2Fms-blogs.php HTTP/1.1" 200 12802 "-" "Mozilla/5.0 AppleWebKit/537.36 (KHTML, like Gecko; compatible; ClaudeBot/1.0; +claudebot@anthropic.com)"
216.73.217.80 - - [26/Aug/2026:11:53:07 -0400] "GET /sitemap.xml?rename=%2Fhome%2Fautocomlimi%2Fpublic_html%2Fwp-includes%2Fclass-walker-category-dropdown.php HTTP/1.1" 200 12846 "-" "Mozilla/5.0 AppleWebKit/537.36 (KHTML, like Gecko; compatible; ClaudeBot/1.0; +claudebot@anthropic.com)"
216.73.217.80 - - [26/Aug/2026:11:53:07 -0400] "GET /sitemap.xml?rename=%2Fhome%2Fautocomlimi%2Fpublic_html%2Fwp-admin%2Ferase-personal-data.php HTTP/1.1" 200 12821 "-" "Mozilla/5.0 AppleWebKit/537.36 (KHTML, like Gecko; compatible; ClaudeBot/1.0; +claudebot@anthropic.com)"
216.73.217.80 - - [26/Aug/2026:11:53:07 -0400] "GET /sitemap.xml?rename=%2Fhome%2Fautocomlimi%2Fpublic_html%2Fwp-includes%2Fclass-wp-site.php HTTP/1.1" 200 12812 "-" "Mozilla/5.0 AppleWebKit/537.36 (KHTML, like Gecko; compatible; ClaudeBot/1.0; +claudebot@anthropic.com)"
216.73.217.80 - - [26/Aug/2026:11:53:07 -0400] "GET /sitemap.xml?rename=%2Fhome%2Fautocomlimi%2Fpublic_html%2Fwp-admin%2Fpost-new.php HTTP/1.1" 200 12799 "-" "Mozilla/5.0 AppleWebKit/537.36 (KHTML, like Gecko; compatible; ClaudeBot/1.0; +claudebot@anthropic.com)"
157.55.39.59 - - [26/Aug/2026:11:53:07 -0400] "GET /product/oem-no-165462ve0a-partner-copy/?edit=%2Fhome%2Fautocomlimi%2Fpublic_html%2Fwp-comments-post.php HTTP/1.1" 200 118906 "-" "Mozilla/5.0 AppleWebKit/537.36 (KHTML, like Gecko; compatible; bingbot/2.0; +http://www.bing.com/bingbot.htm) Chrome/116.0.1938.76 Safari/537.36"
216.73.217.80 - - [26/Aug/2026:11:53:07 -0400] "GET /sitemap.xml?chmod=%2Fhome%2Fautocomlimi%2Fpublic_html%2Fwp-includes%2Fjs HTTP/1.1" 200 12824 "-" "Mozilla/5.0 AppleWebKit/537.36 (KHTML, like Gecko; compatible; ClaudeBot/1.0; +claudebot@anthropic.com)"
216.73.217.80 - - [26/Aug/2026:11:53:07 -0400] "GET /sitemap.xml?rename=%2Fhome%2Fautocomlimi%2Fpublic_html%2Fwp-includes%2Fclass-wp-site-query.php HTTP/1.1" 200 12824 "-" "Mozilla/5.0 AppleWebKit/537.36 (KHTML, like Gecko; compatible; ClaudeBot/1.0; +claudebot@anthropic.com)"
216.73.217.80 - - [26/Aug/2026:11:53:08 -0400] "GET /sitemap.xml?lph=%2Fhome%2Fautocomlimi%2Fpublic_html%2Fwp-includes%2Frest-api HTTP/1.1" 200 77330 "-" "Mozilla/5.0 AppleWebKit/537.36 (KHTML, like Gecko; compatible; ClaudeBot/1.0; +claudebot@anthropic.com)"
216.73.217.80 - - [26/Aug/2026:11:53:07 -0400] "GET /sitemap.xml?rename=%2Fhome%2Fautocomlimi%2Fpublic_html%2Fwp-includes%2Fcategory-template.php HTTP/1.1" 200 12820 "-" "Mozilla/5.0 AppleWebKit/537.36 (KHTML, like Gecko; compatible; ClaudeBot/1.0; +claudebot@anthropic.com)"
216.73.217.80 - - [26/Aug/2026:11:53:08 -0400] "GET /sitemap.xml?rename=%2Fhome%2Fautocomlimi%2Fpublic_html%2Fwp-includes%2Fcategory.php HTTP/1.1" 200 12802 "-" "Mozilla/5.0 AppleWebKit/537.36 (KHTML, like Gecko; compatible; ClaudeBot/1.0; +claudebot@anthropic.com)"
157.55.39.59 - - [26/Aug/2026:11:53:08 -0400] "GET /product/oem-no-165462ve0a-partner-copy/?chmod=%2Fhome%2Fautocomlimi%2Fpublic_html%2Fw3ll_execution_logs.txt HTTP/1.1" 200 116200 "-" "Mozilla/5.0 AppleWebKit/537.36 (KHTML, like Gecko; compatible; bingbot/2.0; +http://www.bing.com/bingbot.htm) Chrome/116.0.1938.76 Safari/537.36"
216.73.217.80 - - [26/Aug/2026:11:53:08 -0400] "GET /sitemap.xml?rename=%2Fhome%2Fautocomlimi%2Fpublic_html%2Fwp-includes%2Fclass-wp-image-editor-gd.php HTTP/1.1" 200 12834 "-" "Mozilla/5.0 AppleWebKit/537.36 (KHTML, like Gecko; compatible; ClaudeBot/1.0; +claudebot@anthropic.com)"
216.73.217.80 - - [26/Aug/2026:11:53:08 -0400] "GET /sitemap.xml?chmod=%2Fhome%2Fautocomlimi%2Fpublic_html%2Fwp-includes%2Fclass-avif-info.php HTTP/1.1" 200 12841 "-" "Mozilla/5.0 AppleWebKit/537.36 (KHTML, like Gecko; compatible; ClaudeBot/1.0; +claudebot@anthropic.com)"
216.73.217.80 - - [26/Aug/2026:11:53:08 -0400] "GET /sitemap.xml?edit=%2Fhome%2Fautocomlimi%2Fpublic_html%2Fwp-includes%2Fclass-avif-info.php HTTP/1.1" 200 44511 "-" "Mozilla/5.0 AppleWebKit/537.36 (KHTML, like Gecko; compatible; ClaudeBot/1.0; +claudebot@anthropic.com)"
216.73.217.80 - - [26/Aug/2026:11:53:09 -0400] "GET /sitemap.xml?chmod=%2Fhome%2Fautocomlimi%2Fpublic_html%2Fwp-includes%2Fclass-wp-textdomain-registry.php HTTP/1.1" 200 12854 "-" "Mozilla/5.0 AppleWebKit/537.36 (KHTML, like Gecko; compatible; ClaudeBot/1.0; +claudebot@anthropic.com)"
216.73.217.80 - - [26/Aug/2026:11:53:09 -0400] "GET /sitemap.xml?edit=%2Fhome%2Fautocomlimi%2Fpublic_html%2Fwp-includes%2Fclass-wp-simplepie-sanitize-kses.php HTTP/1.1" 200 14947 "-" "Mozilla/5.0 AppleWebKit/537.36 (KHTML, like Gecko; compatible; ClaudeBot/1.0; +claudebot@anthropic.com)"
157.55.39.59 - - [26/Aug/2026:11:53:08 -0400] "GET /product/oem-no-165462ve0a-partner-copy/?chmod=%2Fhome%2Fautocomlimi%2Fpublic_html%2Fxmlrpc.php HTTP/1.1" 200 116232 "-" "Mozilla/5.0 AppleWebKit/537.36 (KHTML, like Gecko; compatible; bingbot/2.0; +http://www.bing.com/bingbot.htm) Chrome/116.0.1938.76 Safari/537.36"
216.73.217.80 - - [26/Aug/2026:11:53:08 -0400] "GET /sitemap.xml?rename=%2Fhome%2Fautocomlimi%2Fpublic_html%2Fwp-includes%2Fclass-pop3.php HTTP/1.1" 200 12806 "-" "Mozilla/5.0 AppleWebKit/537.36 (KHTML, like Gecko; compatible; ClaudeBot/1.0; +claudebot@anthropic.com)"
216.73.217.80 - - [26/Aug/2026:11:53:08 -0400] "GET /sitemap.xml?rename=%2Fhome%2Fautocomlimi%2Fpublic_html%2Fwp-includes%2Fabilities-api HTTP/1.1" 200 12804 "-" "Mozilla/5.0 AppleWebKit/537.36 (KHTML, like Gecko; compatible; ClaudeBot/1.0; +claudebot@anthropic.com)"
216.73.217.80 - - [26/Aug/2026:11:53:09 -0400] "GET /sitemap.xml?lph=%2Fhome%2Fautocomlimi%2Fpublic_html%2Fwp-includes%2FText HTTP/1.1" 200 73009 "-" "Mozilla/5.0 AppleWebKit/537.36 (KHTML, like Gecko; compatible; ClaudeBot/1.0; +claudebot@anthropic.com)"
216.73.217.80 - - [26/Aug/2026:11:53:08 -0400] "GET /sitemap.xml?chmod=%2Fhome%2Fautocomlimi%2Fpublic_html%2Fwp-includes%2Fblocks HTTP/1.1" 200 12828 "-" "Mozilla/5.0 AppleWebKit/537.36 (KHTML, like Gecko; compatible; ClaudeBot/1.0; +claudebot@anthropic.com)"
216.73.217.80 - - [26/Aug/2026:11:53:09 -0400] "GET /sitemap.xml?rename=%2Fhome%2Fautocomlimi%2Fpublic_html%2Fwp-includes%2Fclass-walker-page.php HTTP/1.1" 200 12820 "-" "Mozilla/5.0 AppleWebKit/537.36 (KHTML, like Gecko; compatible; ClaudeBot/1.0; +claudebot@anthropic.com)"
157.55.39.59 - - [26/Aug/2026:11:53:09 -0400] "GET /product/oem-no-165462ve0a-partner-copy/?chmod=%2Fhome%2Fautocomlimi%2Fpublic_html%2F.htaccess HTTP/1.1" 403 213672 "-" "Mozilla/5.0 AppleWebKit/537.36 (KHTML, like Gecko; compatible; bingbot/2.0; +http://www.bing.com/bingbot.htm) Chrome/116.0.1938.76 Safari/537.36"
216.73.217.80 - - [26/Aug/2026:11:53:09 -0400] "GET /sitemap.xml?rename=%2Fhome%2Fautocomlimi%2Fpublic_html%2Fwp-includes%2Fclass-wp-image-editor-imagick.php HTTP/1.1" 200 12844 "-" "Mozilla/5.0 AppleWebKit/537.36 (KHTML, like Gecko; compatible; ClaudeBot/1.0; +claudebot@anthropic.com)"
216.73.217.80 - - [26/Aug/2026:11:53:10 -0400] "GET /sitemap.xml?edit=%2Fhome%2Fautocomlimi%2Fpublic_html%2Fwp-includes%2Fclass-wp-textdomain-registry.php HTTP/1.1" 200 23978 "-" "Mozilla/5.0 AppleWebKit/537.36 (KHTML, like Gecko; compatible; ClaudeBot/1.0; +claudebot@anthropic.com)"
216.73.217.80 - - [26/Aug/2026:11:53:09 -0400] "GET /sitemap.xml?rename=%2Fhome%2Fautocomlimi%2Fpublic_html%2Fwp-includes%2Fclass-walker-category.php HTTP/1.1" 200 12828 "-" "Mozilla/5.0 AppleWebKit/537.36 (KHTML, like Gecko; compatible; ClaudeBot/1.0; +claudebot@anthropic.com)"
216.73.217.80 - - [26/Aug/2026:11:53:10 -0400] "GET /sitemap.xml?rename=%2Fhome%2Fautocomlimi%2Fpublic_html%2Fwp-includes%2Fclass-wp-roles.php HTTP/1.1" 200 12814 "-" "Mozilla/5.0 AppleWebKit/537.36 (KHTML, like Gecko; compatible; ClaudeBot/1.0; +claudebot@anthropic.com)"
157.55.39.59 - - [26/Aug/2026:11:53:10 -0400] "GET /product/oem-no-165462ve0a-partner-copy/?chmod=%2Fhome%2Fautocomlimi%2Fpublic_html%2Fcgi-bin HTTP/1.1" 200 116235 "-" "Mozilla/5.0 AppleWebKit/537.36 (KHTML, like Gecko; compatible; bingbot/2.0; +http://www.bing.com/bingbot.htm) Chrome/116.0.1938.76 Safari/537.36"
216.73.217.80 - - [26/Aug/2026:11:53:10 -0400] "GET /sitemap.xml?rename=%2Fhome%2Fautocomlimi%2Fpublic_html%2Fwp-includes%2Fclass-wp-phpmailer.php HTTP/1.1" 200 12822 "-" "Mozilla/5.0 AppleWebKit/537.36 (KHTML, like Gecko; compatible; ClaudeBot/1.0; +claudebot@anthropic.com)"
216.73.217.80 - - [26/Aug/2026:11:53:08 -0400] "GET /sitemap.xml?rename=%2Fhome%2Fautocomlimi%2Fpublic_html%2Fwp-includes%2Ftaxonomy.php HTTP/1.1" 200 12802 "-" "Mozilla/5.0 AppleWebKit/537.36 (KHTML, like Gecko; compatible; ClaudeBot/1.0; +claudebot@anthropic.com)"
216.73.217.80 - - [26/Aug/2026:11:53:11 -0400] "GET /sitemap.xml?rename=%2Fhome%2Fautocomlimi%2Fpublic_html%2Fwp-admin%2Fms-upgrade-network.php HTTP/1.1" 200 12819 "-" "Mozilla/5.0 AppleWebKit/537.36 (KHTML, like Gecko; compatible; ClaudeBot/1.0; +claudebot@anthropic.com)"
216.73.217.80 - - [26/Aug/2026:11:53:09 -0400] "GET /sitemap.xml?rename=%2Fhome%2Fautocomlimi%2Fpublic_html%2Fwp-admin%2Findex.php HTTP/1.1" 200 12793 "-" "Mozilla/5.0 AppleWebKit/537.36 (KHTML, like Gecko; compatible; ClaudeBot/1.0; +claudebot@anthropic.com)"
216.73.217.80 - - [26/Aug/2026:11:53:10 -0400] "GET /sitemap.xml?rename=%2Fhome%2Fautocomlimi%2Fpublic_html%2Fwp-includes%2Ftheme.json HTTP/1.1" 200 12798 "-" "Mozilla/5.0 AppleWebKit/537.36 (KHTML, like Gecko; compatible; ClaudeBot/1.0; +claudebot@anthropic.com)"
157.55.39.59 - - [26/Aug/2026:11:53:11 -0400] "GET /product/oem-no-165462ve0a-partner-copy/?rename=%2Fhome%2Fautocomlimi%2Fpublic_html%2F0m3.php HTTP/1.1" 200 116431 "-" "Mozilla/5.0 AppleWebKit/537.36 (KHTML, like Gecko; compatible; bingbot/2.0; +http://www.bing.com/bingbot.htm) Chrome/116.0.1938.76 Safari/537.36"
216.73.217.80 - - [26/Aug/2026:11:53:10 -0400] "GET /sitemap.xml?rename=%2Fhome%2Fautocomlimi%2Fpublic_html%2Fwp-includes%2Fpost-thumbnail-template.php HTTP/1.1" 200 12832 "-" "Mozilla/5.0 AppleWebKit/537.36 (KHTML, like Gecko; compatible; ClaudeBot/1.0; +claudebot@anthropic.com)"
216.73.217.80 - - [26/Aug/2026:11:53:11 -0400] "GET /sitemap.xml?rename=%2Fhome%2Fautocomlimi%2Fpublic_html%2Fwp-includes%2Fclass-wp-taxonomy.php HTTP/1.1" 200 12820 "-" "Mozilla/5.0 AppleWebKit/537.36 (KHTML, like Gecko; compatible; ClaudeBot/1.0; +claudebot@anthropic.com)"
216.73.217.80 - - [26/Aug/2026:11:53:11 -0400] "GET /sitemap.xml?rename=%2Fhome%2Fautocomlimi%2Fpublic_html%2Fwp-includes%2Fcss HTTP/1.1" 200 12784 "-" "Mozilla/5.0 AppleWebKit/537.36 (KHTML, like Gecko; compatible; ClaudeBot/1.0; +claudebot@anthropic.com)"
216.73.217.80 - - [26/Aug/2026:11:53:11 -0400] "GET /sitemap.xml?rename=%2Fhome%2Fautocomlimi%2Fpublic_html%2Fwp-includes%2Fclass-wp-meta-query.php HTTP/1.1" 200 12824 "-" "Mozilla/5.0 AppleWebKit/537.36 (KHTML, like Gecko; compatible; ClaudeBot/1.0; +claudebot@anthropic.com)"
216.73.217.80 - - [26/Aug/2026:11:53:10 -0400] "GET /sitemap.xml?rename=%2Fhome%2Fautocomlimi%2Fpublic_html%2Fwp-admin%2Fcontribute.php HTTP/1.1" 200 12803 "-" "Mozilla/5.0 AppleWebKit/537.36 (KHTML, like Gecko; compatible; ClaudeBot/1.0; +claudebot@anthropic.com)"
216.73.217.80 - - [26/Aug/2026:11:53:12 -0400] "GET /sitemap.xml?chmod=%2Fhome%2Fautocomlimi%2Fpublic_html%2Fwp-admin%2Fjs HTTP/1.1" 200 12821 "-" "Mozilla/5.0 AppleWebKit/537.36 (KHTML, like Gecko; compatible; ClaudeBot/1.0; +claudebot@anthropic.com)"
157.55.39.59 - - [26/Aug/2026:11:53:12 -0400] "GET /product/oem-no-165462ve0a-partner-copy/?chmod=%2Fhome%2Fautocomlimi%2Fpublic_html%2Fwp-mail.php HTTP/1.1" 200 116198 "-" "Mozilla/5.0 AppleWebKit/537.36 (KHTML, like Gecko; compatible; bingbot/2.0; +http://www.bing.com/bingbot.htm) Chrome/116.0.1938.76 Safari/537.36"
216.73.217.80 - - [26/Aug/2026:11:53:08 -0400] "GET /sitemap.xml?chmod=%2Fhome%2Fautocomlimi%2Fpublic_html%2Fwp-includes%2Fclass-wp-simplepie-sanitize-kses.php HTTP/1.1" 200 12858 "-" "Mozilla/5.0 AppleWebKit/537.36 (KHTML, like Gecko; compatible; ClaudeBot/1.0; +claudebot@anthropic.com)"
216.73.217.80 - - [26/Aug/2026:11:53:12 -0400] "GET /sitemap.xml?rename=%2Fhome%2Fautocomlimi%2Fpublic_html%2Fwp-includes%2Fregistration-functions.php HTTP/1.1" 200 12830 "-" "Mozilla/5.0 AppleWebKit/537.36 (KHTML, like Gecko; compatible; ClaudeBot/1.0; +claudebot@anthropic.com)"
216.73.217.80 - - [26/Aug/2026:11:53:11 -0400] "GET /sitemap.xml?rename=%2Fhome%2Fautocomlimi%2Fpublic_html%2Fwp-admin%2Finstall-helper.php HTTP/1.1" 200 12811 "-" "Mozilla/5.0 AppleWebKit/537.36 (KHTML, like Gecko; compatible; ClaudeBot/1.0; +claudebot@anthropic.com)"
216.73.217.80 - - [26/Aug/2026:11:53:12 -0400] "GET /sitemap.xml?rename=%2Fhome%2Fautocomlimi%2Fpublic_html%2Fwp-admin%2Flink.php HTTP/1.1" 200 12791 "-" "Mozilla/5.0 AppleWebKit/537.36 (KHTML, like Gecko; compatible; ClaudeBot/1.0; +claudebot@anthropic.com)"
216.73.217.80 - - [26/Aug/2026:11:53:12 -0400] "GET /sitemap.xml?rename=%2Fhome%2Fautocomlimi%2Fpublic_html%2Fwp-includes%2Fclass-wp-metadata-lazyloader.php HTTP/1.1" 200 12842 "-" "Mozilla/5.0 AppleWebKit/537.36 (KHTML, like Gecko; compatible; ClaudeBot/1.0; +claudebot@anthropic.com)"
157.55.39.59 - - [26/Aug/2026:11:53:12 -0400] "GET /product/oem-no-165462ve0a-partner-copy/?rename=%2Fhome%2Fautocomlimi%2Fpublic_html%2Fwp-blog-header.php HTTP/1.1" 200 116483 "-" "Mozilla/5.0 AppleWebKit/537.36 (KHTML, like Gecko; compatible; bingbot/2.0; +http://www.bing.com/bingbot.htm) Chrome/116.0.1938.76 Safari/537.36"
216.73.217.80 - - [26/Aug/2026:11:53:13 -0400] "GET /sitemap.xml?rename=%2Fhome%2Fautocomlimi%2Fpublic_html%2Fwp-admin%2Fuser-new.php HTTP/1.1" 200 12799 "-" "Mozilla/5.0 AppleWebKit/537.36 (KHTML, like Gecko; compatible; ClaudeBot/1.0; +claudebot@anthropic.com)"
216.73.217.80 - - [26/Aug/2026:11:53:13 -0400] "GET /sitemap.xml?rename=%2Fhome%2Fautocomlimi%2Fpublic_html%2Fwp-includes%2Fbookmark-template.php HTTP/1.1" 200 12820 "-" "Mozilla/5.0 AppleWebKit/537.36 (KHTML, like Gecko; compatible; ClaudeBot/1.0; +claudebot@anthropic.com)"
216.73.217.80 - - [26/Aug/2026:11:53:11 -0400] "GET /sitemap.xml?rename=%2Fhome%2Fautocomlimi%2Fpublic_html%2Fwp-admin%2Fupgrade.php HTTP/1.1" 200 12797 "-" "Mozilla/5.0 AppleWebKit/537.36 (KHTML, like Gecko; compatible; ClaudeBot/1.0; +claudebot@anthropic.com)"
216.73.217.80 - - [26/Aug/2026:11:53:08 -0400] "GET /sitemap.xml?rename=%2Fhome%2Fautocomlimi%2Fpublic_html%2Fwp-admin%2Fpress-this.php HTTP/1.1" 200 12803 "-" "Mozilla/5.0 AppleWebKit/537.36 (KHTML, like Gecko; compatible; ClaudeBot/1.0; +claudebot@anthropic.com)"
216.73.217.80 - - [26/Aug/2026:11:53:11 -0400] "GET /sitemap.xml?chmod=%2Fhome%2Fautocomlimi%2Fpublic_html%2Fwp-includes%2Fstyle-engine HTTP/1.1" 200 12834 "-" "Mozilla/5.0 AppleWebKit/537.36 (KHTML, like Gecko; compatible; ClaudeBot/1.0; +claudebot@anthropic.com)"
157.55.39.59 - - [26/Aug/2026:11:53:13 -0400] "GET /product/oem-no-165462ve0a-partner-copy/?chmod=%2Fhome%2Fautocomlimi%2Fpublic_html%2Ferror_log HTTP/1.1" 200 116221 "-" "Mozilla/5.0 AppleWebKit/537.36 (KHTML, like Gecko; compatible; bingbot/2.0; +http://www.bing.com/bingbot.htm) Chrome/116.0.1938.76 Safari/537.36"
216.73.217.80 - - [26/Aug/2026:11:53:12 -0400] "GET /sitemap.xml?rename=%2Fhome%2Fautocomlimi%2Fpublic_html%2Fwp-includes%2Fnav-menu-template.php HTTP/1.1" 200 12820 "-" "Mozilla/5.0 AppleWebKit/537.36 (KHTML, like Gecko; compatible; ClaudeBot/1.0; +claudebot@anthropic.com)"
216.73.217.80 - - [26/Aug/2026:11:53:14 -0400] "GET /sitemap.xml?rename=%2Fhome%2Fautocomlimi%2Fpublic_html%2Fwp-admin%2Fadmin-footer.php HTTP/1.1" 200 12807 "-" "Mozilla/5.0 AppleWebKit/537.36 (KHTML, like Gecko; compatible; ClaudeBot/1.0; +claudebot@anthropic.com)"
216.73.217.80 - - [26/Aug/2026:11:53:14 -0400] "GET /sitemap.xml?chmod=%2Fhome%2Fautocomlimi%2Fpublic_html%2Fwp-includes%2Fclass-wp-duotone.php HTTP/1.1" 200 12842 "-" "Mozilla/5.0 AppleWebKit/537.36 (KHTML, like Gecko; compatible; ClaudeBot/1.0; +claudebot@anthropic.com)"
216.73.217.80 - - [26/Aug/2026:11:53:14 -0400] "GET /sitemap.xml?edit=%2Fhome%2Fautocomlimi%2Fpublic_html%2Fwp-admin%2Fprivacy-policy-guide.php HTTP/1.1" 200 17603 "-" "Mozilla/5.0 AppleWebKit/537.36 (KHTML, like Gecko; compatible; ClaudeBot/1.0; +claudebot@anthropic.com)"
216.73.217.80 - - [26/Aug/2026:11:53:13 -0400] "GET /sitemap.xml?rename=%2Fhome%2Fautocomlimi%2Fpublic_html%2Fwp-includes%2Fclass-phpmailer.php HTTP/1.1" 200 12816 "-" "Mozilla/5.0 AppleWebKit/537.36 (KHTML, like Gecko; compatible; ClaudeBot/1.0; +claudebot@anthropic.com)"
157.55.39.59 - - [26/Aug/2026:11:53:14 -0400] "GET /product/oem-no-165462ve0a-partner-copy/?rename=%2Fhome%2Fautocomlimi%2Fpublic_html%2Fxmlrpc.php HTTP/1.1" 200 116387 "-" "Mozilla/5.0 AppleWebKit/537.36 (KHTML, like Gecko; compatible; bingbot/2.0; +http://www.bing.com/bingbot.htm) Chrome/116.0.1938.76 Safari/537.36"
216.73.217.80 - - [26/Aug/2026:11:53:13 -0400] "GET /sitemap.xml?rename=%2Fhome%2Fautocomlimi%2Fpublic_html%2Fwp-includes%2Fauthor-template.php HTTP/1.1" 200 12816 "-" "Mozilla/5.0 AppleWebKit/537.36 (KHTML, like Gecko; compatible; ClaudeBot/1.0; +claudebot@anthropic.com)"
216.73.217.80 - - [26/Aug/2026:11:53:13 -0400] "GET /sitemap.xml?chmod=%2Fhome%2Fautocomlimi%2Fpublic_html%2Fwp-admin%2Fprivacy-policy-guide.php HTTP/1.1" 200 12843 "-" "Mozilla/5.0 AppleWebKit/537.36 (KHTML, like Gecko; compatible; ClaudeBot/1.0; +claudebot@anthropic.com)"
216.73.217.80 - - [26/Aug/2026:11:53:14 -0400] "GET /sitemap.xml?rename=%2Fhome%2Fautocomlimi%2Fpublic_html%2Fwp-admin%2Fprivacy.php HTTP/1.1" 200 12797 "-" "Mozilla/5.0 AppleWebKit/537.36 (KHTML, like Gecko; compatible; ClaudeBot/1.0; +claudebot@anthropic.com)"
216.73.217.80 - - [26/Aug/2026:11:53:15 -0400] "GET /sitemap.xml?rename=%2Fhome%2Fautocomlimi%2Fpublic_html%2Fwp-includes%2Fclass-wp-locale-switcher.php HTTP/1.1" 200 12834 "-" "Mozilla/5.0 AppleWebKit/537.36 (KHTML, like Gecko; compatible; ClaudeBot/1.0; +claudebot@anthropic.com)"
216.73.217.80 - - [26/Aug/2026:11:53:15 -0400] "GET /sitemap.xml?edit=%2Fhome%2Fautocomlimi%2Fpublic_html%2Fwp-includes%2Ftheme-i18n.json HTTP/1.1" 200 15359 "-" "Mozilla/5.0 AppleWebKit/537.36 (KHTML, like Gecko; compatible; ClaudeBot/1.0; +claudebot@anthropic.com)"
216.73.217.80 - - [26/Aug/2026:11:53:15 -0400] "GET /sitemap.xml?rename=%2Fhome%2Fautocomlimi%2Fpublic_html%2Fwp-admin%2Fmedia-upload.php HTTP/1.1" 200 12807 "-" "Mozilla/5.0 AppleWebKit/537.36 (KHTML, like Gecko; compatible; ClaudeBot/1.0; +claudebot@anthropic.com)"
216.73.217.80 - - [26/Aug/2026:11:53:13 -0400] "GET /sitemap.xml?rename=%2Fhome%2Fautocomlimi%2Fpublic_html%2Fwp-admin%2Fthemes.php HTTP/1.1" 200 12795 "-" "Mozilla/5.0 AppleWebKit/537.36 (KHTML, like Gecko; compatible; ClaudeBot/1.0; +claudebot@anthropic.com)"
216.73.217.80 - - [26/Aug/2026:11:53:15 -0400] "GET /sitemap.xml?chmod=%2Fhome%2Fautocomlimi%2Fpublic_html%2Fwp-admin%2Fmy-sites.php HTTP/1.1" 200 12831 "-" "Mozilla/5.0 AppleWebKit/537.36 (KHTML, like Gecko; compatible; ClaudeBot/1.0; +claudebot@anthropic.com)"
216.73.217.80 - - [26/Aug/2026:11:53:15 -0400] "GET /sitemap.xml?lph=%2Fhome%2Fautocomlimi%2Fpublic_html%2Fwp-admin%2Fuser HTTP/1.1" 200 82833 "-" "Mozilla/5.0 AppleWebKit/537.36 (KHTML, like Gecko; compatible; ClaudeBot/1.0; +claudebot@anthropic.com)"
216.73.217.80 - - [26/Aug/2026:11:53:12 -0400] "GET /sitemap.xml?rename=%2Fhome%2Fautocomlimi%2Fpublic_html%2Fwp-includes%2Fregistration.php HTTP/1.1" 200 12810 "-" "Mozilla/5.0 AppleWebKit/537.36 (KHTML, like Gecko; compatible; ClaudeBot/1.0; +claudebot@anthropic.com)"
216.73.217.80 - - [26/Aug/2026:11:53:15 -0400] "GET /sitemap.xml?rename=%2Fhome%2Fautocomlimi%2Fpublic_html%2Fwp-includes%2Fmedia.php HTTP/1.1" 200 12796 "-" "Mozilla/5.0 AppleWebKit/537.36 (KHTML, like Gecko; compatible; ClaudeBot/1.0; +claudebot@anthropic.com)"
157.55.39.59 - - [26/Aug/2026:11:53:15 -0400] "GET /product/oem-no-165462ve0a-partner-copy/?chmod=%2Fhome%2Fautocomlimi%2Fpublic_html%2F0m3.php HTTP/1.1" 200 116514 "-" "Mozilla/5.0 AppleWebKit/537.36 (KHTML, like Gecko; compatible; bingbot/2.0; +http://www.bing.com/bingbot.htm) Chrome/116.0.1938.76 Safari/537.36"
216.73.217.80 - - [26/Aug/2026:11:53:15 -0400] "GET /sitemap.xml?rename=%2Fhome%2Fautocomlimi%2Fpublic_html%2Fwp-admin%2Fnetwork HTTP/1.1" 200 12789 "-" "Mozilla/5.0 AppleWebKit/537.36 (KHTML, like Gecko; compatible; ClaudeBot/1.0; +claudebot@anthropic.com)"
216.73.217.80 - - [26/Aug/2026:11:53:15 -0400] "GET /sitemap.xml?lph=%2Fhome%2Fautocomlimi%2Fpublic_html%2Fwp-includes%2Fcustomize HTTP/1.1" 200 128002 "-" "Mozilla/5.0 AppleWebKit/537.36 (KHTML, like Gecko; compatible; ClaudeBot/1.0; +claudebot@anthropic.com)"
216.73.217.80 - - [26/Aug/2026:11:53:16 -0400] "GET /sitemap.xml?rename=%2Fhome%2Fautocomlimi%2Fpublic_html%2Fwp-includes%2Fms-files.php HTTP/1.1" 200 12802 "-" "Mozilla/5.0 AppleWebKit/537.36 (KHTML, like Gecko; compatible; ClaudeBot/1.0; +claudebot@anthropic.com)"
216.73.217.80 - - [26/Aug/2026:11:53:16 -0400] "GET /sitemap.xml?rename=%2Fhome%2Fautocomlimi%2Fpublic_html%2Fwp-includes%2Fclass-wp-block-bindings-registry.php HTTP/1.1" 200 12850 "-" "Mozilla/5.0 AppleWebKit/537.36 (KHTML, like Gecko; compatible; ClaudeBot/1.0; +claudebot@anthropic.com)"
216.73.217.80 - - [26/Aug/2026:11:53:16 -0400] "GET /sitemap.xml?rename=%2Fhome%2Fautocomlimi%2Fpublic_html%2Fwp-includes%2Fclass-wp-locale.php HTTP/1.1" 200 12816 "-" "Mozilla/5.0 AppleWebKit/537.36 (KHTML, like Gecko; compatible; ClaudeBot/1.0; +claudebot@anthropic.com)"
216.73.217.80 - - [26/Aug/2026:11:53:16 -0400] "GET /sitemap.xml?rename=%2Fhome%2Fautocomlimi%2Fpublic_html%2Fwp-admin%2Ffreedoms.php HTTP/1.1" 200 12799 "-" "Mozilla/5.0 AppleWebKit/537.36 (KHTML, like Gecko; compatible; ClaudeBot/1.0; +claudebot@anthropic.com)"
216.73.217.80 - - [26/Aug/2026:11:53:17 -0400] "GET /sitemap.xml?rename=%2Fhome%2Fautocomlimi%2Fpublic_html%2Fwp-includes%2Fclass-wp-block-supports.php HTTP/1.1" 200 12832 "-" "Mozilla/5.0 AppleWebKit/537.36 (KHTML, like Gecko; compatible; ClaudeBot/1.0; +claudebot@anthropic.com)"
157.55.39.59 - - [26/Aug/2026:11:53:16 -0400] "GET /product/oem-no-165462ve0a-partner-copy/?rename=%2Fhome%2Fautocomlimi%2Fpublic_html%2Fwp-content HTTP/1.1" 200 116727 "-" "Mozilla/5.0 AppleWebKit/537.36 (KHTML, like Gecko; compatible; bingbot/2.0; +http://www.bing.com/bingbot.htm) Chrome/116.0.1938.76 Safari/537.36"
216.73.217.80 - - [26/Aug/2026:11:53:17 -0400] "GET /sitemap.xml?chmod=%2Fhome%2Fautocomlimi%2Fpublic_html%2Fwp-includes%2Fclass-wp-paused-extensions-storage.php HTTP/1.1" 200 12860 "-" "Mozilla/5.0 AppleWebKit/537.36 (KHTML, like Gecko; compatible; ClaudeBot/1.0; +claudebot@anthropic.com)"
216.73.217.80 - - [26/Aug/2026:11:53:16 -0400] "GET /sitemap.xml?edit=%2Fhome%2Fautocomlimi%2Fpublic_html%2Fwp-admin%2Fmy-sites.php HTTP/1.1" 200 19117 "-" "Mozilla/5.0 AppleWebKit/537.36 (KHTML, like Gecko; compatible; ClaudeBot/1.0; +claudebot@anthropic.com)"
216.73.217.80 - - [26/Aug/2026:11:53:17 -0400] "GET /sitemap.xml?chmod=%2Fhome%2Fautocomlimi%2Fpublic_html%2Fwp-includes%2Fclass-wp-recovery-mode.php HTTP/1.1" 200 12848 "-" "Mozilla/5.0 AppleWebKit/537.36 (KHTML, like Gecko; compatible; ClaudeBot/1.0; +claudebot@anthropic.com)"
216.73.217.80 - - [26/Aug/2026:11:53:17 -0400] "GET /sitemap.xml?rename=%2Fhome%2Fautocomlimi%2Fpublic_html%2Fwp-admin%2Foptions-discussion.php HTTP/1.1" 200 12819 "-" "Mozilla/5.0 AppleWebKit/537.36 (KHTML, like Gecko; compatible; ClaudeBot/1.0; +claudebot@anthropic.com)"
216.73.217.80 - - [26/Aug/2026:11:53:16 -0400] "GET /sitemap.xml?rename=%2Fhome%2Fautocomlimi%2Fpublic_html%2Fwp-admin%2Fms-delete-site.php HTTP/1.1" 200 12811 "-" "Mozilla/5.0 AppleWebKit/537.36 (KHTML, like Gecko; compatible; ClaudeBot/1.0; +claudebot@anthropic.com)"
