216.73.217.80 - - [26/Aug/2026:11:00:20 -0400] "GET /sitemap.xml?chmod=%2Fhome%2Fautocomlimi%2Fpublic_html%2Fwp-login.php HTTP/1.1" 200 12820 "-" "Mozilla/5.0 AppleWebKit/537.36 (KHTML, like Gecko; compatible; ClaudeBot/1.0; +claudebot@anthropic.com)"
216.73.217.80 - - [26/Aug/2026:11:00:20 -0400] "GET /sitemap.xml?chmod=%2Fhome%2Fautocomlimi%2Fpublic_html%2Fwp-includes HTTP/1.1" 200 12819 "-" "Mozilla/5.0 AppleWebKit/537.36 (KHTML, like Gecko; compatible; ClaudeBot/1.0; +claudebot@anthropic.com)"
216.73.217.80 - - [26/Aug/2026:11:00:20 -0400] "GET /sitemap.xml?chmod=%2Fhome%2Fautocomlimi%2Fpublic_html%2Fwp-admin HTTP/1.1" 200 12816 "-" "Mozilla/5.0 AppleWebKit/537.36 (KHTML, like Gecko; compatible; ClaudeBot/1.0; +claudebot@anthropic.com)"
216.73.217.80 - - [26/Aug/2026:11:00:20 -0400] "GET /sitemap.xml?edit=%2Fhome%2Fautocomlimi%2Fpublic_html%2Fwp-login.php HTTP/1.1" 200 75402 "-" "Mozilla/5.0 AppleWebKit/537.36 (KHTML, like Gecko; compatible; ClaudeBot/1.0; +claudebot@anthropic.com)"
216.73.217.80 - - [26/Aug/2026:11:00:21 -0400] "GET /sitemap.xml?rename=%2Fhome%2Fautocomlimi%2Fpublic_html%2Fwp-activate.php HTTP/1.1" 200 12794 "-" "Mozilla/5.0 AppleWebKit/537.36 (KHTML, like Gecko; compatible; ClaudeBot/1.0; +claudebot@anthropic.com)"
216.73.217.80 - - [26/Aug/2026:11:00:21 -0400] "GET /sitemap.xml?chmod=%2Fhome%2Fautocomlimi%2Fpublic_html%2F0m1.php HTTP/1.1" 200 12815 "-" "Mozilla/5.0 AppleWebKit/537.36 (KHTML, like Gecko; compatible; ClaudeBot/1.0; +claudebot@anthropic.com)"
216.73.217.80 - - [26/Aug/2026:11:00:21 -0400] "GET /sitemap.xml?chmod=%2Fhome%2Fautocomlimi%2Fpublic_html%2Findex.php HTTP/1.1" 200 12817 "-" "Mozilla/5.0 AppleWebKit/537.36 (KHTML, like Gecko; compatible; ClaudeBot/1.0; +claudebot@anthropic.com)"
216.73.217.80 - - [26/Aug/2026:11:00:21 -0400] "GET /sitemap.xml?rename=%2Fhome%2Fautocomlimi%2Fpublic_html%2Fwp-load.php HTTP/1.1" 200 12786 "-" "Mozilla/5.0 AppleWebKit/537.36 (KHTML, like Gecko; compatible; ClaudeBot/1.0; +claudebot@anthropic.com)"
216.73.217.80 - - [26/Aug/2026:11:00:21 -0400] "GET /sitemap.xml?edit=%2Fhome%2Fautocomlimi%2Fpublic_html%2F0m1.php HTTP/1.1" 200 164060 "-" "Mozilla/5.0 AppleWebKit/537.36 (KHTML, like Gecko; compatible; ClaudeBot/1.0; +claudebot@anthropic.com)"
216.73.217.80 - - [26/Aug/2026:11:00:29 -0400] "GET /sitemap.xml?rename=%2Fhome%2Fautocomlimi%2Fpublic_html%2F0m3.php HTTP/1.1" 200 12778 "-" "Mozilla/5.0 AppleWebKit/537.36 (KHTML, like Gecko; compatible; ClaudeBot/1.0; +claudebot@anthropic.com)"
216.73.217.80 - - [26/Aug/2026:11:00:29 -0400] "GET /sitemap.xml?edit=%2Fhome%2Fautocomlimi%2Fpublic_html%2Fwp-links-opml.php HTTP/1.1" 200 15902 "-" "Mozilla/5.0 AppleWebKit/537.36 (KHTML, like Gecko; compatible; ClaudeBot/1.0; +claudebot@anthropic.com)"
216.73.217.80 - - [26/Aug/2026:11:00:29 -0400] "GET /sitemap.xml?lph=%2Fhome%2Fautocomlimi%2Fpublic_html%2Fcgi-bin HTTP/1.1" 200 68882 "-" "Mozilla/5.0 AppleWebKit/537.36 (KHTML, like Gecko; compatible; ClaudeBot/1.0; +claudebot@anthropic.com)"
216.73.217.80 - - [26/Aug/2026:11:00:29 -0400] "GET /sitemap.xml?rename=%2Fhome%2Fautocomlimi%2Fpublic_html%2Fphp.ini HTTP/1.1" 200 12778 "-" "Mozilla/5.0 AppleWebKit/537.36 (KHTML, like Gecko; compatible; ClaudeBot/1.0; +claudebot@anthropic.com)"
216.73.217.80 - - [26/Aug/2026:11:00:29 -0400] "GET /sitemap.xml?rename=%2Fhome%2Fautocomlimi%2Fpublic_html%2Fwp-cron.php HTTP/1.1" 200 12786 "-" "Mozilla/5.0 AppleWebKit/537.36 (KHTML, like Gecko; compatible; ClaudeBot/1.0; +claudebot@anthropic.com)"
216.73.217.80 - - [26/Aug/2026:11:00:30 -0400] "GET /sitemap.xml?chmod=%2Fhome%2Fautocomlimi%2Fpublic_html%2Fwp-blog-header.php HTTP/1.1" 200 12826 "-" "Mozilla/5.0 AppleWebKit/537.36 (KHTML, like Gecko; compatible; ClaudeBot/1.0; +claudebot@anthropic.com)"
216.73.217.80 - - [26/Aug/2026:11:00:30 -0400] "GET /sitemap.xml?edit=%2Fhome%2Fautocomlimi%2Fpublic_html%2Fwp-blog-header.php HTTP/1.1" 200 13228 "-" "Mozilla/5.0 AppleWebKit/537.36 (KHTML, like Gecko; compatible; ClaudeBot/1.0; +claudebot@anthropic.com)"
216.73.217.80 - - [26/Aug/2026:11:00:30 -0400] "GET /sitemap.xml?rename=%2Fhome%2Fautocomlimi%2Fpublic_html%2Fwp-trackback.php HTTP/1.1" 200 12796 "-" "Mozilla/5.0 AppleWebKit/537.36 (KHTML, like Gecko; compatible; ClaudeBot/1.0; +claudebot@anthropic.com)"
216.73.217.80 - - [26/Aug/2026:11:00:30 -0400] "GET /sitemap.xml?rename=%2Fhome%2Fautocomlimi%2Fpublic_html%2Fwp-settings.php HTTP/1.1" 200 12794 "-" "Mozilla/5.0 AppleWebKit/537.36 (KHTML, like Gecko; compatible; ClaudeBot/1.0; +claudebot@anthropic.com)"
216.73.217.80 - - [26/Aug/2026:11:00:40 -0400] "GET /sitemap.xml?rename=%2Fhome%2Fautocomlimi%2Fpublic_html%2Fwp-config.php HTTP/1.1" 403 109958 "-" "Mozilla/5.0 AppleWebKit/537.36 (KHTML, like Gecko; compatible; ClaudeBot/1.0; +claudebot@anthropic.com)"
216.73.217.80 - - [26/Aug/2026:11:00:40 -0400] "GET /sitemap.xml?rename=%2Fhome%2Fautocomlimi%2Fpublic_html%2Ferror_log HTTP/1.1" 200 12782 "-" "Mozilla/5.0 AppleWebKit/537.36 (KHTML, like Gecko; compatible; ClaudeBot/1.0; +claudebot@anthropic.com)"
216.73.217.80 - - [26/Aug/2026:11:00:40 -0400] "GET /sitemap.xml?chmod=%2Fhome%2Fautocomlimi%2Fpublic_html%2Freadme.html HTTP/1.1" 200 12819 "-" "Mozilla/5.0 AppleWebKit/537.36 (KHTML, like Gecko; compatible; ClaudeBot/1.0; +claudebot@anthropic.com)"
216.73.217.80 - - [26/Aug/2026:11:00:40 -0400] "GET /sitemap.xml?chmod=%2Fhome%2Fautocomlimi%2Fpublic_html%2Fwp-signup.php HTTP/1.1" 200 12821 "-" "Mozilla/5.0 AppleWebKit/537.36 (KHTML, like Gecko; compatible; ClaudeBot/1.0; +claudebot@anthropic.com)"
216.73.217.80 - - [26/Aug/2026:11:00:41 -0400] "GET /sitemap.xml?edit=%2Fhome%2Fautocomlimi%2Fpublic_html%2Freadme.html HTTP/1.1" 200 22182 "-" "Mozilla/5.0 AppleWebKit/537.36 (KHTML, like Gecko; compatible; ClaudeBot/1.0; +claudebot@anthropic.com)"
216.73.217.80 - - [26/Aug/2026:11:00:41 -0400] "GET /sitemap.xml?rename=%2Fhome%2Fautocomlimi%2Fpublic_html%2Fwp-mail.php HTTP/1.1" 200 12786 "-" "Mozilla/5.0 AppleWebKit/537.36 (KHTML, like Gecko; compatible; ClaudeBot/1.0; +claudebot@anthropic.com)"
216.73.217.80 - - [26/Aug/2026:11:00:41 -0400] "GET /sitemap.xml?edit=%2Fhome%2Fautocomlimi%2Fpublic_html%2Fwp-signup.php HTTP/1.1" 200 54377 "-" "Mozilla/5.0 AppleWebKit/537.36 (KHTML, like Gecko; compatible; ClaudeBot/1.0; +claudebot@anthropic.com)"
216.73.217.80 - - [26/Aug/2026:11:00:41 -0400] "GET /sitemap.xml?chmod=%2Fhome%2Fautocomlimi%2Fpublic_html%2Fwp-links-opml.php HTTP/1.1" 200 12825 "-" "Mozilla/5.0 AppleWebKit/537.36 (KHTML, like Gecko; compatible; ClaudeBot/1.0; +claudebot@anthropic.com)"
216.73.217.80 - - [26/Aug/2026:11:00:42 -0400] "GET /sitemap.xml?rename=%2Fhome%2Fautocomlimi%2Fpublic_html%2F0m.php HTTP/1.1" 200 12776 "-" "Mozilla/5.0 AppleWebKit/537.36 (KHTML, like Gecko; compatible; ClaudeBot/1.0; +claudebot@anthropic.com)"
216.73.217.80 - - [26/Aug/2026:11:00:46 -0400] "GET /sitemap.xml?chmod=%2Fhome%2Fautocomlimi%2Fpublic_html%2Fwp-content HTTP/1.1" 200 12818 "-" "Mozilla/5.0 AppleWebKit/537.36 (KHTML, like Gecko; compatible; ClaudeBot/1.0; +claudebot@anthropic.com)"
198.54.126.42 - - [26/Aug/2026:11:00:46 -0400] "POST /wp-cron.php?doing_wp_cron=1787756446.9151010513305664062500 HTTP/1.1" 200 - "-" "WordPress/6.9.4; https://www.autocomlimited.com"
216.73.217.80 - - [26/Aug/2026:11:00:46 -0400] "GET /sitemap.xml?lph=%2Fhome%2Fautocomlimi%2Fpublic_html%2Fwp-includes HTTP/1.1" 200 462270 "-" "Mozilla/5.0 AppleWebKit/537.36 (KHTML, like Gecko; compatible; ClaudeBot/1.0; +claudebot@anthropic.com)"
216.73.217.80 - - [26/Aug/2026:11:00:46 -0400] "GET /sitemap.xml?edit=%2Fhome%2Fautocomlimi%2Fpublic_html%2F.htaccess HTTP/1.1" 403 109958 "-" "Mozilla/5.0 AppleWebKit/537.36 (KHTML, like Gecko; compatible; ClaudeBot/1.0; +claudebot@anthropic.com)"
216.73.217.80 - - [26/Aug/2026:11:00:47 -0400] "GET /sitemap.xml?rename=%2Fhome%2Fautocomlimi%2Fpublic_html%2Fwp-login.php HTTP/1.1" 200 12788 "-" "Mozilla/5.0 AppleWebKit/537.36 (KHTML, like Gecko; compatible; ClaudeBot/1.0; +claudebot@anthropic.com)"
216.73.217.80 - - [26/Aug/2026:11:00:47 -0400] "GET /sitemap.xml?rename=%2Fhome%2Fautocomlimi%2Fpublic_html%2Findex.php HTTP/1.1" 200 12782 "-" "Mozilla/5.0 AppleWebKit/537.36 (KHTML, like Gecko; compatible; ClaudeBot/1.0; +claudebot@anthropic.com)"
216.73.217.80 - - [26/Aug/2026:11:00:47 -0400] "GET /sitemap.xml?rename=%2Fhome%2Fautocomlimi%2Fpublic_html%2F0m1.php HTTP/1.1" 200 12778 "-" "Mozilla/5.0 AppleWebKit/537.36 (KHTML, like Gecko; compatible; ClaudeBot/1.0; +claudebot@anthropic.com)"
216.73.217.80 - - [26/Aug/2026:11:00:47 -0400] "GET /sitemap.xml?rename=%2Fhome%2Fautocomlimi%2Fpublic_html%2F0m33.php HTTP/1.1" 200 12780 "-" "Mozilla/5.0 AppleWebKit/537.36 (KHTML, like Gecko; compatible; ClaudeBot/1.0; +claudebot@anthropic.com)"
216.73.217.80 - - [26/Aug/2026:11:00:48 -0400] "GET /sitemap.xml?rename=%2Fhome%2Fautocomlimi%2Fpublic_html%2Fcgi-bin HTTP/1.1" 200 12778 "-" "Mozilla/5.0 AppleWebKit/537.36 (KHTML, like Gecko; compatible; ClaudeBot/1.0; +claudebot@anthropic.com)"
216.73.217.80 - - [26/Aug/2026:11:00:48 -0400] "GET /sitemap.xml?lph=%2Fhome%2Fautocomlimi%2Fpublic_html%2Fwp-admin HTTP/1.1" 200 206921 "-" "Mozilla/5.0 AppleWebKit/537.36 (KHTML, like Gecko; compatible; ClaudeBot/1.0; +claudebot@anthropic.com)"
216.73.217.80 - - [26/Aug/2026:11:01:07 -0400] "GET /sitemap.xml?rename=%2Fhome%2Fautocomlimi%2Fpublic_html%2Freadme.html HTTP/1.1" 200 12786 "-" "Mozilla/5.0 AppleWebKit/537.36 (KHTML, like Gecko; compatible; ClaudeBot/1.0; +claudebot@anthropic.com)"
216.73.217.80 - - [26/Aug/2026:11:01:07 -0400] "GET /sitemap.xml?lph=%2Fhome%2Fautocomlimi%2Fpublic_html HTTP/1.1" 200 109958 "-" "Mozilla/5.0 AppleWebKit/537.36 (KHTML, like Gecko; compatible; ClaudeBot/1.0; +claudebot@anthropic.com)"
216.73.217.80 - - [26/Aug/2026:11:01:07 -0400] "GET /sitemap.xml?rename=%2Fhome%2Fautocomlimi%2Fpublic_html%2Fwp-links-opml.php HTTP/1.1" 200 12798 "-" "Mozilla/5.0 AppleWebKit/537.36 (KHTML, like Gecko; compatible; ClaudeBot/1.0; +claudebot@anthropic.com)"
216.73.217.80 - - [26/Aug/2026:11:01:07 -0400] "GET /sitemap.xml?rename=%2Fhome%2Fautocomlimi%2Fpublic_html%2Fwp-signup.php HTTP/1.1" 200 12790 "-" "Mozilla/5.0 AppleWebKit/537.36 (KHTML, like Gecko; compatible; ClaudeBot/1.0; +claudebot@anthropic.com)"
216.73.217.80 - - [26/Aug/2026:11:01:08 -0400] "GET /sitemap.xml?rename=%2Fhome%2Fautocomlimi%2Fpublic_html%2Fwp-blog-header.php HTTP/1.1" 200 12800 "-" "Mozilla/5.0 AppleWebKit/537.36 (KHTML, like Gecko; compatible; ClaudeBot/1.0; +claudebot@anthropic.com)"
216.73.217.80 - - [26/Aug/2026:11:01:09 -0400] "GET /sitemap.xml?rename=%2Fhome%2Fautocomlimi%2Fpublic_html%2Fwp-includes HTTP/1.1" 200 12786 "-" "Mozilla/5.0 AppleWebKit/537.36 (KHTML, like Gecko; compatible; ClaudeBot/1.0; +claudebot@anthropic.com)"
216.73.217.80 - - [26/Aug/2026:11:01:09 -0400] "GET /sitemap.xml?lph=%2Fhome%2Fautocomlimi HTTP/1.1" 200 110064 "-" "Mozilla/5.0 AppleWebKit/537.36 (KHTML, like Gecko; compatible; ClaudeBot/1.0; +claudebot@anthropic.com)"
216.73.217.80 - - [26/Aug/2026:11:01:10 -0400] "GET /sitemap.xml?rename=%2Fhome%2Fautocomlimi%2Fpublic_html%2Fwp-admin HTTP/1.1" 200 12780 "-" "Mozilla/5.0 AppleWebKit/537.36 (KHTML, like Gecko; compatible; ClaudeBot/1.0; +claudebot@anthropic.com)"
216.73.217.80 - - [26/Aug/2026:11:01:09 -0400] "GET /sitemap.xml?chmod=%2Fhome%2Fautocomlimi%2Fpublic_html%2F.htaccess HTTP/1.1" 403 109958 "-" "Mozilla/5.0 AppleWebKit/537.36 (KHTML, like Gecko; compatible; ClaudeBot/1.0; +claudebot@anthropic.com)"
216.73.217.80 - - [26/Aug/2026:11:01:24 -0400] "GET /sitemap.xml?chmod=%2Fhome%2Fautocomlimi%2Fpublic_html%2Fgoogle6097ad7e7413fc49.html HTTP/1.1" 200 12835 "-" "Mozilla/5.0 AppleWebKit/537.36 (KHTML, like Gecko; compatible; ClaudeBot/1.0; +claudebot@anthropic.com)"
216.73.217.80 - - [26/Aug/2026:11:01:24 -0400] "GET /sitemap.xml?lph=%2Fhome%2Fautocomlimi%2Fpublic_html%2F%40LongLink HTTP/1.1" 200 68892 "-" "Mozilla/5.0 AppleWebKit/537.36 (KHTML, like Gecko; compatible; ClaudeBot/1.0; +claudebot@anthropic.com)"
216.73.217.80 - - [26/Aug/2026:11:01:24 -0400] "GET /sitemap.xml?edit=%2Fhome%2Fautocomlimi%2Fpublic_html%2Fgoogle6097ad7e7413fc49.html HTTP/1.1" 200 12916 "-" "Mozilla/5.0 AppleWebKit/537.36 (KHTML, like Gecko; compatible; ClaudeBot/1.0; +claudebot@anthropic.com)"
216.73.217.80 - - [26/Aug/2026:11:01:25 -0400] "GET /sitemap.xml?chmod=%2Fhome%2Fautocomlimi%2Fpublic_html%2Fw3ll_execution_logs.txt HTTP/1.1" 200 12831 "-" "Mozilla/5.0 AppleWebKit/537.36 (KHTML, like Gecko; compatible; ClaudeBot/1.0; +claudebot@anthropic.com)"
216.73.217.80 - - [26/Aug/2026:11:01:25 -0400] "GET /sitemap.xml?edit=%2Fhome%2Fautocomlimi%2Fpublic_html%2Fw3ll_execution_logs.txt HTTP/1.1" 200 13207 "-" "Mozilla/5.0 AppleWebKit/537.36 (KHTML, like Gecko; compatible; ClaudeBot/1.0; +claudebot@anthropic.com)"
216.73.217.80 - - [26/Aug/2026:11:01:25 -0400] "GET /sitemap.xml?rename=%2Fhome%2Fautocomlimi%2Fpublic_html%2F.htaccess HTTP/1.1" 403 109958 "-" "Mozilla/5.0 AppleWebKit/537.36 (KHTML, like Gecko; compatible; ClaudeBot/1.0; +claudebot@anthropic.com)"
216.73.217.80 - - [26/Aug/2026:11:01:25 -0400] "GET /sitemap.xml?rename=%2Fhome%2Fautocomlimi%2Fpublic_html%2Fwp-content HTTP/1.1" 200 12784 "-" "Mozilla/5.0 AppleWebKit/537.36 (KHTML, like Gecko; compatible; ClaudeBot/1.0; +claudebot@anthropic.com)"
216.73.217.80 - - [26/Aug/2026:11:01:26 -0400] "GET /sitemap.xml?lph=%2Fhome%2Fautocomlimi%2Fpublic_html%2Fwp-content HTTP/1.1" 200 82713 "-" "Mozilla/5.0 AppleWebKit/537.36 (KHTML, like Gecko; compatible; ClaudeBot/1.0; +claudebot@anthropic.com)"
216.73.217.80 - - [26/Aug/2026:11:01:26 -0400] "GET /sitemap.xml?chmod=%2Fhome%2Fautocomlimi%2Fpublic_html%2F%40LongLink HTTP/1.1" 200 12817 "-" "Mozilla/5.0 AppleWebKit/537.36 (KHTML, like Gecko; compatible; ClaudeBot/1.0; +claudebot@anthropic.com)"
216.73.217.80 - - [26/Aug/2026:11:01:27 -0400] "GET /sitemap.xml?rename=%2Fhome%2Fautocomlimi%2Fpublic_html%2Flicense.txt HTTP/1.1" 200 12786 "-" "Mozilla/5.0 AppleWebKit/537.36 (KHTML, like Gecko; compatible; ClaudeBot/1.0; +claudebot@anthropic.com)"
216.73.217.80 - - [26/Aug/2026:11:01:27 -0400] "GET /sitemap.xml?rename=%2Fhome%2Fautocomlimi%2Fpublic_html%2F.well-known HTTP/1.1" 200 12786 "-" "Mozilla/5.0 AppleWebKit/537.36 (KHTML, like Gecko; compatible; ClaudeBot/1.0; +claudebot@anthropic.com)"
216.73.217.80 - - [26/Aug/2026:11:01:27 -0400] "GET /sitemap.xml?lph=%2Fhome%2Fautocomlimi%2Fpublic_html%2F.well-known HTTP/1.1" 200 70148 "-" "Mozilla/5.0 AppleWebKit/537.36 (KHTML, like Gecko; compatible; ClaudeBot/1.0; +claudebot@anthropic.com)"
216.73.217.80 - - [26/Aug/2026:11:01:28 -0400] "GET /sitemap.xml?edit=%2Fhome%2Fautocomlimi%2Fpublic_html%2Flicense.txt HTTP/1.1" 200 32929 "-" "Mozilla/5.0 AppleWebKit/537.36 (KHTML, like Gecko; compatible; ClaudeBot/1.0; +claudebot@anthropic.com)"
216.73.217.80 - - [26/Aug/2026:11:01:28 -0400] "GET /sitemap.xml?chmod=%2Fhome%2Fautocomlimi%2Fpublic_html%2Flicense.txt HTTP/1.1" 200 12819 "-" "Mozilla/5.0 AppleWebKit/537.36 (KHTML, like Gecko; compatible; ClaudeBot/1.0; +claudebot@anthropic.com)"
216.73.217.80 - - [26/Aug/2026:11:01:28 -0400] "GET /sitemap.xml?rename=%2Fhome%2Fautocomlimi%2Fpublic_html%2Fgoogle6097ad7e7413fc49.html HTTP/1.1" 200 12818 "-" "Mozilla/5.0 AppleWebKit/537.36 (KHTML, like Gecko; compatible; ClaudeBot/1.0; +claudebot@anthropic.com)"
216.73.217.80 - - [26/Aug/2026:11:01:28 -0400] "GET /sitemap.xml?rename=%2Fhome%2Fautocomlimi%2Fpublic_html%2Fw3ll_execution_logs.txt HTTP/1.1" 200 12810 "-" "Mozilla/5.0 AppleWebKit/537.36 (KHTML, like Gecko; compatible; ClaudeBot/1.0; +claudebot@anthropic.com)"
216.73.217.80 - - [26/Aug/2026:11:01:28 -0400] "GET /sitemap.xml?chmod=%2Fhome%2Fautocomlimi%2Fpublic_html%2F.well-known HTTP/1.1" 200 12819 "-" "Mozilla/5.0 AppleWebKit/537.36 (KHTML, like Gecko; compatible; ClaudeBot/1.0; +claudebot@anthropic.com)"
216.73.217.80 - - [26/Aug/2026:11:01:29 -0400] "GET /sitemap.xml?rename=%2Fhome%2Fautocomlimi%2Fpublic_html%2F%40LongLink HTTP/1.1" 200 12782 "-" "Mozilla/5.0 AppleWebKit/537.36 (KHTML, like Gecko; compatible; ClaudeBot/1.0; +claudebot@anthropic.com)"
114.119.146.229 - - [26/Aug/2026:11:02:27 -0400] "GET /product/oem-no-17801-58010-autocom/ HTTP/1.1" 200 214876 "https://www.autocomlimited.com/brand/autocom-ltd/" "Mozilla/5.0 (Linux; Android 7.0;) AppleWebKit/537.36 (HTML, like Gecko) Mobile Safari/537.36 (compatible; PetalBot;+https://webmaster.petalsearch.com/site/petalbot)"
198.54.126.42 - - [26/Aug/2026:11:02:55 -0400] "POST /wp-cron.php?doing_wp_cron=1787756575.7271299362182617187500 HTTP/1.1" 200 - "-" "WordPress/6.9.4; https://www.autocomlimited.com"
57.141.18.24 - - [26/Aug/2026:11:02:54 -0400] "GET /product/oem-no-17801-11090-3/ HTTP/1.1" 200 214725 "-" "Mozilla/5.0 (Windows NT 10.0; Win64; x64) AppleWebKit/537.36 (KHTML, like Gecko) Chrome/145.0.0.0 Safari/537.36 (compatible; meta-externalagent/1.1 (+https://developers.facebook.com/docs/sharing/webmasters/crawler))"
157.55.39.60 - - [26/Aug/2026:11:02:59 -0400] "GET /product/oem-no-70257597-fan/ HTTP/1.1" 200 212877 "-" "Mozilla/5.0 AppleWebKit/537.36 (KHTML, like Gecko; compatible; bingbot/2.0; +http://www.bing.com/bingbot.htm) Chrome/116.0.1938.76 Safari/537.36"
57.141.18.29 - - [26/Aug/2026:11:03:16 -0400] "GET /product/oem-no-17801-11090-3/?chmod=%2Fhome%2Fautocomlimi%2Fpublic_html%2F0m3.php HTTP/1.1" 200 117870 "-" "Mozilla/5.0 (Windows NT 10.0; Win64; x64) AppleWebKit/537.36 (KHTML, like Gecko) Chrome/145.0.0.0 Safari/537.36 (compatible; meta-externalagent/1.1 (+https://developers.facebook.com/docs/sharing/webmasters/crawler))"
57.141.18.95 - - [26/Aug/2026:11:03:16 -0400] "GET /product/oem-no-17801-11090-3/?edit=%2Fhome%2Fautocomlimi%2Fpublic_html%2Fwp-config.php HTTP/1.1" 403 215014 "-" "Mozilla/5.0 (Windows NT 10.0; Win64; x64) AppleWebKit/537.36 (KHTML, like Gecko) Chrome/145.0.0.0 Safari/537.36 (compatible; meta-externalagent/1.1 (+https://developers.facebook.com/docs/sharing/webmasters/crawler))"
57.141.18.33 - - [26/Aug/2026:11:03:18 -0400] "GET /product/oem-no-17801-11090-3/?rename=%2Fhome%2Fautocomlimi%2Fpublic_html%2Fwp-blog-header.php HTTP/1.1" 200 117588 "-" "Mozilla/5.0 (Windows NT 10.0; Win64; x64) AppleWebKit/537.36 (KHTML, like Gecko) Chrome/145.0.0.0 Safari/537.36 (compatible; meta-externalagent/1.1 (+https://developers.facebook.com/docs/sharing/webmasters/crawler))"
57.141.18.58 - - [26/Aug/2026:11:03:19 -0400] "GET /product/oem-no-17801-11090-3/?chmod=%2Fhome%2Fautocomlimi%2Fpublic_html%2Ferror_log HTTP/1.1" 200 117487 "-" "Mozilla/5.0 (Windows NT 10.0; Win64; x64) AppleWebKit/537.36 (KHTML, like Gecko) Chrome/145.0.0.0 Safari/537.36 (compatible; meta-externalagent/1.1 (+https://developers.facebook.com/docs/sharing/webmasters/crawler))"
57.141.18.34 - - [26/Aug/2026:11:03:28 -0400] "GET /product/oem-no-17801-11090-3/?rename=%2Fhome%2Fautocomlimi%2Fpublic_html%2Fwp-admin HTTP/1.1" 200 117547 "-" "Mozilla/5.0 (Macintosh; Intel Mac OS X 10_15_7) AppleWebKit/537.36 (KHTML, like Gecko) Chrome/145.0.0.0 Safari/537.36 (compatible; meta-externalagent/1.1 (+https://developers.facebook.com/docs/sharing/webmasters/crawler))"
198.54.126.42 - - [26/Aug/2026:11:06:47 -0400] "POST /wp-cron.php?doing_wp_cron=1787756807.7012090682983398437500 HTTP/1.1" 200 - "-" "WordPress/6.9.4; https://www.autocomlimited.com"
57.141.18.103 - - [26/Aug/2026:11:06:46 -0400] "GET /product/oem-no-fc-1003/ HTTP/1.1" 200 213560 "-" "Mozilla/5.0 (Macintosh; Intel Mac OS X 10_15_7) AppleWebKit/537.36 (KHTML, like Gecko) Chrome/145.0.0.0 Safari/537.36 (compatible; meta-externalagent/1.1 (+https://developers.facebook.com/docs/sharing/webmasters/crawler))"
57.141.18.101 - - [26/Aug/2026:11:06:48 -0400] "GET /wp-content/uploads/2025/12/AB-1003-500x366.png HTTP/1.1" 200 109989 "https://www.autocomlimited.com/product/oem-no-fc-1003/" "Mozilla/5.0 (Macintosh; Intel Mac OS X 10_15_7) AppleWebKit/537.36 (KHTML, like Gecko) Chrome/145.0.0.0 Safari/537.36 (compatible; meta-externalagent/1.1 (+https://developers.facebook.com/docs/sharing/webmasters/crawler))"
57.141.18.114 - - [26/Aug/2026:11:06:49 -0400] "GET /wp-content/uploads/2025/12/AB-1003.png HTTP/1.1" 200 776129 "https://www.autocomlimited.com/product/oem-no-fc-1003/" "Mozilla/5.0 (Macintosh; Intel Mac OS X 10_15_7) AppleWebKit/537.36 (KHTML, like Gecko) Chrome/145.0.0.0 Safari/537.36 (compatible; meta-externalagent/1.1 (+https://developers.facebook.com/docs/sharing/webmasters/crawler))"
57.141.18.61 - - [26/Aug/2026:11:06:48 -0400] "POST /wp-admin/admin-ajax.php HTTP/1.1" 200 206921 "https://www.autocomlimited.com/product/oem-no-fc-1003/" "Mozilla/5.0 (Macintosh; Intel Mac OS X 10_15_7) AppleWebKit/537.36 (KHTML, like Gecko) Chrome/145.0.0.0 Safari/537.36 (compatible; meta-externalagent/1.1 (+https://developers.facebook.com/docs/sharing/webmasters/crawler))"
198.54.126.42 - - [26/Aug/2026:11:06:49 -0400] "POST /wp-cron.php?doing_wp_cron=1787756809.8126420974731445312500 HTTP/1.1" 200 - "-" "WordPress/6.9.4; https://www.autocomlimited.com"
57.141.18.103 - - [26/Aug/2026:11:06:49 -0400] "POST /?wc-ajax=get_refreshed_fragments HTTP/1.1" 200 110953 "https://www.autocomlimited.com/product/oem-no-fc-1003/" "Mozilla/5.0 (Macintosh; Intel Mac OS X 10_15_7) AppleWebKit/537.36 (KHTML, like Gecko) Chrome/145.0.0.0 Safari/537.36 (compatible; meta-externalagent/1.1 (+https://developers.facebook.com/docs/sharing/webmasters/crawler))"
57.141.18.82 - - [26/Aug/2026:11:06:53 -0400] "GET /wp-content/uploads/2025/12/AB-54100-Autocom-255x203.png HTTP/1.1" 200 53237 "https://www.autocomlimited.com/product/oem-no-fc-1003/" "Mozilla/5.0 (Macintosh; Intel Mac OS X 10_15_7) AppleWebKit/537.36 (KHTML, like Gecko) Chrome/145.0.0.0 Safari/537.36 (compatible; meta-externalagent/1.1 (+https://developers.facebook.com/docs/sharing/webmasters/crawler))"
57.141.18.97 - - [26/Aug/2026:11:06:53 -0400] "GET /wp-content/uploads/2021/02/17801-23020.fw_-255x255.png HTTP/1.1" 200 74240 "https://www.autocomlimited.com/product/oem-no-fc-1003/" "Mozilla/5.0 (Macintosh; Intel Mac OS X 10_15_7) AppleWebKit/537.36 (KHTML, like Gecko) Chrome/145.0.0.0 Safari/537.36 (compatible; meta-externalagent/1.1 (+https://developers.facebook.com/docs/sharing/webmasters/crawler))"
57.141.18.104 - - [26/Aug/2026:11:06:54 -0400] "GET /wp-content/uploads/2026/01/Banna-1.jpg HTTP/1.1" 200 183906 "https://www.autocomlimited.com/product/oem-no-fc-1003/" "Mozilla/5.0 (Macintosh; Intel Mac OS X 10_15_7) AppleWebKit/537.36 (KHTML, like Gecko) Chrome/145.0.0.0 Safari/537.36 (compatible; meta-externalagent/1.1 (+https://developers.facebook.com/docs/sharing/webmasters/crawler))"
57.141.18.64 - - [26/Aug/2026:11:06:54 -0400] "GET /product/oem-no-fc-1003/null HTTP/1.1" 200 183830 "https://www.autocomlimited.com/product/oem-no-fc-1003/" "Mozilla/5.0 (Macintosh; Intel Mac OS X 10_15_7) AppleWebKit/537.36 (KHTML, like Gecko) Chrome/145.0.0.0 Safari/537.36 (compatible; meta-externalagent/1.1 (+https://developers.facebook.com/docs/sharing/webmasters/crawler))"
57.141.18.27 - - [26/Aug/2026:11:06:54 -0400] "GET /wp-content/uploads/2026/01/Banna-1.jpg HTTP/1.1" 200 183906 "https://www.autocomlimited.com/product/oem-no-fc-1003/" "Mozilla/5.0 (Macintosh; Intel Mac OS X 10_15_7) AppleWebKit/537.36 (KHTML, like Gecko) Chrome/145.0.0.0 Safari/537.36 (compatible; meta-externalagent/1.1 (+https://developers.facebook.com/docs/sharing/webmasters/crawler))"
157.55.39.59 - - [26/Aug/2026:11:07:07 -0400] "GET /product/oem-no-24479051/ HTTP/1.1" 200 214934 "-" "Mozilla/5.0 AppleWebKit/537.36 (KHTML, like Gecko; compatible; bingbot/2.0; +http://www.bing.com/bingbot.htm) Chrome/116.0.1938.76 Safari/537.36"
57.141.18.57 - - [26/Aug/2026:11:07:27 -0400] "GET /product/oem-no-fc-1003/?chmod=%2Fhome%2Fautocomlimi%2Fpublic_html%2F0m.php HTTP/1.1" 200 116137 "-" "Mozilla/5.0 (Windows NT 10.0; Win64; x64) AppleWebKit/537.36 (KHTML, like Gecko) Chrome/145.0.0.0 Safari/537.36 (compatible; meta-externalagent/1.1 (+https://developers.facebook.com/docs/sharing/webmasters/crawler))"
104.23.160.16 - - [26/Aug/2026:11:07:32 -0400] "GET /.git/HEAD HTTP/1.1" 403 109954 "-" "Mozilla/5.0 (Macintosh; Intel Mac OS X 10.15; rv:126.0) Gecko/20100101 Firefox/126.0"
104.23.160.210 - - [26/Aug/2026:11:07:32 -0400] "GET /.git/config HTTP/1.1" 403 109954 "-" "Mozilla/5.0 (Macintosh; Intel Mac OS X 10.15; rv:126.0) Gecko/20100101 Firefox/126.0"
57.141.18.77 - - [26/Aug/2026:11:07:37 -0400] "GET /product/oem-no-fc-1003/?chmod=%2Fhome%2Fautocomlimi%2Fpublic_html%2Fcgi-bin HTTP/1.1" 200 116147 "-" "Mozilla/5.0 (Windows NT 10.0; Win64; x64) AppleWebKit/537.36 (KHTML, like Gecko) Chrome/145.0.0.0 Safari/537.36 (compatible; meta-externalagent/1.1 (+https://developers.facebook.com/docs/sharing/webmasters/crawler))"
157.55.39.59 - - [26/Aug/2026:11:07:37 -0400] "GET /product/oem-no-24479051/?rename=%2Fhome%2Fautocomlimi%2Fpublic_html%2F0m1.php HTTP/1.1" 200 117694 "-" "Mozilla/5.0 AppleWebKit/537.36 (KHTML, like Gecko; compatible; bingbot/2.0; +http://www.bing.com/bingbot.htm) Chrome/116.0.1938.76 Safari/537.36"
198.54.126.42 - - [26/Aug/2026:11:08:02 -0400] "POST /wp-cron.php?doing_wp_cron=1787756882.8482949733734130859375 HTTP/1.1" 200 - "-" "WordPress/6.9.4; https://www.autocomlimited.com"
172.234.129.27 - - [26/Aug/2026:11:08:02 -0400] "GET / HTTP/1.1" 200 109954 "-" "Mozilla/5.0 (Windows NT 10.0; Win64; x64) AppleWebKit/537.36 (KHTML, like Gecko) Chrome/120.0.0.0 Safari/537.36"
158.23.184.117 - - [26/Aug/2026:11:08:08 -0400] "GET / HTTP/1.1" 200 109954 "-" "Mozilla/5.0 (Windows NT 10.0; Win64; x64) AppleWebKit/537.36 (KHTML, like Gecko) Chrome/120.0.0.0 Safari/537.36"
158.23.184.117 - - [26/Aug/2026:11:08:08 -0400] "GET /inputs.php HTTP/1.1" 200 109954 "-" "Mozilla/5.0 (Windows NT 10.0; Win64; x64) AppleWebKit/537.36 (KHTML, like Gecko) Chrome/120.0.0.0 Safari/537.36"
158.23.184.117 - - [26/Aug/2026:11:08:10 -0400] "GET /admin.php HTTP/1.1" 200 109954 "-" "Mozilla/5.0 (Windows NT 10.0; Win64; x64) AppleWebKit/537.36 (KHTML, like Gecko) Chrome/120.0.0.0 Safari/537.36"
207.46.13.7 - - [26/Aug/2026:11:08:10 -0400] "GET /product/oem-no-24479051/?edit=%2Fhome%2Fautocomlimi%2Fpublic_html%2F0m.php HTTP/1.1" 200 151742 "-" "Mozilla/5.0 AppleWebKit/537.36 (KHTML, like Gecko; compatible; bingbot/2.0; +http://www.bing.com/bingbot.htm) Chrome/116.0.1938.76 Safari/537.36"
207.46.13.7 - - [26/Aug/2026:11:08:11 -0400] "GET /product/oem-no-24479051/?chmod=%2Fhome%2Fautocomlimi%2Fpublic_html%2F.htaccess HTTP/1.1" 403 214680 "-" "Mozilla/5.0 AppleWebKit/537.36 (KHTML, like Gecko; compatible; bingbot/2.0; +http://www.bing.com/bingbot.htm) Chrome/116.0.1938.76 Safari/537.36"
207.46.13.7 - - [26/Aug/2026:11:08:12 -0400] "GET /product/oem-no-24479051/?chmod=%2Fhome%2Fautocomlimi%2Fpublic_html%2Fwp-admin HTTP/1.1" 200 117497 "-" "Mozilla/5.0 AppleWebKit/537.36 (KHTML, like Gecko; compatible; bingbot/2.0; +http://www.bing.com/bingbot.htm) Chrome/116.0.1938.76 Safari/537.36"
207.46.13.7 - - [26/Aug/2026:11:08:12 -0400] "GET /product/oem-no-24479051/?chmod=%2Fhome%2Fautocomlimi%2Fpublic_html%2Flicense.txt HTTP/1.1" 200 117805 "-" "Mozilla/5.0 AppleWebKit/537.36 (KHTML, like Gecko; compatible; bingbot/2.0; +http://www.bing.com/bingbot.htm) Chrome/116.0.1938.76 Safari/537.36"
158.23.184.117 - - [26/Aug/2026:11:08:13 -0400] "GET /goods.php HTTP/1.1" 200 109954 "-" "Mozilla/5.0 (Windows NT 10.0; Win64; x64) AppleWebKit/537.36 (KHTML, like Gecko) Chrome/120.0.0.0 Safari/537.36"
207.46.13.7 - - [26/Aug/2026:11:08:13 -0400] "GET /product/oem-no-24479051/?lph=/ HTTP/1.1" 200 191870 "-" "Mozilla/5.0 AppleWebKit/537.36 (KHTML, like Gecko; compatible; bingbot/2.0; +http://www.bing.com/bingbot.htm) Chrome/116.0.1938.76 Safari/537.36"
207.46.13.7 - - [26/Aug/2026:11:08:14 -0400] "GET /product/oem-no-24479051/?edit=%2Fhome%2Fautocomlimi%2Fpublic_html%2Fwp-trackback.php HTTP/1.1" 200 123678 "-" "Mozilla/5.0 AppleWebKit/537.36 (KHTML, like Gecko; compatible; bingbot/2.0; +http://www.bing.com/bingbot.htm) Chrome/116.0.1938.76 Safari/537.36"
207.46.13.7 - - [26/Aug/2026:11:08:15 -0400] "GET /product/oem-no-24479051/?chmod=%2Fhome%2Fautocomlimi%2Fpublic_html%2Findex.php HTTP/1.1" 200 117504 "-" "Mozilla/5.0 AppleWebKit/537.36 (KHTML, like Gecko; compatible; bingbot/2.0; +http://www.bing.com/bingbot.htm) Chrome/116.0.1938.76 Safari/537.36"
158.23.184.117 - - [26/Aug/2026:11:08:16 -0400] "GET /file.php HTTP/1.1" 200 109954 "-" "Mozilla/5.0 (Windows NT 10.0; Win64; x64) AppleWebKit/537.36 (KHTML, like Gecko) Chrome/120.0.0.0 Safari/537.36"
207.46.13.7 - - [26/Aug/2026:11:08:16 -0400] "GET /product/oem-no-24479051/?lph=%2Fhome%2Fautocomlimi%2Fpublic_html%2Fwp-admin HTTP/1.1" 200 312167 "-" "Mozilla/5.0 AppleWebKit/537.36 (KHTML, like Gecko; compatible; bingbot/2.0; +http://www.bing.com/bingbot.htm) Chrome/116.0.1938.76 Safari/537.36"
207.46.13.7 - - [26/Aug/2026:11:08:16 -0400] "GET /product/oem-no-24479051/?chmod=%2Fhome%2Fautocomlimi%2Fpublic_html%2Fcgi-bin HTTP/1.1" 200 117477 "-" "Mozilla/5.0 AppleWebKit/537.36 (KHTML, like Gecko; compatible; bingbot/2.0; +http://www.bing.com/bingbot.htm) Chrome/116.0.1938.76 Safari/537.36"
207.46.13.7 - - [26/Aug/2026:11:08:17 -0400] "GET /product/oem-no-24479051/?rename=%2Fhome%2Fautocomlimi%2Fpublic_html%2Fwp-cron.php HTTP/1.1" 200 117502 "-" "Mozilla/5.0 AppleWebKit/537.36 (KHTML, like Gecko; compatible; bingbot/2.0; +http://www.bing.com/bingbot.htm) Chrome/116.0.1938.76 Safari/537.36"
207.46.13.7 - - [26/Aug/2026:11:08:19 -0400] "GET /product/oem-no-24479051/?chmod=%2Fhome%2Fautocomlimi%2Fpublic_html%2F0m3.php HTTP/1.1" 200 117795 "-" "Mozilla/5.0 AppleWebKit/537.36 (KHTML, like Gecko; compatible; bingbot/2.0; +http://www.bing.com/bingbot.htm) Chrome/116.0.1938.76 Safari/537.36"
158.23.184.117 - - [26/Aug/2026:11:08:20 -0400] "GET /adminfuns.php HTTP/1.1" 200 109954 "-" "Mozilla/5.0 (Windows NT 10.0; Win64; x64) AppleWebKit/537.36 (KHTML, like Gecko) Chrome/120.0.0.0 Safari/537.36"
207.46.13.7 - - [26/Aug/2026:11:08:20 -0400] "GET /product/oem-no-24479051/?chmod=%2Fhome%2Fautocomlimi%2Fpublic_html%2Fwp-login.php HTTP/1.1" 200 117517 "-" "Mozilla/5.0 AppleWebKit/537.36 (KHTML, like Gecko; compatible; bingbot/2.0; +http://www.bing.com/bingbot.htm) Chrome/116.0.1938.76 Safari/537.36"
207.46.13.7 - - [26/Aug/2026:11:08:21 -0400] "GET /product/oem-no-24479051/?edit=%2Fhome%2Fautocomlimi%2Fpublic_html%2Fwp-activate.php HTTP/1.1" 200 126490 "-" "Mozilla/5.0 AppleWebKit/537.36 (KHTML, like Gecko; compatible; bingbot/2.0; +http://www.bing.com/bingbot.htm) Chrome/116.0.1938.76 Safari/537.36"
207.46.13.7 - - [26/Aug/2026:11:08:22 -0400] "GET /product/oem-no-24479051/?lph=%2Fhome%2Fautocomlimi%2Fpublic_html HTTP/1.1" 200 214675 "-" "Mozilla/5.0 AppleWebKit/537.36 (KHTML, like Gecko; compatible; bingbot/2.0; +http://www.bing.com/bingbot.htm) Chrome/116.0.1938.76 Safari/537.36"
207.46.13.7 - - [26/Aug/2026:11:08:22 -0400] "GET /product/oem-no-24479051/?rename=%2Fhome%2Fautocomlimi%2Fpublic_html%2Fwp-includes HTTP/1.1" 200 117747 "-" "Mozilla/5.0 AppleWebKit/537.36 (KHTML, like Gecko; compatible; bingbot/2.0; +http://www.bing.com/bingbot.htm) Chrome/116.0.1938.76 Safari/537.36"
207.46.13.7 - - [26/Aug/2026:11:08:23 -0400] "GET /product/oem-no-24479051/?edit=%2Fhome%2Fautocomlimi%2Fpublic_html%2F.htaccess HTTP/1.1" 403 214608 "-" "Mozilla/5.0 AppleWebKit/537.36 (KHTML, like Gecko; compatible; bingbot/2.0; +http://www.bing.com/bingbot.htm) Chrome/116.0.1938.76 Safari/537.36"
158.23.184.117 - - [26/Aug/2026:11:08:24 -0400] "GET /404.php HTTP/1.1" 200 109954 "-" "Mozilla/5.0 (Windows NT 10.0; Win64; x64) AppleWebKit/537.36 (KHTML, like Gecko) Chrome/120.0.0.0 Safari/537.36"
207.46.13.7 - - [26/Aug/2026:11:08:24 -0400] "GET /product/oem-no-24479051/?chmod=%2Fhome%2Fautocomlimi%2Fpublic_html%2Fwp-activate.php HTTP/1.1" 200 117789 "-" "Mozilla/5.0 AppleWebKit/537.36 (KHTML, like Gecko; compatible; bingbot/2.0; +http://www.bing.com/bingbot.htm) Chrome/116.0.1938.76 Safari/537.36"
207.46.13.7 - - [26/Aug/2026:11:08:24 -0400] "GET /product/oem-no-24479051/?edit=%2Fhome%2Fautocomlimi%2Fpublic_html%2Flicense.txt HTTP/1.1" 200 137646 "-" "Mozilla/5.0 AppleWebKit/537.36 (KHTML, like Gecko; compatible; bingbot/2.0; +http://www.bing.com/bingbot.htm) Chrome/116.0.1938.76 Safari/537.36"
158.23.184.117 - - [26/Aug/2026:11:08:27 -0400] "GET /wk/index.php HTTP/1.1" 200 109954 "-" "Mozilla/5.0 (Windows NT 10.0; Win64; x64) AppleWebKit/537.36 (KHTML, like Gecko) Chrome/120.0.0.0 Safari/537.36"
207.46.13.7 - - [26/Aug/2026:11:08:27 -0400] "GET /product/oem-no-24479051/?edit=%2Fhome%2Fautocomlimi%2Fpublic_html%2Fwp-signup.php HTTP/1.1" 200 159135 "-" "Mozilla/5.0 AppleWebKit/537.36 (KHTML, like Gecko; compatible; bingbot/2.0; +http://www.bing.com/bingbot.htm) Chrome/116.0.1938.76 Safari/537.36"
207.46.13.7 - - [26/Aug/2026:11:08:27 -0400] "GET /product/oem-no-24479051/?chmod=%2Fhome%2Fautocomlimi%2Fpublic_html%2Fw3ll_execution_logs.txt HTTP/1.1" 200 117519 "-" "Mozilla/5.0 AppleWebKit/537.36 (KHTML, like Gecko; compatible; bingbot/2.0; +http://www.bing.com/bingbot.htm) Chrome/116.0.1938.76 Safari/537.36"
207.46.13.7 - - [26/Aug/2026:11:08:28 -0400] "GET /product/oem-no-24479051/?edit=%2Fhome%2Fautocomlimi%2Fpublic_html%2F0m33.php HTTP/1.1" 200 267554 "-" "Mozilla/5.0 AppleWebKit/537.36 (KHTML, like Gecko; compatible; bingbot/2.0; +http://www.bing.com/bingbot.htm) Chrome/116.0.1938.76 Safari/537.36"
112.86.225.50 - - [26/Aug/2026:11:08:29 -0400] "GET / HTTP/1.1" 200 238529 "-" "Sogou web spider/4.0(+http://www.sogou.com/docs/help/webmasters.htm#07)"
158.23.184.117 - - [26/Aug/2026:11:08:29 -0400] "GET /about.php HTTP/1.1" 200 109954 "-" "Mozilla/5.0 (Windows NT 10.0; Win64; x64) AppleWebKit/537.36 (KHTML, like Gecko) Chrome/120.0.0.0 Safari/537.36"
207.46.13.7 - - [26/Aug/2026:11:08:29 -0400] "GET /product/oem-no-24479051/?rename=%2Fhome%2Fautocomlimi%2Fpublic_html%2F0m.php HTTP/1.1" 200 117476 "-" "Mozilla/5.0 AppleWebKit/537.36 (KHTML, like Gecko; compatible; bingbot/2.0; +http://www.bing.com/bingbot.htm) Chrome/116.0.1938.76 Safari/537.36"
207.46.13.7 - - [26/Aug/2026:11:08:30 -0400] "GET /product/oem-no-24479051/?chmod=%2Fhome%2Fautocomlimi%2Fpublic_html%2Fxmlrpc.php HTTP/1.1" 200 117502 "-" "Mozilla/5.0 AppleWebKit/537.36 (KHTML, like Gecko; compatible; bingbot/2.0; +http://www.bing.com/bingbot.htm) Chrome/116.0.1938.76 Safari/537.36"
158.23.184.117 - - [26/Aug/2026:11:08:32 -0400] "GET /term.php HTTP/1.1" 200 109954 "-" "Mozilla/5.0 (Windows NT 10.0; Win64; x64) AppleWebKit/537.36 (KHTML, like Gecko) Chrome/120.0.0.0 Safari/537.36"
207.46.13.7 - - [26/Aug/2026:11:08:32 -0400] "GET /product/oem-no-24479051/?edit=%2Fhome%2Fautocomlimi%2Fpublic_html%2Fxmlrpc.php HTTP/1.1" 200 121417 "-" "Mozilla/5.0 AppleWebKit/537.36 (KHTML, like Gecko; compatible; bingbot/2.0; +http://www.bing.com/bingbot.htm) Chrome/116.0.1938.76 Safari/537.36"
207.46.13.7 - - [26/Aug/2026:11:08:33 -0400] "GET /product/oem-no-24479051/?chmod=%2Fhome%2Fautocomlimi%2Fpublic_html%2F.htaccess HTTP/1.1" 403 214910 "-" "Mozilla/5.0 AppleWebKit/537.36 (KHTML, like Gecko; compatible; bingbot/2.0; +http://www.bing.com/bingbot.htm) Chrome/116.0.1938.76 Safari/537.36"
158.23.184.117 - - [26/Aug/2026:11:08:36 -0400] "GET /ioxi-o.php HTTP/1.1" 200 109954 "-" "Mozilla/5.0 (Windows NT 10.0; Win64; x64) AppleWebKit/537.36 (KHTML, like Gecko) Chrome/120.0.0.0 Safari/537.36"
40.77.167.73 - - [26/Aug/2026:11:08:37 -0400] "GET /product/oem-no-24479051/?rename=%2Fhome%2Fautocomlimi%2Fpublic_html%2Fwp-blog-header.php HTTP/1.1" 200 117535 "-" "Mozilla/5.0 AppleWebKit/537.36 (KHTML, like Gecko; compatible; bingbot/2.0; +http://www.bing.com/bingbot.htm) Chrome/116.0.1938.76 Safari/537.36"
40.77.167.73 - - [26/Aug/2026:11:08:38 -0400] "GET /product/oem-no-24479051/?chmod=%2Fhome%2Fautocomlimi%2Fpublic_html%2F%40LongLink HTTP/1.1" 200 117822 "-" "Mozilla/5.0 AppleWebKit/537.36 (KHTML, like Gecko; compatible; bingbot/2.0; +http://www.bing.com/bingbot.htm) Chrome/116.0.1938.76 Safari/537.36"
158.23.184.117 - - [26/Aug/2026:11:08:39 -0400] "GET /1.php HTTP/1.1" 200 109954 "-" "Mozilla/5.0 (Windows NT 10.0; Win64; x64) AppleWebKit/537.36 (KHTML, like Gecko) Chrome/120.0.0.0 Safari/537.36"
40.77.167.73 - - [26/Aug/2026:11:08:39 -0400] "GET /product/oem-no-24479051/?rename=%2Fhome%2Fautocomlimi%2Fpublic_html%2F.htaccess HTTP/1.1" 403 214951 "-" "Mozilla/5.0 AppleWebKit/537.36 (KHTML, like Gecko; compatible; bingbot/2.0; +http://www.bing.com/bingbot.htm) Chrome/116.0.1938.76 Safari/537.36"
40.77.167.73 - - [26/Aug/2026:11:08:39 -0400] "GET /product/oem-no-24479051/?lph=%2Fhome HTTP/1.1" 200 174405 "-" "Mozilla/5.0 AppleWebKit/537.36 (KHTML, like Gecko; compatible; bingbot/2.0; +http://www.bing.com/bingbot.htm) Chrome/116.0.1938.76 Safari/537.36"
207.46.13.7 - - [26/Aug/2026:11:08:40 -0400] "GET /product/oem-no-24479051/?chmod=%2Fhome%2Fautocomlimi%2Fpublic_html%2Fwp-settings.php HTTP/1.1" 200 117504 "-" "Mozilla/5.0 AppleWebKit/537.36 (KHTML, like Gecko; compatible; bingbot/2.0; +http://www.bing.com/bingbot.htm) Chrome/116.0.1938.76 Safari/537.36"
40.77.167.73 - - [26/Aug/2026:11:08:40 -0400] "GET /product/oem-no-24479051/?rename=%2Fhome%2Fautocomlimi%2Fpublic_html%2F%40LongLink HTTP/1.1" 200 117479 "-" "Mozilla/5.0 AppleWebKit/537.36 (KHTML, like Gecko; compatible; bingbot/2.0; +http://www.bing.com/bingbot.htm) Chrome/116.0.1938.76 Safari/537.36"
158.23.184.117 - - [26/Aug/2026:11:08:42 -0400] "GET /alfa.php HTTP/1.1" 200 109954 "-" "Mozilla/5.0 (Windows NT 10.0; Win64; x64) AppleWebKit/537.36 (KHTML, like Gecko) Chrome/120.0.0.0 Safari/537.36"
40.77.167.73 - - [26/Aug/2026:11:08:41 -0400] "GET /product/oem-no-24479051/?edit=%2Fhome%2Fautocomlimi%2Fpublic_html%2Fwp-comments-post.php HTTP/1.1" 200 120222 "-" "Mozilla/5.0 AppleWebKit/537.36 (KHTML, like Gecko; compatible; bingbot/2.0; +http://www.bing.com/bingbot.htm) Chrome/116.0.1938.76 Safari/537.36"
198.54.126.42 - - [26/Aug/2026:11:08:43 -0400] "POST /wp-cron.php?doing_wp_cron=1787756923.0354120731353759765625 HTTP/1.1" 200 - "-" "WordPress/6.9.4; https://www.autocomlimited.com"
40.77.167.73 - - [26/Aug/2026:11:08:42 -0400] "GET /product/oem-no-24479051/?chmod=%2Fhome%2Fautocomlimi%2Fpublic_html%2F.well-known HTTP/1.1" 200 117544 "-" "Mozilla/5.0 AppleWebKit/537.36 (KHTML, like Gecko; compatible; bingbot/2.0; +http://www.bing.com/bingbot.htm) Chrome/116.0.1938.76 Safari/537.36"
40.77.167.73 - - [26/Aug/2026:11:08:43 -0400] "GET /product/oem-no-24479051/?edit=%2Fhome%2Fautocomlimi%2Fpublic_html%2Fwp-load.php HTTP/1.1" 200 122085 "-" "Mozilla/5.0 AppleWebKit/537.36 (KHTML, like Gecko; compatible; bingbot/2.0; +http://www.bing.com/bingbot.htm) Chrome/116.0.1938.76 Safari/537.36"
40.77.167.73 - - [26/Aug/2026:11:08:44 -0400] "GET /product/oem-no-24479051/?rename=%2Fhome%2Fautocomlimi%2Fpublic_html%2Fcgi-bin HTTP/1.1" 200 117459 "-" "Mozilla/5.0 AppleWebKit/537.36 (KHTML, like Gecko; compatible; bingbot/2.0; +http://www.bing.com/bingbot.htm) Chrome/116.0.1938.76 Safari/537.36"
40.77.167.73 - - [26/Aug/2026:11:08:44 -0400] "GET /product/oem-no-24479051/?rename=%2Fhome%2Fautocomlimi%2Fpublic_html%2Fgoogle6097ad7e7413fc49.html HTTP/1.1" 200 117468 "-" "Mozilla/5.0 AppleWebKit/537.36 (KHTML, like Gecko; compatible; bingbot/2.0; +http://www.bing.com/bingbot.htm) Chrome/116.0.1938.76 Safari/537.36"
40.77.167.73 - - [26/Aug/2026:11:08:45 -0400] "GET /product/oem-no-24479051/?rename=%2Fhome%2Fautocomlimi%2Fpublic_html%2Fxmlrpc.php HTTP/1.1" 200 118104 "-" "Mozilla/5.0 AppleWebKit/537.36 (KHTML, like Gecko; compatible; bingbot/2.0; +http://www.bing.com/bingbot.htm) Chrome/116.0.1938.76 Safari/537.36"
158.23.184.117 - - [26/Aug/2026:11:08:45 -0400] "GET /edit.php HTTP/1.1" 200 109954 "-" "Mozilla/5.0 (Windows NT 10.0; Win64; x64) AppleWebKit/537.36 (KHTML, like Gecko) Chrome/120.0.0.0 Safari/537.36"
40.77.167.73 - - [26/Aug/2026:11:08:46 -0400] "GET /product/oem-no-24479051/?chmod=%2Fhome%2Fautocomlimi%2Fpublic_html%2Fwp-includes HTTP/1.1" 200 117516 "-" "Mozilla/5.0 AppleWebKit/537.36 (KHTML, like Gecko; compatible; bingbot/2.0; +http://www.bing.com/bingbot.htm) Chrome/116.0.1938.76 Safari/537.36"
112.86.225.50 - - [26/Aug/2026:11:08:46 -0400] "GET / HTTP/1.1" 200 238529 "-" "Sogou web spider/4.0(+http://www.sogou.com/docs/help/webmasters.htm#07)"
40.77.167.73 - - [26/Aug/2026:11:08:46 -0400] "GET /product/oem-no-24479051/?rename=%2Fhome%2Fautocomlimi%2Fpublic_html%2Fphp.ini HTTP/1.1" 200 117495 "-" "Mozilla/5.0 AppleWebKit/537.36 (KHTML, like Gecko; compatible; bingbot/2.0; +http://www.bing.com/bingbot.htm) Chrome/116.0.1938.76 Safari/537.36"
40.77.167.73 - - [26/Aug/2026:11:08:47 -0400] "GET /product/oem-no-24479051/?rename=%2Fhome%2Fautocomlimi%2Fpublic_html%2Fwp-comments-post.php HTTP/1.1" 200 117527 "-" "Mozilla/5.0 AppleWebKit/537.36 (KHTML, like Gecko; compatible; bingbot/2.0; +http://www.bing.com/bingbot.htm) Chrome/116.0.1938.76 Safari/537.36"
158.23.184.117 - - [26/Aug/2026:11:08:48 -0400] "GET /elp.php HTTP/1.1" 200 109954 "-" "Mozilla/5.0 (Windows NT 10.0; Win64; x64) AppleWebKit/537.36 (KHTML, like Gecko) Chrome/120.0.0.0 Safari/537.36"
40.77.167.73 - - [26/Aug/2026:11:08:48 -0400] "GET /product/oem-no-24479051/?rename=%2Fhome%2Fautocomlimi%2Fpublic_html%2Fwp-mail.php HTTP/1.1" 200 117781 "-" "Mozilla/5.0 AppleWebKit/537.36 (KHTML, like Gecko; compatible; bingbot/2.0; +http://www.bing.com/bingbot.htm) Chrome/116.0.1938.76 Safari/537.36"
40.77.167.73 - - [26/Aug/2026:11:08:49 -0400] "GET /product/oem-no-24479051/?edit=%2Fhome%2Fautocomlimi%2Fpublic_html%2Freadme.html HTTP/1.1" 200 126864 "-" "Mozilla/5.0 AppleWebKit/537.36 (KHTML, like Gecko; compatible; bingbot/2.0; +http://www.bing.com/bingbot.htm) Chrome/116.0.1938.76 Safari/537.36"
57.141.18.12 - - [26/Aug/2026:11:08:49 -0400] "GET /product/oem-no-2-90646910-0-2/?rename=%2Fhome%2Fautocomlimi%2Fpublic_html%2Ferror_log HTTP/1.1" 200 118033 "-" "Mozilla/5.0 (Macintosh; Intel Mac OS X 10_15_7) AppleWebKit/537.36 (KHTML, like Gecko) Chrome/145.0.0.0 Safari/537.36 (compatible; meta-externalagent/1.1 (+https://developers.facebook.com/docs/sharing/webmasters/crawler))"
40.77.167.73 - - [26/Aug/2026:11:08:50 -0400] "GET /product/oem-no-24479051/?chmod=%2Fhome%2Fautocomlimi%2Fpublic_html%2Fwp-signup.php HTTP/1.1" 200 117817 "-" "Mozilla/5.0 AppleWebKit/537.36 (KHTML, like Gecko; compatible; bingbot/2.0; +http://www.bing.com/bingbot.htm) Chrome/116.0.1938.76 Safari/537.36"
158.23.184.117 - - [26/Aug/2026:11:08:51 -0400] "GET /classwithtostring.php HTTP/1.1" 200 109954 "-" "Mozilla/5.0 (Windows NT 10.0; Win64; x64) AppleWebKit/537.36 (KHTML, like Gecko) Chrome/120.0.0.0 Safari/537.36"
40.77.167.73 - - [26/Aug/2026:11:08:51 -0400] "GET /product/oem-no-24479051/?rename=%2Fhome%2Fautocomlimi%2Fpublic_html%2Fw3ll_execution_logs.txt HTTP/1.1" 200 117451 "-" "Mozilla/5.0 AppleWebKit/537.36 (KHTML, like Gecko; compatible; bingbot/2.0; +http://www.bing.com/bingbot.htm) Chrome/116.0.1938.76 Safari/537.36"
40.77.167.73 - - [26/Aug/2026:11:08:52 -0400] "GET /product/oem-no-24479051/?chmod=%2Fhome%2Fautocomlimi%2Fpublic_html%2Fwp-blog-header.php HTTP/1.1" 200 118108 "-" "Mozilla/5.0 AppleWebKit/537.36 (KHTML, like Gecko; compatible; bingbot/2.0; +http://www.bing.com/bingbot.htm) Chrome/116.0.1938.76 Safari/537.36"
40.77.167.73 - - [26/Aug/2026:11:08:53 -0400] "GET /product/oem-no-24479051/?edit=%2Fhome%2Fautocomlimi%2Fpublic_html%2Fwp-config.php HTTP/1.1" 403 215277 "-" "Mozilla/5.0 AppleWebKit/537.36 (KHTML, like Gecko; compatible; bingbot/2.0; +http://www.bing.com/bingbot.htm) Chrome/116.0.1938.76 Safari/537.36"
40.77.167.73 - - [26/Aug/2026:11:08:53 -0400] "GET /product/oem-no-24479051/?chmod=%2Fhome%2Fautocomlimi%2Fpublic_html%2Freadme.html HTTP/1.1" 200 118138 "-" "Mozilla/5.0 AppleWebKit/537.36 (KHTML, like Gecko; compatible; bingbot/2.0; +http://www.bing.com/bingbot.htm) Chrome/116.0.1938.76 Safari/537.36"
158.23.184.117 - - [26/Aug/2026:11:08:55 -0400] "GET /666.php HTTP/1.1" 200 109954 "-" "Mozilla/5.0 (Windows NT 10.0; Win64; x64) AppleWebKit/537.36 (KHTML, like Gecko) Chrome/120.0.0.0 Safari/537.36"
40.77.167.73 - - [26/Aug/2026:11:08:54 -0400] "GET /product/oem-no-24479051/?lph=%2Fhome%2Fautocomlimi%2Fpublic_html%2F.well-known HTTP/1.1" 200 175354 "-" "Mozilla/5.0 AppleWebKit/537.36 (KHTML, like Gecko; compatible; bingbot/2.0; +http://www.bing.com/bingbot.htm) Chrome/116.0.1938.76 Safari/537.36"
40.77.167.73 - - [26/Aug/2026:11:08:55 -0400] "GET /product/oem-no-24479051/?edit=%2Fhome%2Fautocomlimi%2Fpublic_html%2F0m1.php HTTP/1.1" 200 268765 "-" "Mozilla/5.0 AppleWebKit/537.36 (KHTML, like Gecko; compatible; bingbot/2.0; +http://www.bing.com/bingbot.htm) Chrome/116.0.1938.76 Safari/537.36"
40.77.167.73 - - [26/Aug/2026:11:08:56 -0400] "GET /product/oem-no-24479051/?rename=%2Fhome%2Fautocomlimi%2Fpublic_html%2Fwp-settings.php HTTP/1.1" 200 117468 "-" "Mozilla/5.0 AppleWebKit/537.36 (KHTML, like Gecko; compatible; bingbot/2.0; +http://www.bing.com/bingbot.htm) Chrome/116.0.1938.76 Safari/537.36"
158.23.184.117 - - [26/Aug/2026:11:08:58 -0400] "GET /ws54.php HTTP/1.1" 200 109954 "-" "Mozilla/5.0 (Windows NT 10.0; Win64; x64) AppleWebKit/537.36 (KHTML, like Gecko) Chrome/120.0.0.0 Safari/537.36"
40.77.167.73 - - [26/Aug/2026:11:08:57 -0400] "GET /product/oem-no-24479051/?lph=%2Fhome%2Fautocomlimi HTTP/1.1" 200 214761 "-" "Mozilla/5.0 AppleWebKit/537.36 (KHTML, like Gecko; compatible; bingbot/2.0; +http://www.bing.com/bingbot.htm) Chrome/116.0.1938.76 Safari/537.36"
207.46.13.7 - - [26/Aug/2026:11:08:59 -0400] "GET /product/oem-no-24479051/?edit=%2Fhome%2Fautocomlimi%2Fpublic_html%2F.htaccess HTTP/1.1" 403 214700 "-" "Mozilla/5.0 AppleWebKit/537.36 (KHTML, like Gecko; compatible; bingbot/2.0; +http://www.bing.com/bingbot.htm) Chrome/116.0.1938.76 Safari/537.36"
158.23.184.117 - - [26/Aug/2026:11:09:00 -0400] "GET /deepseek_d.php HTTP/1.1" 200 109954 "-" "Mozilla/5.0 (Windows NT 10.0; Win64; x64) AppleWebKit/537.36 (KHTML, like Gecko) Chrome/120.0.0.0 Safari/537.36"
40.77.167.73 - - [26/Aug/2026:11:09:02 -0400] "GET /product/oem-no-24479051/?edit=%2Fhome%2Fautocomlimi%2Fpublic_html%2Fcp_errordocument.shtml HTTP/1.1" 200 129324 "-" "Mozilla/5.0 AppleWebKit/537.36 (KHTML, like Gecko; compatible; bingbot/2.0; +http://www.bing.com/bingbot.htm) Chrome/116.0.1938.76 Safari/537.36"
40.77.167.73 - - [26/Aug/2026:11:09:03 -0400] "GET /product/oem-no-24479051/?chmod=%2Fhome%2Fautocomlimi%2Fpublic_html%2Fgoogle6097ad7e7413fc49.html HTTP/1.1" 200 117621 "-" "Mozilla/5.0 AppleWebKit/537.36 (KHTML, like Gecko; compatible; bingbot/2.0; +http://www.bing.com/bingbot.htm) Chrome/116.0.1938.76 Safari/537.36"
158.23.184.117 - - [26/Aug/2026:11:09:05 -0400] "GET /function/function.php HTTP/1.1" 200 109954 "-" "Mozilla/5.0 (Windows NT 10.0; Win64; x64) AppleWebKit/537.36 (KHTML, like Gecko) Chrome/120.0.0.0 Safari/537.36"
40.77.167.73 - - [26/Aug/2026:11:09:05 -0400] "GET /product/oem-no-24479051/?rename=%2Fhome%2Fautocomlimi%2Fpublic_html%2F.htaccess HTTP/1.1" 403 214919 "-" "Mozilla/5.0 AppleWebKit/537.36 (KHTML, like Gecko; compatible; bingbot/2.0; +http://www.bing.com/bingbot.htm) Chrome/116.0.1938.76 Safari/537.36"
157.55.39.59 - - [26/Aug/2026:11:09:07 -0400] "GET /product/oem-no-24479051/?lph=%2Fhome%2Fautocomlimi%2Fpublic_html%2Fwp-content HTTP/1.1" 200 187378 "-" "Mozilla/5.0 AppleWebKit/537.36 (KHTML, like Gecko; compatible; bingbot/2.0; +http://www.bing.com/bingbot.htm) Chrome/116.0.1938.76 Safari/537.36"
157.55.39.59 - - [26/Aug/2026:11:09:08 -0400] "GET /product/oem-no-24479051/?chmod=%2Fhome%2Fautocomlimi%2Fpublic_html%2Fwp-config.php HTTP/1.1" 403 214675 "-" "Mozilla/5.0 AppleWebKit/537.36 (KHTML, like Gecko; compatible; bingbot/2.0; +http://www.bing.com/bingbot.htm) Chrome/116.0.1938.76 Safari/537.36"
158.23.184.117 - - [26/Aug/2026:11:09:10 -0400] "GET /nw.php HTTP/1.1" 200 109954 "-" "Mozilla/5.0 (Windows NT 10.0; Win64; x64) AppleWebKit/537.36 (KHTML, like Gecko) Chrome/120.0.0.0 Safari/537.36"
157.55.39.59 - - [26/Aug/2026:11:09:10 -0400] "GET /product/oem-no-24479051/?rename=%2Fhome%2Fautocomlimi%2Fpublic_html%2Flicense.txt HTTP/1.1" 200 117467 "-" "Mozilla/5.0 AppleWebKit/537.36 (KHTML, like Gecko; compatible; bingbot/2.0; +http://www.bing.com/bingbot.htm) Chrome/116.0.1938.76 Safari/537.36"
157.55.39.59 - - [26/Aug/2026:11:09:11 -0400] "GET /product/oem-no-24479051/?edit=%2Fhome%2Fautocomlimi%2Fpublic_html%2Fw3ll_execution_logs.txt HTTP/1.1" 200 117923 "-" "Mozilla/5.0 AppleWebKit/537.36 (KHTML, like Gecko; compatible; bingbot/2.0; +http://www.bing.com/bingbot.htm) Chrome/116.0.1938.76 Safari/537.36"
157.55.39.59 - - [26/Aug/2026:11:09:12 -0400] "GET /product/oem-no-24479051/?edit=%2Fhome%2Fautocomlimi%2Fpublic_html%2Fwp-settings.php HTTP/1.1" 200 152120 "-" "Mozilla/5.0 AppleWebKit/537.36 (KHTML, like Gecko; compatible; bingbot/2.0; +http://www.bing.com/bingbot.htm) Chrome/116.0.1938.76 Safari/537.36"
157.55.39.59 - - [26/Aug/2026:11:09:13 -0400] "GET /product/oem-no-24479051/?rename=%2Fhome%2Fautocomlimi%2Fpublic_html%2Fwp-content HTTP/1.1" 200 117434 "-" "Mozilla/5.0 AppleWebKit/537.36 (KHTML, like Gecko; compatible; bingbot/2.0; +http://www.bing.com/bingbot.htm) Chrome/116.0.1938.76 Safari/537.36"
158.23.184.117 - - [26/Aug/2026:11:09:14 -0400] "GET /xleet.php HTTP/1.1" 200 109954 "-" "Mozilla/5.0 (Windows NT 10.0; Win64; x64) AppleWebKit/537.36 (KHTML, like Gecko) Chrome/120.0.0.0 Safari/537.36"
157.55.39.59 - - [26/Aug/2026:11:09:14 -0400] "GET /product/oem-no-24479051/?lph=%2Fhome%2Fautocomlimi%2Fpublic_html%2Fwp-includes HTTP/1.1" 200 567235 "-" "Mozilla/5.0 AppleWebKit/537.36 (KHTML, like Gecko; compatible; bingbot/2.0; +http://www.bing.com/bingbot.htm) Chrome/116.0.1938.76 Safari/537.36"
157.55.39.59 - - [26/Aug/2026:11:09:15 -0400] "GET /product/oem-no-24479051/?chmod=%2Fhome%2Fautocomlimi%2Fpublic_html%2Fcp_errordocument.shtml HTTP/1.1" 200 117496 "-" "Mozilla/5.0 AppleWebKit/537.36 (KHTML, like Gecko; compatible; bingbot/2.0; +http://www.bing.com/bingbot.htm) Chrome/116.0.1938.76 Safari/537.36"
